{"id":63,"date":"2015-09-08T17:13:17","date_gmt":"2015-09-08T16:13:17","guid":{"rendered":"http:\/\/blog.uclm.es\/multilinguism\/?page_id=63"},"modified":"2023-03-10T09:09:10","modified_gmt":"2023-03-10T09:09:10","slug":"mision-y-objetivos","status":"publish","type":"page","link":"https:\/\/blog.uclm.es\/proyectofelice\/mision-y-objetivos\/?lang=es","title":{"rendered":"Misi\u00f3n y objetivos"},"content":{"rendered":"<p>Este M\u00f3dulo Jean Monnet ha sido desarrollado con el principal objetivo de dar a los alumnos con pocos conocimientos de las instituciones europeas unas nociones sobre una serie de temas importantes para la Uni\u00f3n (relacionados no s\u00f3lo con pol\u00edticas y planificaci\u00f3n ling\u00fc\u00edsticas, sino tambi\u00e9n con derechos humanos, inclusi\u00f3n social, etc). Este m\u00f3dulo adopta un enfoque interdisciplinar al estudio de las pol\u00edticas ling\u00fc\u00edsticas de la UE, prestando especial atenci\u00f3n a la legislaci\u00f3n, socioling\u00fc\u00edsticas, educaci\u00f3n ling\u00fc\u00edsticas y etnograf\u00eda ling\u00fc\u00edstica.<\/p>\n<p>Nuestras actividades incluyen el marco institucional de la UE y el proceso de toma de decisiones, las principales perspectivas te\u00f3ricas sobre las pol\u00edticas ling\u00fc\u00edsticas europeas y el an\u00e1lisis de los principales aspectos del multiling\u00fcismo desde una perspectiva de la UE. El m\u00f3dulo va dirigido a alumnos de \u00e1reas como la ling\u00fc\u00edstica, estudios culturales y educaci\u00f3n que quieran dedicarse a la investigaci\u00f3n en temas relacionados con la UE o que deseen trabajar en o con instituciones de la UE en sus carreras profesionales. Las actividades programadas permitir\u00e1n a los asistentes obtener un nivel avanzado de conocimiento de las pol\u00edticas ling\u00fc\u00edsticas de la UE y familiarizarse con los retos contemporaneos de una Europa multiling\u00fce.<\/p>\n<p>A trav\u00e9s de las actividades incluidas en este m\u00f3dulo, propondremos (1) el estudio del pasado reciente y del presente de las pol\u00edticas ling\u00fc\u00edsticas dise\u00f1adas para promover el multiling\u00fcismo en la UE y (2) la discusi\u00f3n de las consecuencias de la aplicaci\u00f3n de estas pol\u00edticas en la vida de los ciudadanos de la UE, as\u00ed como sus futuros desarrollos, tal y como proponen varios proyectos europeos y observatorios ling\u00fc\u00edsticos. Nuestro enfoque es claramente multidisciplinario; de hecho, contaremos con la colaboraci\u00f3n de profesores de otros departamentos y universidades a la hora de desarrollar determinados aspectos de los programas.<\/p>\n<p>El m\u00f3dulo tiene dos idiomas oficiales, el ingl\u00e9s y el espa\u00f1ol. Otras lenguas europeas podr\u00edan usarse en determinadas actividades. De esta forma, los participantes podr\u00e1n desarrollar sus competencias multiling\u00fces. Muchas de las actividades propuestas aqu\u00ed estar\u00e1n abiertas al p\u00fablico general: por ejemplo, algunas conferencias y un ciclo de cine sobre multiling\u00fcismo, Igualmente, mediante nuestro sitio web, nuestra newsletter y nuestra actividad en redes sociales, intenaremos diseminar nuestrios resultados m\u00e1s all\u00e1 de la comunidad universitaria.<\/p>\n","protected":false},"excerpt":{"rendered":"<p>Este M\u00f3dulo Jean Monnet ha sido desarrollado con el principal objetivo de dar a los alumnos con pocos conocimientos de las instituciones europeas unas nociones sobre una serie de temas importantes para la Uni\u00f3n (relacionados no s\u00f3lo con pol\u00edticas y planificaci\u00f3n ling\u00fc\u00edsticas, sino tambi\u00e9n con derechos humanos, inclusi\u00f3n social, etc). Este m\u00f3dulo adopta un enfoque [&hellip;]<\/p>\n","protected":false},"author":62,"featured_media":0,"parent":0,"menu_order":0,"comment_status":"closed","ping_status":"closed","template":"","meta":{"footnotes":""},"class_list":["post-63","page","type-page","status-publish","hentry"],"_links":{"self":[{"href":"https:\/\/blog.uclm.es\/proyectofelice\/wp-json\/wp\/v2\/pages\/63","targetHints":{"allow":["GET"]}}],"collection":[{"href":"https:\/\/blog.uclm.es\/proyectofelice\/wp-json\/wp\/v2\/pages"}],"about":[{"href":"https:\/\/blog.uclm.es\/proyectofelice\/wp-json\/wp\/v2\/types\/page"}],"author":[{"embeddable":true,"href":"https:\/\/blog.uclm.es\/proyectofelice\/wp-json\/wp\/v2\/users\/62"}],"replies":[{"embeddable":true,"href":"https:\/\/blog.uclm.es\/proyectofelice\/wp-json\/wp\/v2\/comments?post=63"}],"version-history":[{"count":1,"href":"https:\/\/blog.uclm.es\/proyectofelice\/wp-json\/wp\/v2\/pages\/63\/revisions"}],"predecessor-version":[{"id":2320,"href":"https:\/\/blog.uclm.es\/proyectofelice\/wp-json\/wp\/v2\/pages\/63\/revisions\/2320"}],"wp:attachment":[{"href":"https:\/\/blog.uclm.es\/proyectofelice\/wp-json\/wp\/v2\/media?parent=63"}],"curies":[{"name":"wp","href":"https:\/\/api.w.org\/{rel}","templated":true}]}}