{"id":429,"date":"2015-09-14T16:01:59","date_gmt":"2015-09-14T15:01:59","guid":{"rendered":"http:\/\/blog.uclm.es\/multilinguism\/?page_id=429"},"modified":"2023-03-10T08:58:24","modified_gmt":"2023-03-10T08:58:24","slug":"post-graduate-module","status":"publish","type":"page","link":"https:\/\/blog.uclm.es\/proyectofelice\/cursos\/post-graduate-module\/?lang=es","title":{"rendered":"M\u00f3dulo de Postgrado: \u201cEuropean Multilingualism, Language Education and Multicultural Dialogue\u201d"},"content":{"rendered":"<p>[vc_row][vc_column][vc_column_text]<\/p>\n<p><a href=\"https:\/\/cursosweb.uclm.es\/\"><img loading=\"lazy\" decoding=\"async\" src=\"https:\/\/blog.uclm.es\/proyectofelice\/wp-content\/uploads\/sites\/40\/2015\/09\/cursosWebes.jpg\" alt=\"cursosWebes\" class=\"alignnone size-full wp-image-745\" width=\"150\" height=\"50\"><\/a><\/p>\n<p><strong>Language Policy and Multilingual Education in the European Union<\/strong> (1 ects)<\/p>\n<p><strong>1\u00aa edici\u00f3n:<\/strong> 23 de october a 14 de november de 2019 (las ocho sesiones presenciales, de 3 horas cada una, se celebrar\u00e1n cada mi\u00e9rcoles y jueves entre las 16:00 y las 19:00 horas). Descargar <a href=\"https:\/\/blog.uclm.es\/proyectofelice\/wp-content\/uploads\/sites\/40\/2019\/10\/JMCH2019-T02-BROCHURE.pdf\">folleto del m\u00f3dulo<\/a>.<\/p>\n<p><strong>Destinatarios:<\/strong> Licenciados\/Graduados en cualquiera de las ramas de las Humanidades y de las Ciencias Sociales; profesionales de la Educaci\u00f3n, Archiv\u00edstica, Biblioteconom\u00eda, Arqueolog\u00eda e Investigaci\u00f3n en general; alumnos de los estudios de M\u00e1ster de Investigaci\u00f3n y de Profesor de Educaci\u00f3n Secundaria Obligatoria y Bachillerato, Formaci\u00f3n Profesional y Ense\u00f1anza de Idiomas; profesores de centros multiling\u00fces, investigadores.<\/p>\n<p><strong>Idioma:<\/strong> Ingl\u00e9s<\/p>\n<p><strong>Metodolog\u00eda:<\/strong> Presencial y semi-presencial.<\/p>\n<p><strong>Fechas y horarios:<\/strong> Consultar <a href=\"\/proyectofelice?tribe_events_cat=postgrad-es&amp;lang=es\" rel=\"noopener noreferrer\" target=\"_blank\">calendario<\/a>.<\/p>\n<p><strong>Per\u00edodo de inscripci\u00f3n:<\/strong> Del 22 de febrero al 29 de marzo (m\u00e1x. 25 plazas, por fecha de validaci\u00f3n de matr\u00edcula)<\/p>\n<p><strong>Fechas del curso:<\/strong> Del 30 de marzo al 28 de abril de 2016 (las ocho sesiones presenciales, de 3 horas cada una, se celebrar\u00e1n cada mi\u00e9rcoles y jueves entre las 16:00 y las 19:00 horas)<\/p>\n<p><strong>Objetivos:<\/strong> Profundizar en el estudio de las pol\u00edticas ling\u00fc\u00edsticas promovidas por la Uni\u00f3n Europea.<\/p>\n<p><strong>Contenidos:<\/strong>In this course, we will propose an in-depth analysis of the central four pillars of EU language policy. Each module (6 hours per module) will focus on one of these pillars, namely:<\/p>\n<p>\u2022   Module 1 \u2018EU language policy and planning\u2019: Discussion of EU language plans to promote equality and usage of Europe\u2019s languages and to safeguard Europe\u2019s endangered languages.<\/p>\n<p>\u2022   Module 2 \u2018Language diversity, linguistic rights and social inclusion\u2019: Analysis of European projects to enhance social inclusion of disadvantaged groups and to promote linguistic rights.<\/p>\n<p>\u2022   Module 3 \u2018Language policies and language education\u2019: Discussion of initiatives to promote the learning of, at least, two foreign languages among European citizens.<\/p>\n<p>\u2022   Module 4 \u2018Multilingualism and intercultural dialogue\u2019: Promotion of translation and interpretation as basic means of communication among European regions.<\/p>\n<p>Throughout this course, we will analyse and discuss the central aspects of the role played by the Civil Society Platform on Multilingualism, its reports and recommendations, as well the impact of EU language policies on its citizens\u2019 everyday life.<\/p>\n<p>[\/vc_column_text][\/vc_column][\/vc_row]<\/p>\n","protected":false},"excerpt":{"rendered":"<p>[vc_row][vc_column][vc_column_text] Language Policy and Multilingual Education in the European Union (1 ects) 1\u00aa edici\u00f3n: 23 de october a 14 de november de 2019 (las ocho sesiones presenciales, de 3 horas cada una, se celebrar\u00e1n cada mi\u00e9rcoles y jueves entre las 16:00 y las 19:00 horas). Descargar folleto del m\u00f3dulo. Destinatarios: Licenciados\/Graduados en cualquiera de las [&hellip;]<\/p>\n","protected":false},"author":62,"featured_media":0,"parent":383,"menu_order":0,"comment_status":"closed","ping_status":"closed","template":"","meta":{"footnotes":""},"class_list":["post-429","page","type-page","status-publish","hentry"],"_links":{"self":[{"href":"https:\/\/blog.uclm.es\/proyectofelice\/wp-json\/wp\/v2\/pages\/429","targetHints":{"allow":["GET"]}}],"collection":[{"href":"https:\/\/blog.uclm.es\/proyectofelice\/wp-json\/wp\/v2\/pages"}],"about":[{"href":"https:\/\/blog.uclm.es\/proyectofelice\/wp-json\/wp\/v2\/types\/page"}],"author":[{"embeddable":true,"href":"https:\/\/blog.uclm.es\/proyectofelice\/wp-json\/wp\/v2\/users\/62"}],"replies":[{"embeddable":true,"href":"https:\/\/blog.uclm.es\/proyectofelice\/wp-json\/wp\/v2\/comments?post=429"}],"version-history":[{"count":1,"href":"https:\/\/blog.uclm.es\/proyectofelice\/wp-json\/wp\/v2\/pages\/429\/revisions"}],"predecessor-version":[{"id":2307,"href":"https:\/\/blog.uclm.es\/proyectofelice\/wp-json\/wp\/v2\/pages\/429\/revisions\/2307"}],"up":[{"embeddable":true,"href":"https:\/\/blog.uclm.es\/proyectofelice\/wp-json\/wp\/v2\/pages\/383"}],"wp:attachment":[{"href":"https:\/\/blog.uclm.es\/proyectofelice\/wp-json\/wp\/v2\/media?parent=429"}],"curies":[{"name":"wp","href":"https:\/\/api.w.org\/{rel}","templated":true}]}}

Módulo de Postgrado: “European Multilingualism, Language Education and Multicultural Dialogue”

<p>[vc_row][vc_column][vc_column_text]</p>
<p><a href="https://cursosweb.uclm.es/"><img loading="lazy" decoding="async" src="https://blog.uclm.es/proyectofelice/wp-content/uploads/sites/40/2015/09/cursosWebes.jpg" alt="cursosWebes" class="alignnone size-full wp-image-745" width="150" height="50"></a></p>
<p><strong>Language Policy and Multilingual Education in the European Union</strong> (1 ects)</p>
<p><strong>1ª edición:</strong> 23 de october a 14 de november de 2019 (las ocho sesiones presenciales, de 3 horas cada una, se celebrarán cada miércoles y jueves entre las 16:00 y las 19:00 horas). Descargar <a href="https://blog.uclm.es/proyectofelice/wp-content/uploads/sites/40/2019/10/JMCH2019-T02-BROCHURE.pdf">folleto del módulo</a>.</p>
<p><strong>Destinatarios:</strong> Licenciados/Graduados en cualquiera de las ramas de las Humanidades y de las Ciencias Sociales; profesionales de la Educación, Archivística, Biblioteconomía, Arqueología e Investigación en general; alumnos de los estudios de Máster de Investigación y de Profesor de Educación Secundaria Obligatoria y Bachillerato, Formación Profesional y Enseñanza de Idiomas; profesores de centros multilingües, investigadores.</p>
<p><strong>Idioma:</strong> Inglés</p>
<p><strong>Metodología:</strong> Presencial y semi-presencial.</p>
<p><strong>Fechas y horarios:</strong> Consultar <a href="/proyectofelice?tribe_events_cat=postgrad-es&amp;lang=es" rel="noopener noreferrer" target="_blank">calendario</a>.</p>
<p><strong>Período de inscripción:</strong> Del 22 de febrero al 29 de marzo (máx. 25 plazas, por fecha de validación de matrícula)</p>
<p><strong>Fechas del curso:</strong> Del 30 de marzo al 28 de abril de 2016 (las ocho sesiones presenciales, de 3 horas cada una, se celebrarán cada miércoles y jueves entre las 16:00 y las 19:00 horas)</p>
<p><strong>Objetivos:</strong> Profundizar en el estudio de las políticas lingüísticas promovidas por la Unión Europea.</p>
<p><strong>Contenidos:</strong>In this course, we will propose an in-depth analysis of the central four pillars of EU language policy. Each module (6 hours per module) will focus on one of these pillars, namely:</p>
<p>•   Module 1 ‘EU language policy and planning’: Discussion of EU language plans to promote equality and usage of Europe’s languages and to safeguard Europe’s endangered languages.</p>
<p>•   Module 2 ‘Language diversity, linguistic rights and social inclusion’: Analysis of European projects to enhance social inclusion of disadvantaged groups and to promote linguistic rights.</p>
<p>•   Module 3 ‘Language policies and language education’: Discussion of initiatives to promote the learning of, at least, two foreign languages among European citizens.</p>
<p>•   Module 4 ‘Multilingualism and intercultural dialogue’: Promotion of translation and interpretation as basic means of communication among European regions.</p>
<p>Throughout this course, we will analyse and discuss the central aspects of the role played by the Civil Society Platform on Multilingualism, its reports and recommendations, as well the impact of EU language policies on its citizens’ everyday life.</p>
<p>[/vc_column_text][/vc_column][/vc_row]</p>

<p>[vc_row][vc_column][vc_column_text] Language Policy and Multilingual Education in the European Union (1 ects) 1ª edición: 23 de october a 14 de november de 2019 (las ocho sesiones presenciales, de 3 horas cada una, se celebrarán cada miércoles y jueves entre las 16:00 y las 19:00 horas). Descargar folleto del módulo. Destinatarios: Licenciados/Graduados en cualquiera de las [&hellip;]</p>
