{"id":416,"date":"2015-09-14T15:30:35","date_gmt":"2015-09-14T14:30:35","guid":{"rendered":"http:\/\/blog.uclm.es\/multilinguism\/?page_id=416"},"modified":"2023-03-10T09:55:38","modified_gmt":"2023-03-10T09:55:38","slug":"master-y-doctorado","status":"publish","type":"page","link":"https:\/\/blog.uclm.es\/proyectofelice\/research-2\/master-y-doctorado\/?lang=es","title":{"rendered":"M\u00e1ster y Doctorado"},"content":{"rendered":"<p>Los estudiantes de M\u00e1ster y de Doctorado de la Facultad de Letras de la UCLM que est\u00e9n trabajando o quieran trabajar en alguno de los temas tratados por el proyecto FELICE pueden contactar con nosotros para discutir distintas formas de colaborar con el grupo de investigaci\u00f3n.<\/p>\n<p>Los Trabajos de Fin de M\u00e1ster y Tesis Doctorales que se realicen en el marco de este proyecto se publicar\u00e1n (previa obtenci\u00f3n de ISBN) en formato digital en la web del proyecto.<\/p>\n","protected":false},"excerpt":{"rendered":"<p>Los estudiantes de M\u00e1ster y de Doctorado de la Facultad de Letras de la UCLM que est\u00e9n trabajando o quieran trabajar en alguno de los temas tratados por el proyecto FELICE pueden contactar con nosotros para discutir distintas formas de colaborar con el grupo de investigaci\u00f3n. Los Trabajos de Fin de M\u00e1ster y Tesis Doctorales [&hellip;]<\/p>\n","protected":false},"author":62,"featured_media":0,"parent":381,"menu_order":0,"comment_status":"closed","ping_status":"closed","template":"","meta":{"footnotes":""},"class_list":["post-416","page","type-page","status-publish","hentry"],"_links":{"self":[{"href":"https:\/\/blog.uclm.es\/proyectofelice\/wp-json\/wp\/v2\/pages\/416","targetHints":{"allow":["GET"]}}],"collection":[{"href":"https:\/\/blog.uclm.es\/proyectofelice\/wp-json\/wp\/v2\/pages"}],"about":[{"href":"https:\/\/blog.uclm.es\/proyectofelice\/wp-json\/wp\/v2\/types\/page"}],"author":[{"embeddable":true,"href":"https:\/\/blog.uclm.es\/proyectofelice\/wp-json\/wp\/v2\/users\/62"}],"replies":[{"embeddable":true,"href":"https:\/\/blog.uclm.es\/proyectofelice\/wp-json\/wp\/v2\/comments?post=416"}],"version-history":[{"count":1,"href":"https:\/\/blog.uclm.es\/proyectofelice\/wp-json\/wp\/v2\/pages\/416\/revisions"}],"predecessor-version":[{"id":2319,"href":"https:\/\/blog.uclm.es\/proyectofelice\/wp-json\/wp\/v2\/pages\/416\/revisions\/2319"}],"up":[{"embeddable":true,"href":"https:\/\/blog.uclm.es\/proyectofelice\/wp-json\/wp\/v2\/pages\/381"}],"wp:attachment":[{"href":"https:\/\/blog.uclm.es\/proyectofelice\/wp-json\/wp\/v2\/media?parent=416"}],"curies":[{"name":"wp","href":"https:\/\/api.w.org\/{rel}","templated":true}]}}