{"id":383,"date":"2015-09-14T09:14:49","date_gmt":"2015-09-14T08:14:49","guid":{"rendered":"http:\/\/blog.uclm.es\/multilinguism\/?page_id=383"},"modified":"2023-03-10T09:37:48","modified_gmt":"2023-03-10T09:37:48","slug":"cursos","status":"publish","type":"page","link":"https:\/\/blog.uclm.es\/proyectofelice\/cursos\/?lang=es","title":{"rendered":"Docencia"},"content":{"rendered":"<p>Nuestros cursos se centran en el estudio y el an\u00e1lisis cr\u00edtico del pasado, presente y futuro de las pol\u00edticas ling\u00fc\u00edsticas de la UE entre alumnos ling\u00fc\u00edstica, literatura, estudios culturales, educaci\u00f3n, filosof\u00eda o historia que, tradicionalemnte, no tienen acceso a este tipo de temas en sus estudios. A trav\u00e9s del an\u00e1lisis profundo de estas pol\u00edticas ling\u00fc\u00edsticas, los futuros docentes, traductores o investigadores podr\u00e1n no s\u00f3lo familiarizarse con las principales instituciones europeas, sino tambi\u00e9n desarrollar un claro entendimiento de los principales procesos de toma de decisi\u00f3n sobre lenguas en la UE, as\u00ed como su impacto en sus ciudadanos.<\/p>\n<p>Estos cursos adoptan un enfoque multidisciplinar al estudio de las pol\u00edticas ling\u00fc\u00edsticas de la UE, prestando especial atenci\u00f3n a la legislaci\u00f3n ling\u00fc\u00edstica, socioling\u00fc\u00edstica, educaci\u00f3n ling\u00fc\u00edstica y etnograf\u00eda. En estos cursos nos ocuparemos del marco institucional de la UE y de los procesos de toma de decisiones, las principales perspectivas te\u00f3ricas sobre las pol\u00edticas ling\u00fc\u00edsticas de la UE y el an\u00e1lisis de los principales aspectos del multiling\u00fcismo desde una perspectiva de la UE. Estos cursos est\u00e1n dirigidos a estudiantes de humanidas que deseen dedicarse a la investigaci\u00f3n en temas relacionados con la UE o que quieran trabajar en o con instituciones europeas en sus carreras profesionales.<\/p>\n<p>Cada a\u00f1o organizaremos tres cursos sobre distintos aspectos del multiling\u00fcismo en la UE. Para empezar, el curso para estudiantes de grado \u2018<a href=\"http:\/\/blog.uclm.es\/multilinguism\/teaching-modules\/undergradute-module\/?lang=es\">Multilingualism: A European Union Perspective<\/a>\u2019 (24 horas) se centrar\u00e1 en el estudio de la diversidad ling\u00fc\u00edstica e inclusi\u00f3n social en la UE.<\/p>\n<p>Igualmente, el curso propio \u2018<a href=\"http:\/\/blog.uclm.es\/multilinguism\/teaching-modules\/postgraduate-module\/?lang=es\">Language Policy and Multilingual Education in the European Union<\/a>\u2019 (24 horas) permitir\u00e1 a los participantes analizar los principales esfuerzos de la UE en materia de pol\u00edtica ling\u00fc\u00edstica para promover el multiling\u00fcismo a trav\u00e9s de la educaci\u00f3n y de la traducci\u00f3n e interpretaci\u00f3n.<\/p>\n<p>Finalmente, el curso de verano \u2018<a href=\"http:\/\/blog.uclm.es\/multilinguism\/teaching-modules\/summer-course\/?lang=es\">Language Policies and Intercultural Dialogue for a Changing Europe<\/a>\u2019 (12 horas) se centrar\u00e1 en el an\u00e1lisis de los retos presentes y futuros del multiling\u00fcismo europeo desde una perspectiva global.<\/p>\n<p>En cuanto a la metodolog\u00eda, usaremos t\u00e9cnicas de aprendizaje colaboratico. os participantes trabajar\u00e1n en peque\u00f1os grupos y completar\u00e1n juntos actividades para obtener los rendimientos acad\u00e9micos programados. Los participantes preparar\u00e1n debates usando las lecturas y las instrucciones que se repartir\u00e1n durante el curso. Este enfoque metodol\u00f3gico intentar\u00e1 estimular el pensamiento cr\u00edtico entre los estudiantes, desarrollar sus competencias para interpretar y aplicar pol\u00edticas ling\u00fc\u00edsticas y permitir futuras especializaciones profesionales en el campo de los estudios de la UE. Al final del curso, los participantes podr\u00e1n:<\/p>\n<p>\u2022   ser capaces de identificar y entender el funcionamiento de las principales instituciones europeas y su papel en temas relacionados con las lenguas;<\/p>\n<p>\u2022   comprender los procesos de toma de decisiones en pol\u00edticas ling\u00fc\u00edsticas europeas;<\/p>\n<p>\u2022   familiarizarse con las teor\u00edas de la integraci\u00f3n europea y el papel del multiling\u00fcismo;<\/p>\n<p>\u2022   tomar consciencia de los retos del multiling\u00fcismo en el proceso de inegraci\u00f3n europea;<\/p>\n<p>\u2022   localizar y analizar documentos relativos a las pol\u00edticas ling\u00fc\u00edsticas de la UE, legislaci\u00f3n, acciones y casos legales;<\/p>\n<p>\u2022   sintetizar, analizar y evaluar fuentes primarias y secundarias;<\/p>\n<p>\u2022   razonar anal\u00edticamente y l\u00f3gicamente sobre varias disciplinas;<\/p>\n<p>\u2022   comunicarse sobre estos temas con eficiencia, en ingl\u00e9s y en espa\u00f1ol;<\/p>\n<p>Concebimos estos cursos como instrumentso de profesionalizaci\u00f3n para alumnos que quieran dedicarse a la ense\u00f1anza, a la investigaci\u00f3n o a la traducci\u00f3n. Un mejor conocimiento de la EU y sus pol\u00edticas ling\u00fc\u00edsticas y un entendimiento del papel de las instituciones de la UE contribuir\u00e1n a desarrollar sus carreras profesionales.<\/p>\n","protected":false},"excerpt":{"rendered":"<p>Nuestros cursos se centran en el estudio y el an\u00e1lisis cr\u00edtico del pasado, presente y futuro de las pol\u00edticas ling\u00fc\u00edsticas de la UE entre alumnos ling\u00fc\u00edstica, literatura, estudios culturales, educaci\u00f3n, filosof\u00eda o historia que, tradicionalemnte, no tienen acceso a este tipo de temas en sus estudios. A trav\u00e9s del an\u00e1lisis profundo de estas pol\u00edticas ling\u00fc\u00edsticas, [&hellip;]<\/p>\n","protected":false},"author":62,"featured_media":0,"parent":0,"menu_order":0,"comment_status":"closed","ping_status":"closed","template":"","meta":{"footnotes":""},"class_list":["post-383","page","type-page","status-publish","hentry"],"_links":{"self":[{"href":"https:\/\/blog.uclm.es\/proyectofelice\/wp-json\/wp\/v2\/pages\/383","targetHints":{"allow":["GET"]}}],"collection":[{"href":"https:\/\/blog.uclm.es\/proyectofelice\/wp-json\/wp\/v2\/pages"}],"about":[{"href":"https:\/\/blog.uclm.es\/proyectofelice\/wp-json\/wp\/v2\/types\/page"}],"author":[{"embeddable":true,"href":"https:\/\/blog.uclm.es\/proyectofelice\/wp-json\/wp\/v2\/users\/62"}],"replies":[{"embeddable":true,"href":"https:\/\/blog.uclm.es\/proyectofelice\/wp-json\/wp\/v2\/comments?post=383"}],"version-history":[{"count":1,"href":"https:\/\/blog.uclm.es\/proyectofelice\/wp-json\/wp\/v2\/pages\/383\/revisions"}],"predecessor-version":[{"id":2303,"href":"https:\/\/blog.uclm.es\/proyectofelice\/wp-json\/wp\/v2\/pages\/383\/revisions\/2303"}],"wp:attachment":[{"href":"https:\/\/blog.uclm.es\/proyectofelice\/wp-json\/wp\/v2\/media?parent=383"}],"curies":[{"name":"wp","href":"https:\/\/api.w.org\/{rel}","templated":true}]}}

<p>Nuestros cursos se centran en el estudio y el análisis crítico del pasado, presente y futuro de las políticas lingüísticas de la UE entre alumnos lingüística, literatura, estudios culturales, educación, filosofía o historia que, tradicionalemnte, no tienen acceso a este tipo de temas en sus estudios. A través del análisis profundo de estas políticas lingüísticas, los futuros docentes, traductores o investigadores podrán no sólo familiarizarse con las principales instituciones europeas, sino también desarrollar un claro entendimiento de los principales procesos de toma de decisión sobre lenguas en la UE, así como su impacto en sus ciudadanos.</p>
<p>Estos cursos adoptan un enfoque multidisciplinar al estudio de las políticas lingüísticas de la UE, prestando especial atención a la legislación lingüística, sociolingüística, educación lingüística y etnografía. En estos cursos nos ocuparemos del marco institucional de la UE y de los procesos de toma de decisiones, las principales perspectivas teóricas sobre las políticas lingüísticas de la UE y el análisis de los principales aspectos del multilingüismo desde una perspectiva de la UE. Estos cursos están dirigidos a estudiantes de humanidas que deseen dedicarse a la investigación en temas relacionados con la UE o que quieran trabajar en o con instituciones europeas en sus carreras profesionales.</p>
<p>Cada año organizaremos tres cursos sobre distintos aspectos del multilingüismo en la UE. Para empezar, el curso para estudiantes de grado ‘<a href="http://blog.uclm.es/multilinguism/teaching-modules/undergradute-module/?lang=es">Multilingualism: A European Union Perspective</a>’ (24 horas) se centrará en el estudio de la diversidad lingüística e inclusión social en la UE.</p>
<p>Igualmente, el curso propio ‘<a href="http://blog.uclm.es/multilinguism/teaching-modules/postgraduate-module/?lang=es">Language Policy and Multilingual Education in the European Union</a>’ (24 horas) permitirá a los participantes analizar los principales esfuerzos de la UE en materia de política lingüística para promover el multilingüismo a través de la educación y de la traducción e interpretación.</p>
<p>Finalmente, el curso de verano ‘<a href="http://blog.uclm.es/multilinguism/teaching-modules/summer-course/?lang=es">Language Policies and Intercultural Dialogue for a Changing Europe</a>’ (12 horas) se centrará en el análisis de los retos presentes y futuros del multilingüismo europeo desde una perspectiva global.</p>
<p>En cuanto a la metodología, usaremos técnicas de aprendizaje colaboratico. os participantes trabajarán en pequeños grupos y completarán juntos actividades para obtener los rendimientos académicos programados. Los participantes prepararán debates usando las lecturas y las instrucciones que se repartirán durante el curso. Este enfoque metodológico intentará estimular el pensamiento crítico entre los estudiantes, desarrollar sus competencias para interpretar y aplicar políticas lingüísticas y permitir futuras especializaciones profesionales en el campo de los estudios de la UE. Al final del curso, los participantes podrán:</p>
<p>•   ser capaces de identificar y entender el funcionamiento de las principales instituciones europeas y su papel en temas relacionados con las lenguas;</p>
<p>•   comprender los procesos de toma de decisiones en políticas lingüísticas europeas;</p>
<p>•   familiarizarse con las teorías de la integración europea y el papel del multilingüismo;</p>
<p>•   tomar consciencia de los retos del multilingüismo en el proceso de inegración europea;</p>
<p>•   localizar y analizar documentos relativos a las políticas lingüísticas de la UE, legislación, acciones y casos legales;</p>
<p>•   sintetizar, analizar y evaluar fuentes primarias y secundarias;</p>
<p>•   razonar analíticamente y lógicamente sobre varias disciplinas;</p>
<p>•   comunicarse sobre estos temas con eficiencia, en inglés y en español;</p>
<p>Concebimos estos cursos como instrumentso de profesionalización para alumnos que quieran dedicarse a la enseñanza, a la investigación o a la traducción. Un mejor conocimiento de la EU y sus políticas lingüísticas y un entendimiento del papel de las instituciones de la UE contribuirán a desarrollar sus carreras profesionales.</p>

<p>Nuestros cursos se centran en el estudio y el análisis crítico del pasado, presente y futuro de las políticas lingüísticas de la UE entre alumnos lingüística, literatura, estudios culturales, educación, filosofía o historia que, tradicionalemnte, no tienen acceso a este tipo de temas en sus estudios. A través del análisis profundo de estas políticas lingüísticas, [&hellip;]</p>
