{"id":1469,"date":"2019-09-27T17:18:54","date_gmt":"2019-09-27T16:18:54","guid":{"rendered":"http:\/\/blog.uclm.es\/proyectofelice\/cursos\/cultural-module-language-identities-and-emotions-in-european-multilingual-cinema\/"},"modified":"2023-03-10T08:57:29","modified_gmt":"2023-03-10T08:57:29","slug":"cultural-module-language-identities-and-emotions-in-european-multilingual-cinema","status":"publish","type":"page","link":"https:\/\/blog.uclm.es\/proyectofelice\/cursos\/cultural-module-language-identities-and-emotions-in-european-multilingual-cinema\/?lang=es","title":{"rendered":"M\u00f3dulo Cultural: &#8220;Language, identity and Emotions in European Multilingual Cinematography&#8221;"},"content":{"rendered":"<p><a href=\"http:\/\/cursosweb.uclm.es\/index.aspx?ccurso=112&amp;academico=16\/17\"><img loading=\"lazy\" decoding=\"async\" class=\"alignnone size-full wp-image-745\" src=\"https:\/\/blog.uclm.es\/proyectofelice\/wp-content\/uploads\/sites\/40\/2015\/09\/cursosWeben.jpg\" alt=\"cursosWebes\" width=\"150\" height=\"50\"><\/a><\/p>\n<p><strong>Lenguas, identidades y emociones en el cine multiling\u00fce europeo<\/strong> (0.5 ects)<\/p>\n<p><strong>1\u00ba edici\u00f3n:<\/strong> 6 de noviembre a 27 de noviembre de 2019 (cuatro sesiones de tres horas y media cada una, proyecci\u00f3n cinematogr\u00e1fica inclu\u00edda, cada mi\u00e9rcoles por la tarde, a partir de las 16:00). Descargar <a href=\"https:\/\/blog.uclm.es\/proyectofelice\/wp-content\/uploads\/sites\/40\/2019\/10\/JMCH2019-T03-BROCHURE.pdf\">folleto del m\u00f3dulo<\/a>.<\/p>\n<p><strong>Destinatarios:<\/strong> Estudiantes de grado y postgrado, investigadores,, postgraduates, profesionales.<\/p>\n<p><strong>Idiomas:<\/strong> Las presentaciones se realizar\u00e1 en ingl\u00e9s o en espa\u00f1ol.<\/p>\n<p><strong>Metodolog\u00eda:<\/strong> Sesiones presenciales; aprendizaje informal<\/p>\n<p><strong>Fechas y programa:<\/strong> Consultar <a href=\"\/proyectofelice?tribe_events_cat=culture-es&amp;lang=es\" target=\"_blank\" rel=\"noopener noreferrer\">calendario<\/a>.<\/p>\n<p><strong>Objetivos:<\/strong> Este m\u00f3dulo se centra en el estudio del papel del lenguaje y de las im\u00e1genes visuales en el proceso de construcci\u00f3n de la cultura y de la identidad europeas.<\/p>\n<p><strong>Contenidos:<\/strong> Este seminario se centra en el estudio del papel de las lenguas y de las imagenes visuales en el proceso de construcci\u00f3n de una cultura y una identidad europeas. El curso se divide en cuatro m\u00f3dulos, que se impartir\u00e1n en cuatro semanas consecutivas. Los contenidos son los siguientes:<\/p>\n<p>\u2022 M\u00f3dulo 1 \u2018A supranational cinema for supranational Europe\u2019 (introducci\u00f3n al seminario) plus &#8216;Europeanism and its discontents\u2019.<\/p>\n<p>\u2022 M\u00f3dulo 2 \u2018Identity and the past: From nostalgia to utopia\u2019.<\/p>\n<p>\u2022 M\u00f3dulo 3 \u2018Anger, wrath and conflict in European cinema\u2019.<\/p>\n<p>\u2022 M\u00f3dulo 4 \u2018European ways of feeling\u2019.<\/p>\n<p>En este curso, podremos:<\/p>\n<p>\u2022 Comprender una amplia gama de argumentos y temas relacionados con la ideolog\u00eda, cultura y conceptos identitarios en Europa, tal y como aparecen ilustrados en la producci\u00f3n cinematogr\u00e1fica europea;<\/p>\n<p>\u2022 Evaluar las cuestiones principales en torno a conceptos nacionales, culturales y pol\u00edticos relativos a la b\u00fasqueda de una identidad europea a trav\u00e9s de este medio;<\/p>\n<p>\u2022 Desarrollar una concienciaci\u00f3n del proceso de integraci\u00f3n europea con una imagen descriptiva y art\u00edstica de la sociedad europea;<\/p>\n<p>\u2022 Aumentar nuestros conocimientos y comprensi\u00f3n de los dem\u00e1s miembros de la UE, sus sociedades, lenguas y culturas.<\/p>\n","protected":false},"excerpt":{"rendered":"<p>Lenguas, identidades y emociones en el cine multiling\u00fce europeo (0.5 ects) 1\u00ba edici\u00f3n: 6 de noviembre a 27 de noviembre de 2019 (cuatro sesiones de tres horas y media cada una, proyecci\u00f3n cinematogr\u00e1fica inclu\u00edda, cada mi\u00e9rcoles por la tarde, a partir de las 16:00). Descargar folleto del m\u00f3dulo. Destinatarios: Estudiantes de grado y postgrado, investigadores,, [&hellip;]<\/p>\n","protected":false},"author":62,"featured_media":0,"parent":383,"menu_order":0,"comment_status":"closed","ping_status":"closed","template":"","meta":{"footnotes":""},"class_list":["post-1469","page","type-page","status-publish","hentry"],"_links":{"self":[{"href":"https:\/\/blog.uclm.es\/proyectofelice\/wp-json\/wp\/v2\/pages\/1469","targetHints":{"allow":["GET"]}}],"collection":[{"href":"https:\/\/blog.uclm.es\/proyectofelice\/wp-json\/wp\/v2\/pages"}],"about":[{"href":"https:\/\/blog.uclm.es\/proyectofelice\/wp-json\/wp\/v2\/types\/page"}],"author":[{"embeddable":true,"href":"https:\/\/blog.uclm.es\/proyectofelice\/wp-json\/wp\/v2\/users\/62"}],"replies":[{"embeddable":true,"href":"https:\/\/blog.uclm.es\/proyectofelice\/wp-json\/wp\/v2\/comments?post=1469"}],"version-history":[{"count":3,"href":"https:\/\/blog.uclm.es\/proyectofelice\/wp-json\/wp\/v2\/pages\/1469\/revisions"}],"predecessor-version":[{"id":2304,"href":"https:\/\/blog.uclm.es\/proyectofelice\/wp-json\/wp\/v2\/pages\/1469\/revisions\/2304"}],"up":[{"embeddable":true,"href":"https:\/\/blog.uclm.es\/proyectofelice\/wp-json\/wp\/v2\/pages\/383"}],"wp:attachment":[{"href":"https:\/\/blog.uclm.es\/proyectofelice\/wp-json\/wp\/v2\/media?parent=1469"}],"curies":[{"name":"wp","href":"https:\/\/api.w.org\/{rel}","templated":true}]}}

Módulo Cultural: &#8220;Language, identity and Emotions in European Multilingual Cinematography&#8221;

<p><a href="http://cursosweb.uclm.es/index.aspx?ccurso=112&amp;academico=16/17"><img loading="lazy" decoding="async" class="alignnone size-full wp-image-745" src="https://blog.uclm.es/proyectofelice/wp-content/uploads/sites/40/2015/09/cursosWeben.jpg" alt="cursosWebes" width="150" height="50"></a></p>
<p><strong>Lenguas, identidades y emociones en el cine multilingüe europeo</strong> (0.5 ects)</p>
<p><strong>1º edición:</strong> 6 de noviembre a 27 de noviembre de 2019 (cuatro sesiones de tres horas y media cada una, proyección cinematográfica incluída, cada miércoles por la tarde, a partir de las 16:00). Descargar <a href="https://blog.uclm.es/proyectofelice/wp-content/uploads/sites/40/2019/10/JMCH2019-T03-BROCHURE.pdf">folleto del módulo</a>.</p>
<p><strong>Destinatarios:</strong> Estudiantes de grado y postgrado, investigadores,, postgraduates, profesionales.</p>
<p><strong>Idiomas:</strong> Las presentaciones se realizará en inglés o en español.</p>
<p><strong>Metodología:</strong> Sesiones presenciales; aprendizaje informal</p>
<p><strong>Fechas y programa:</strong> Consultar <a href="/proyectofelice?tribe_events_cat=culture-es&amp;lang=es" target="_blank" rel="noopener noreferrer">calendario</a>.</p>
<p><strong>Objetivos:</strong> Este módulo se centra en el estudio del papel del lenguaje y de las imágenes visuales en el proceso de construcción de la cultura y de la identidad europeas.</p>
<p><strong>Contenidos:</strong> Este seminario se centra en el estudio del papel de las lenguas y de las imagenes visuales en el proceso de construcción de una cultura y una identidad europeas. El curso se divide en cuatro módulos, que se impartirán en cuatro semanas consecutivas. Los contenidos son los siguientes:</p>
<p>• Módulo 1 ‘A supranational cinema for supranational Europe’ (introducción al seminario) plus &#8216;Europeanism and its discontents’.</p>
<p>• Módulo 2 ‘Identity and the past: From nostalgia to utopia’.</p>
<p>• Módulo 3 ‘Anger, wrath and conflict in European cinema’.</p>
<p>• Módulo 4 ‘European ways of feeling’.</p>
<p>En este curso, podremos:</p>
<p>• Comprender una amplia gama de argumentos y temas relacionados con la ideología, cultura y conceptos identitarios en Europa, tal y como aparecen ilustrados en la producción cinematográfica europea;</p>
<p>• Evaluar las cuestiones principales en torno a conceptos nacionales, culturales y políticos relativos a la búsqueda de una identidad europea a través de este medio;</p>
<p>• Desarrollar una concienciación del proceso de integración europea con una imagen descriptiva y artística de la sociedad europea;</p>
<p>• Aumentar nuestros conocimientos y comprensión de los demás miembros de la UE, sus sociedades, lenguas y culturas.</p>

<p>Lenguas, identidades y emociones en el cine multilingüe europeo (0.5 ects) 1º edición: 6 de noviembre a 27 de noviembre de 2019 (cuatro sesiones de tres horas y media cada una, proyección cinematográfica incluída, cada miércoles por la tarde, a partir de las 16:00). Descargar folleto del módulo. Destinatarios: Estudiantes de grado y postgrado, investigadores,, [&hellip;]</p>
