{"id":1921,"date":"2022-11-01T11:49:32","date_gmt":"2022-11-01T11:49:32","guid":{"rendered":"https:\/\/blog.uclm.es\/proyectoexotinet\/?page_id=1921"},"modified":"2022-11-01T12:09:12","modified_gmt":"2022-11-01T12:09:12","slug":"normativa-2-3","status":"publish","type":"page","link":"https:\/\/blog.uclm.es\/proyectoexotinet\/normativa\/normativa-2-3\/","title":{"rendered":"Normativa"},"content":{"rendered":"\n<p class=\"has-large-font-size\"><strong>Legislaci\u00f3n Estatal<\/strong><\/p>\n\n\n\n<div style=\"height:28px\" aria-hidden=\"true\" class=\"wp-block-spacer\"><\/div>\n\n\n\n<ul class=\"has-medium-font-size wp-block-list\"><li><a href=\"https:\/\/www.boe.es\/buscar\/act.php?id=BOE-A-1995-25444\">Ley org\u00e1nica 10\/1995, de 23 de noviembre, del C\u00f3digo penal<\/a><\/li><\/ul>\n\n\n\n<p class=\"has-text-align-center\"><em>LIBRO II. Delitos y sus penas<br>T\u00cdTULO XVI. De los delitos relativos a la ordenaci\u00f3n del territorio y la protecci\u00f3n del patrimonio hist\u00f3rico y del medio ambiente.<br>CAP\u00cdTULO IV. De los delitos relativos a la protecci\u00f3n de la flora, fauna y animales dom\u00e9sticos.<br>Art\u00edculo 333. \u201cEl que introdujera o liberara especies de flora o fauna no aut\u00f3ctona, de modo que perjudique el equilibrio biol\u00f3gico, contraviniendo las leyes o disposiciones de car\u00e1cter general protectoras de las especies de flora o fauna, ser\u00e1 castigado con la pena de prisi\u00f3n de cuatro meses a dos a\u00f1os o multa de ocho a veinticuatro meses y, en todo caso, inhabilitaci\u00f3n especial para profesi\u00f3n u oficio por tiempo de uno a tres a\u00f1os.\u201d<\/em><\/p>\n\n\n\n<div style=\"height:28px\" aria-hidden=\"true\" class=\"wp-block-spacer\"><\/div>\n\n\n\n<ul class=\"has-medium-font-size wp-block-list\"><li><a href=\"https:\/\/www.boe.es\/diario_boe\/txt.php?id=BOE-A-2021-20371\">Real Decreto 986\/2021, de 16 de noviembre, por el que se establecen medidas de aplicaci\u00f3n del Convenio sobre el Comercio Internacional de Especies Amenazadas de Fauna y Flora Silvestres (CITES), hecho en Washington el 3 de marzo de 1973, y del Reglamento (CE) n.\u00ba 338\/97, del Consejo, de 9 de diciembre de 1996, relativo a la protecci\u00f3n de especies de la fauna y flora silvestres mediante el control de su comercio<\/a><\/li><\/ul>\n\n\n\n<div style=\"height:28px\" aria-hidden=\"true\" class=\"wp-block-spacer\"><\/div>\n\n\n\n<ul class=\"has-medium-font-size wp-block-list\"><li><a href=\"https:\/\/www.boe.es\/buscar\/doc.php?id=BOE-A-2003-19800\">Ley 31\/2003, de 27 de octubre, de Conservaci\u00f3n de la Fauna Silvestre en los Parques Zool\u00f3gicos<\/a><\/li><\/ul>\n\n\n\n<p class=\"has-text-align-center\"><em>Cap\u00edtulo II. Medidas de conservaci\u00f3n.<br>Art\u00edculo 3. Medidas de bienestar animal, profil\u00e1cticas y ambientales. \u201cLos parques zool\u00f3gicos quedan obligados al cumplimiento de las medidas de bienestar de los animales en cautividad, profil\u00e1cticas y ambientales indicadas a continuaci\u00f3n y, en su caso, a las establecidas por las comunidades aut\u00f3nomas:\u2026 c) prevenir la transmisi\u00f3n de plagas y par\u00e1sitos de procedencia exterior a los animales del parque zool\u00f3gico, y de \u00e9stos a las especies existentes fuera del parque, d) evitar la huida de los animales del parque zool\u00f3gico, en particular de aquellas especies potencialmente invasoras, con el fin de prevenir posibles amenazas ambientales y alteraciones gen\u00e9ticas a las especies, subespecies y poblaciones aut\u00f3ctonas, as\u00ed como a los h\u00e1bitats y los ecosistemas.\u201d<\/em><\/p>\n\n\n\n<div style=\"height:28px\" aria-hidden=\"true\" class=\"wp-block-spacer\"><\/div>\n\n\n\n<ul class=\"has-medium-font-size wp-block-list\"><li><a href=\"https:\/\/www.boe.es\/buscar\/act.php?id=BOE-A-2007-18475\">Ley 26\/2007, de 23 de octubre, de Responsabilidad Medioambiental<\/a><\/li><\/ul>\n\n\n\n<p class=\"has-text-align-center\"><em>Art\u00edculo 6. Concurrencia entre la responsabilidad medioambiental y las sanciones penales y administrativas.<\/em><\/p>\n\n\n\n<ol class=\"wp-block-list\"><li><em>Sin perjuicio de lo establecido en el art\u00edculo 36.3, la responsabilidad establecida en esta ley ser\u00e1 compatible con las penas o sanciones administrativas que proceda imponer por los mismos hechos que hubieran originado aqu\u00e9lla.<\/em><\/li><\/ol>\n\n\n\n<div style=\"height:28px\" aria-hidden=\"true\" class=\"wp-block-spacer\"><\/div>\n\n\n\n<ul class=\"has-medium-font-size wp-block-list\"><li><a href=\"https:\/\/www.boe.es\/buscar\/act.php?id=BOE-A-2007-21490\">Ley 42\/2007, de 13 de diciembre, del Patrimonio Natural y de la Biodiversidad<\/a> (ver en detalle los apartados siguientes)<\/li><\/ul>\n\n\n\n<p class=\"has-text-align-center\"><em>T\u00cdTULO III. Conservaci\u00f3n de la biodiversidad.<br>CAP\u00cdTULO III. Prevenci\u00f3n y control de las especies ex\u00f3ticas invasoras.<br>&#8211; Art\u00edculo 64. Cat\u00e1logo Espa\u00f1ol de Especies Ex\u00f3ticas Invasoras.<br>&#8211; Art\u00edculo 64 bis. Especies ex\u00f3ticas invasoras de preocupaci\u00f3n para la Uni\u00f3n.<br>&#8211; Art\u00edculo 64 ter. Especies catalogadas como ex\u00f3ticas invasoras introducidas en el medio natural con anterioridad a la entrada en vigor de la presente ley, objeto de aprovechamiento pisc\u00edcola o cineg\u00e9tico. Sueltas con la especie trucha arco\u00edris.<br>&#8211; Art\u00edculo 64 qu\u00e1ter. Uso de las especies ex\u00f3ticas y las especies localmente ausentes en la acuicultura.<\/em><\/p>\n\n\n\n<p class=\"has-text-align-center\"><em>T\u00cdTULO VI. De las infracciones y sanciones.<br>&#8211; Art\u00edculo 79. Disposiciones generales.<br>&#8211; Art\u00edculo 80. Tipificaci\u00f3n y clasificaci\u00f3n de las infracciones.<\/em><\/p>\n\n\n\n<div style=\"height:28px\" aria-hidden=\"true\" class=\"wp-block-spacer\"><\/div>\n\n\n\n<ul class=\"has-medium-font-size wp-block-list\"><li><a href=\"https:\/\/www.boe.es\/buscar\/act.php?id=BOE-A-2013-8565\">Real Decreto 630\/2013, de 2 de agosto, por el que se regula el cat\u00e1logo espa\u00f1ol de especies ex\u00f3ticas invasoras<\/a><\/li><\/ul>\n\n\n\n<p class=\"has-text-align-center\"><em>Art\u00edculo 1. Objeto.<\/em><\/p>\n\n\n\n<ol class=\"wp-block-list\"><li><em>El objeto de este real decreto es regular el Cat\u00e1logo Espa\u00f1ol de Especies Ex\u00f3ticas Invasoras (en adelante, el cat\u00e1logo) y en concreto, establecer:<br>a. Las caracter\u00edsticas, contenidos, criterios y procedimientos de inclusi\u00f3n o exclusi\u00f3n de especies en el cat\u00e1logo.<br>b. Las medidas necesarias para prevenir la introducci\u00f3n de especies ex\u00f3ticas invasoras y para su control y posible erradicaci\u00f3n.<br>c. Las caracter\u00edsticas y el contenido de las estrategias de gesti\u00f3n, control y posible erradicaci\u00f3n de las especies ex\u00f3ticas invasoras.<\/em><\/li><\/ol>\n\n\n\n<div style=\"height:28px\" aria-hidden=\"true\" class=\"wp-block-spacer\"><\/div>\n\n\n\n<ul class=\"has-medium-font-size wp-block-list\"><li><a href=\"https:\/\/www.boe.es\/diario_boe\/txt.php?id=BOE-A-2019-4675\">Real Decreto 216\/2019, de 29 de marzo, por el que se aprueba la lista de especies ex\u00f3ticas invasoras preocupantes para la regi\u00f3n ultraperif\u00e9rica de las islas Canarias y por el que se modifica el Real Decreto 630\/2013<\/a><\/li><\/ul>\n\n\n\n<div style=\"height:28px\" aria-hidden=\"true\" class=\"wp-block-spacer\"><\/div>\n\n\n\n<ul class=\"has-medium-font-size wp-block-list\"><li><a href=\"https:\/\/www.boe.es\/buscar\/doc.php?id=BOE-A-2020-15296\">Orden TED\/1126\/2020, de 20 de noviembre, por la que se modifica el Anexo del Real Decreto 139\/2011, de 4 de febrero, para el desarrollo del Listado de Especies Silvestres en R\u00e9gimen de Protecci\u00f3n Especial y del Cat\u00e1logo Espa\u00f1ol de Especies Amenazadas, y el Anexo del Real Decreto 630\/2013, de 2 de agosto, por el que se regula el Cat\u00e1logo Espa\u00f1ol de Especies Ex\u00f3ticas Invasoras<\/a><\/li><\/ul>\n\n\n\n<div style=\"height:28px\" aria-hidden=\"true\" class=\"wp-block-spacer\"><\/div>\n\n\n\n<ul class=\"has-medium-font-size wp-block-list\"><li><a href=\"https:\/\/www.boe.es\/buscar\/doc.php?id=BOE-A-2020-7277\">Real Decreto 570\/2020, de 16 de junio, por el que se regula el procedimiento administrativo para la autorizaci\u00f3n previa de importaci\u00f3n en el territorio nacional de especies al\u00f3ctonas con el fin de preservar la biodiversidad aut\u00f3ctona espa\u00f1ola<\/a><\/li><\/ul>\n\n\n\n<p class=\"has-text-align-center\"><em>Art\u00edculo 1. Objeto. Este real decreto tiene por objeto regular el procedimiento administrativo para autorizar la importaci\u00f3n en el territorio nacional de ejemplares vivos \u2013o de sus restos o prop\u00e1gulos que pudieran sobrevivir o reproducirse\u2013, de las especies al\u00f3ctonas silvestres que figuran en el Listado de especies al\u00f3ctonas potencialmente susceptibles de competir con las especies silvestres aut\u00f3ctonas, alterar su pureza gen\u00e9tica o los equilibrios ecol\u00f3gicos (en lo sucesivo, el Listado), de conformidad con el art\u00edculo 54.2, 3 y 4 de la Ley 42\/2007, de 13 de diciembre, del Patrimonio Natural y de la Biodiversidad.<\/em><\/p>\n\n\n\n<p class=\"has-text-align-center\">Art\u00edculo 3. Listado de especies al\u00f3ctonas potencialmente susceptibles de competir con las especies silvestres aut\u00f3ctonas, alterar su pureza gen\u00e9tica o los equilibrios ecol\u00f3gicos.<\/p>\n\n\n\n<ol class=\"wp-block-list\"><li>El Listado estar\u00e1 disponible en la sede electr\u00f3nica y en el portal web del Ministerio para la Transici\u00f3n Ecol\u00f3gica y el Reto Demogr\u00e1fico. En el Listado constar\u00e1 el nombre de la especie o tax\u00f3n, el criterio por el que ha sido incluido y cualquier otra circunstancia relevante, junto con el c\u00f3digo en el que se clasifiquen con base en el Reglamento(CEE) n.\u00ba 2658\/87 del Consejo, de 23 de julio de 1987, relativo a la nomenclatura arancelaria y estad\u00edstica del arancel aduanero com\u00fan, adapt\u00e1ndola a las variaciones que los Reglamentos de Ejecuci\u00f3n por los que se modifica su anexo I.<\/li><\/ol>\n\n\n\n<ol class=\"wp-block-list\" start=\"2\"><li>Con base en la informaci\u00f3n t\u00e9cnica y cient\u00edfica disponible, los criterios que motivan que una especie al\u00f3ctona sea potencialmente susceptibles de competir con las especies silvestres aut\u00f3ctonas, alterar su pureza gen\u00e9tica o los equilibrios ecol\u00f3gicos y por tanto, su inclusi\u00f3n en el Listado, son los siguientes:<br>a) Ser organismos con car\u00e1cter invasor demostrado en alg\u00fan lugar del mundo.<br>b) Ser vectores de organismos nocivos para la biodiversidad aut\u00f3ctona.<br>c) Ser organismos peligrosos por su potencial para causar efectos adversos sobre la salud humana, sanidad animal y vegetal, medio ambiente y sobre las acciones de investigaci\u00f3n, gesti\u00f3n y conservaci\u00f3n de la biodiversidad.<\/li><\/ol>\n\n\n\n<div style=\"height:28px\" aria-hidden=\"true\" class=\"wp-block-spacer\"><\/div>\n\n\n\n<ul class=\"has-medium-font-size wp-block-list\"><li><a href=\"https:\/\/www.miteco.gob.es\/es\/biodiversidad\/temas\/conservacion-de-especies\/especies-exoticas-invasoras\/ce-eei-iea-listado.aspx\">Listado de especies al\u00f3ctonas susceptibles de competir con las especies silvestres aut\u00f3ctonas, alterar su pureza gen\u00e9tica o los equilibrios ecol\u00f3gicos<\/a><\/li><\/ul>\n","protected":false},"excerpt":{"rendered":"<p>Legislaci\u00f3n Estatal Ley org\u00e1nica 10\/1995, de 23 de noviembre, del C\u00f3digo penal LIBRO II. Delitos y sus penasT\u00cdTULO XVI. De los delitos relativos a la ordenaci\u00f3n del territorio y la protecci\u00f3n del patrimonio hist\u00f3rico y del medio ambiente.CAP\u00cdTULO IV. De los delitos relativos a la protecci\u00f3n de la flora, fauna y animales dom\u00e9sticos.Art\u00edculo 333. \u201cEl &hellip; <a href=\"https:\/\/blog.uclm.es\/proyectoexotinet\/normativa\/normativa-2-3\/\" class=\"more-link\">Seguir leyendo <span class=\"screen-reader-text\">Normativa<\/span> <span class=\"meta-nav\">&rarr;<\/span><\/a><\/p>\n","protected":false},"author":254,"featured_media":0,"parent":1890,"menu_order":2,"comment_status":"closed","ping_status":"closed","template":"","meta":{"footnotes":""},"class_list":["post-1921","page","type-page","status-publish","hentry"],"_links":{"self":[{"href":"https:\/\/blog.uclm.es\/proyectoexotinet\/wp-json\/wp\/v2\/pages\/1921","targetHints":{"allow":["GET"]}}],"collection":[{"href":"https:\/\/blog.uclm.es\/proyectoexotinet\/wp-json\/wp\/v2\/pages"}],"about":[{"href":"https:\/\/blog.uclm.es\/proyectoexotinet\/wp-json\/wp\/v2\/types\/page"}],"author":[{"embeddable":true,"href":"https:\/\/blog.uclm.es\/proyectoexotinet\/wp-json\/wp\/v2\/users\/254"}],"replies":[{"embeddable":true,"href":"https:\/\/blog.uclm.es\/proyectoexotinet\/wp-json\/wp\/v2\/comments?post=1921"}],"version-history":[{"count":4,"href":"https:\/\/blog.uclm.es\/proyectoexotinet\/wp-json\/wp\/v2\/pages\/1921\/revisions"}],"predecessor-version":[{"id":1931,"href":"https:\/\/blog.uclm.es\/proyectoexotinet\/wp-json\/wp\/v2\/pages\/1921\/revisions\/1931"}],"up":[{"embeddable":true,"href":"https:\/\/blog.uclm.es\/proyectoexotinet\/wp-json\/wp\/v2\/pages\/1890"}],"wp:attachment":[{"href":"https:\/\/blog.uclm.es\/proyectoexotinet\/wp-json\/wp\/v2\/media?parent=1921"}],"curies":[{"name":"wp","href":"https:\/\/api.w.org\/{rel}","templated":true}]}}