{"id":41,"date":"2023-09-17T10:28:51","date_gmt":"2023-09-17T08:28:51","guid":{"rendered":"https:\/\/blog.uclm.es\/proyectoetechu\/?page_id=41"},"modified":"2023-09-17T10:29:12","modified_gmt":"2023-09-17T08:29:12","slug":"collaboration-with-other-research-group","status":"publish","type":"page","link":"https:\/\/blog.uclm.es\/proyectoetechu\/collaboration-with-other-research-group\/","title":{"rendered":"Collaborations with other research groups"},"content":{"rendered":"\n<figure class=\"wp-block-table\"><table><tbody><tr><td>&nbsp; Dentro del marco del proyecto se han realizado trabajos conjuntos entre los investigadores de la UCLM y del CHUA: <a rel=\"noreferrer noopener\" href=\"https:\/\/doi.org\/10.1016\/j.jhazmat.2021.128028\" target=\"_blank\">https:\/\/doi.org\/10.1016\/j.jhazmat.2021.128028<\/a> <a href=\"https:\/\/doi.org\/10.1016\/j.scitotenv.2021.149150\">https:\/\/doi.org\/10.1016\/j.scitotenv.2021.149150<\/a> <a href=\"https:\/\/doi.org\/10.1016\/j.jclepro.2021.128865\">https:\/\/doi.org\/10.1016\/j.jclepro.2021.128865<\/a> &nbsp;<a rel=\"noreferrer noopener\" href=\"https:\/\/doi.org\/10.1016\/j.psep.2022.09.066\" target=\"_blank\">https:\/\/doi.org\/10.1016\/j.psep.2022.09.066<\/a> &nbsp; Adem\u00e1s, se han colaborado con los investigadores internacionales incluidos en la propuesta, y adem\u00e1s se han establecido v\u00edas de colaboraci\u00f3n con otros grupos de investigaci\u00f3n que han aportado sinergias importantes al proyecto: &nbsp; <br>1. Colaboraci\u00f3n con Prof. Motheo y Prof. Lanza de la Universidad De Sao Paulo (Brasil). &#8211; Esta colaboraci\u00f3n se ha centrado en el desarrollo y testeo de nuevos materiales electr\u00f3dicos fotoactivos para su empleo en procesos electroirradiados dentro del marco del Paquete de Trabajo 6, aprovechando la estancia de investigaci\u00f3n postdoctoral de la Dra. Goulart y posteriormente de la Dra. Oliveria. Fruto de esta colaboraci\u00f3n se han publicado 4 art\u00edculos cient\u00edficos: <a rel=\"noreferrer noopener\" href=\"https:\/\/doi.org\/10.1016\/j.jelechem.2020.114894\" target=\"_blank\">https:\/\/doi.org\/10.1016\/j.jelechem.2020.114894<\/a> <a href=\"https:\/\/doi.org\/10.1016\/j.chemosphere.2020.129451\">https:\/\/doi.org\/10.1016\/j.chemosphere.2020.129451<\/a>. <a href=\"https:\/\/doi.org\/10.1016\/j.chemosphere.2021.131303\">https:\/\/doi.org\/10.1016\/j.chemosphere.2021.131303<\/a> &nbsp; <br>2. Colaboraci\u00f3n con la Dra. Fernada L. Souza (U. Sao Paulo, Brasil), aprovechando una estancia breve en nuestros laboratorios se ha comparado la efectividad de reactores de electrolisis convencionales y tipo PEM para evaluar la degradaci\u00f3n competitiva de f\u00e1rmacos y otros compuestos org\u00e1nicos en efluentes diluidos dentro del paquete de trabajo 6 y en aguas subterr\u00e1neas dentro del paquete de trabajo 7. Fruto de esta colaboraci\u00f3n se han publicado 3 art\u00edculos cient\u00edficos: <a href=\"https:\/\/doi.org\/10.1016\/j.cej.2021.128531\">https:\/\/doi.org\/10.1016\/j.cej.2021.128531<\/a> <a href=\"https:\/\/doi.org\/10.1016\/j.seppur.2020.118189\">https:\/\/doi.org\/10.1016\/j.seppur.2020.118189<\/a> https:\/\/doi.org\/10.1016\/j.jelechem.2022.116173 &nbsp; <br>3. Colaboraci\u00f3n con el grupo del Prof. A. R\u00edos de la UCLM especialistas en Qu\u00edmica Anal\u00edtica, y que nos han dado soporte en la determinaci\u00f3n de f\u00e1rmacos en aguas a muy baja concentraci\u00f3n. Esta colaboraci\u00f3n ha dado lugar a dos publicacioones conjuntas, en las que tambi\u00e9n colabor\u00f3 la Dr. Souza: <a href=\"https:\/\/doi.org\/10.1016\/j.cej.2021.128531\">https:\/\/doi.org\/10.1016\/j.cej.2021.128531<\/a> https:\/\/doi.org\/10.1016\/j.jelechem.2022.116173 &nbsp; <br>4. Colaboraci\u00f3n con el grupo del Prof. Salazar Banda y la Dra. Eguiluz de la Universidad de Tiradentes (Brasil). Esta colaboraci\u00f3n no est\u00e1 prevista inicialmente. Se ha centrado en el estudio de la efectividad de nuevos materiales electr\u00f3dicos (MMO sintetizados con microondas) para el tratamiento de orinas dentro del paquete de trabajo 6 y 7, aprovechando la estancia de investigaci\u00f3n de D\u00f1a. Isabelle Mar\u00eda Duarte Gonzaga y posteriormente de D\u00f1a. Aline Doria y D\u00f1a Raira Castro. Fruto de esta colaboraci\u00f3n se han publicado 5 art\u00edculos cient\u00edficos y se ha codirigido la tesis doctoral de D\u00f1a. Aline Doria: <a href=\"https:\/\/doi.org\/10.1016\/j.cej.2021.129999\">https:\/\/doi.org\/10.1016\/j.cej.2021.129999<\/a> <a href=\"https:\/\/doi.org\/10.1016\/j.electacta.2021.139012\">https:\/\/doi.org\/10.1016\/j.electacta.2021.139012<\/a> <a href=\"https:\/\/doi.org\/10.1016\/j.chemosphere.2020.129451\">https:\/\/doi.org\/10.1016\/j.chemosphere.2020.129451<\/a> <a rel=\"noreferrer noopener\" href=\"https:\/\/doi.org\/10.1016\/j.seppur.2021.120260\" target=\"_blank\">https:\/\/doi.org\/10.1016\/j.seppur.2021.120260<\/a> <a href=\"https:\/\/doi.org\/10.1016\/j.seppur.2023.124053\">https:\/\/doi.org\/10.1016\/j.seppur.2023.124053<\/a> https:\/\/doi.org\/10.1016\/j.apcatb.2023.123092 &nbsp; <br>5. Colaboraci\u00f3n con el grupo del Dr. Mart\u00ednez-Huitle y la Dra. Vieira do Santos de la Universidad de Rio Grande do Norte (Brasil), aprovechando la estancia de investigaci\u00f3n predoctoral de su estudiante Dra. Mayra Monteiro dentro del paquete de trabajo 5 y que se ha centrado en el estudio de generaci\u00f3n electroqu\u00edmica de di\u00f3xido de cloro para su empleo en la desinfecci\u00f3n y\/o degradaci\u00f3n de orinas. Fruto de esta colaboraci\u00f3n se han publicado 3 art\u00edculos cient\u00edficos: https:\/\/doi.org\/10.3390\/catal12030315 https:\/\/doi.org\/10.1002\/jctb.7073 https:\/\/doi.org\/10.1021\/acs.iecr.1c04845 &nbsp; 6. Colaboraci\u00f3n con la Dra. Araujo la Universidad de Rio Grande do Norte (Brasil). Aprovechando una estancia breve de la investigadora en nuestros laboratorios, se ha trabajado en el desarrollo y estudio del proceso electroFenton a presi\u00f3n, empleando un reactor microflu\u00eddico para la degradaci\u00f3n parcial de meropenem en orinas hospitalarias, en el marco del paquete de trabajo 6. Se ha realizado una publicaci\u00f3n conjunta: <a href=\"https:\/\/doi.org\/10.1016\/j.seppur.2021.119398\">https:\/\/doi.org\/10.1016\/j.seppur.2021.119398<\/a> &nbsp; <br>6. Colaboraci\u00f3n con el grupo de la Prof. Sanrom\u00e1n de la Universidad de Vigo (Espa\u00f1a), y aprovechando una estancia predoctoral de la Ing. Ver\u00f3nica Poza, se ha colaborado en el empleo de nuevos catalizadores para optimizar el proceso de electroFenton heterog\u00e9neo dentro del paquete de trabajo 6. Se han publicado dos trabajos conjuntos: <a href=\"https:\/\/doi.org\/10.1016\/j.jelechem.2021.115475\">https:\/\/doi.org\/10.1016\/j.jelechem.2021.115475<\/a> <a rel=\"noreferrer noopener\" href=\"https:\/\/doi.org\/10.1016\/j.cej.2021.133280\" target=\"_blank\">https:\/\/doi.org\/10.1016\/j.cej.2021.133280<\/a> &nbsp; 7. Colaboraci\u00f3n con el Dr. V\u00edtor Vilar de la Universidad de Oporto (Portugal), especialista en procesos de oxidaci\u00f3n avanzada y de membrana. El contratado Ing. Herraiz ha realizado una estancia de investigaci\u00f3n en su laboratorio dentro del marco del paquete de trabajo 5 y 6, para la evaluar el tratamiento de orinas por procesos de membrana como pretratamiento o postratamiento a los procesos electroqu\u00edmicos. Se ha elaborado un art\u00edculo cient\u00edfico y se ha enviado a evaluaci\u00f3n por pares a JECE: <em>Continuous-flow titration of low iron doses to promote photo-Fenton and photo-Fenton-like processes at neutral pH: Assessment of CECs removal from urban wastewater after secondary treatment. Carla Santos, Miguel Herraiz-Carbon\u00e9, Engracia Lacasa, Cristina S<\/em>\u00e1ez,<em> Rosa Montes, Jos\u00e9 B. Quintana, Rosario Rodil, Ana I. Gomes, V\u00edtor J.P. Vilar.<\/em> &nbsp; <br>8. Colaboraci\u00f3n con el grupo de la Prof. Verlicchi de la Universidad de Ferrara, especialista en la evaluaci\u00f3n del riesgo ambiental debido a la presencia de compuestos de preocupaci\u00f3n emergente en medios acu\u00e1ticos y que ha investigado en profundidad la tratabilidad y el tratamiento de efluentes hospitalarios. La investigadora Dr. Lacasa y la estudiante de doctorado Ing. Moratalla han realizado sendas estancias de investigaci\u00f3n de tres meses en la Universidad de Ferrara durante el a\u00f1o 2022. &nbsp;<\/td><\/tr><\/tbody><\/table><\/figure>\n","protected":false},"excerpt":{"rendered":"<p>&nbsp; Dentro del marco del proyecto se han realizado trabajos conjuntos entre los investigadores de la UCLM y del CHUA: https:\/\/doi.org\/10.1016\/j.jhazmat.2021.128028 https:\/\/doi.org\/10.1016\/j.scitotenv.2021.149150 https:\/\/doi.org\/10.1016\/j.jclepro.2021.128865 &nbsp;https:\/\/doi.org\/10.1016\/j.psep.2022.09.066 &nbsp; Adem\u00e1s, se han colaborado con los investigadores internacionales incluidos en la propuesta, y adem\u00e1s se &hellip; <a href=\"https:\/\/blog.uclm.es\/proyectoetechu\/collaboration-with-other-research-group\/\">Sigue leyendo <span class=\"meta-nav\">&rarr;<\/span><\/a><\/p>\n","protected":false},"author":437,"featured_media":0,"parent":0,"menu_order":0,"comment_status":"closed","ping_status":"closed","template":"","meta":{"footnotes":""},"class_list":["post-41","page","type-page","status-publish","hentry"],"_links":{"self":[{"href":"https:\/\/blog.uclm.es\/proyectoetechu\/wp-json\/wp\/v2\/pages\/41","targetHints":{"allow":["GET"]}}],"collection":[{"href":"https:\/\/blog.uclm.es\/proyectoetechu\/wp-json\/wp\/v2\/pages"}],"about":[{"href":"https:\/\/blog.uclm.es\/proyectoetechu\/wp-json\/wp\/v2\/types\/page"}],"author":[{"embeddable":true,"href":"https:\/\/blog.uclm.es\/proyectoetechu\/wp-json\/wp\/v2\/users\/437"}],"replies":[{"embeddable":true,"href":"https:\/\/blog.uclm.es\/proyectoetechu\/wp-json\/wp\/v2\/comments?post=41"}],"version-history":[{"count":2,"href":"https:\/\/blog.uclm.es\/proyectoetechu\/wp-json\/wp\/v2\/pages\/41\/revisions"}],"predecessor-version":[{"id":43,"href":"https:\/\/blog.uclm.es\/proyectoetechu\/wp-json\/wp\/v2\/pages\/41\/revisions\/43"}],"wp:attachment":[{"href":"https:\/\/blog.uclm.es\/proyectoetechu\/wp-json\/wp\/v2\/media?parent=41"}],"curies":[{"name":"wp","href":"https:\/\/api.w.org\/{rel}","templated":true}]}}