{"id":21,"date":"2023-10-15T19:52:58","date_gmt":"2023-10-15T17:52:58","guid":{"rendered":"https:\/\/blog.uclm.es\/proyectoelectrorefin4o\/?page_id=21"},"modified":"2023-10-15T20:00:44","modified_gmt":"2023-10-15T18:00:44","slug":"investigadores","status":"publish","type":"page","link":"https:\/\/blog.uclm.es\/proyectoelectrorefin4o\/investigadores\/","title":{"rendered":"Investigadores"},"content":{"rendered":"\n<p>Equipo de Investigaci\u00f3n<\/p>\n\n\n\n<p>Prof. Dr. Manuel Andr\u00e9s Rodrigo Rodrigo. Catedr\u00e1tico de Universidad. Universidad de Castilla La Mancha.<br>Prof. Dr. Justo Lobato Bajo. Catedr\u00e1tico de Universidad. Universidad de Castilla La Mancha.<br>Dr. Javier Llanos L\u00f3pez. Profesor Titular de Universidad. Universidad de Castilla La Mancha.<br>Dra. Carmen Mar\u00eda Fern\u00e1ndez-Marchante. Profesora Contratada Doctora. Universidad de Castilla La Mancha.<\/p>\n\n\n\n<p>Equipo de Trabajo<\/p>\n\n\n\n<p>Prof. Dr. Elisama Vieira Dos Santos. Universidad Federal de Rio Grande do Norte, Brasil.<br>Prof. Dr. Gabriela Roa Morales. Universidad Aut\u00f3noma del Estado de M\u00e9xico. M\u00e9xico.<br>Prof. Dr. Artur Jesus de Motheo. Universidad de Sao Paulo, Brasil.<br>Prof. Dr. Carlos Eduardo Barrera D\u00eda. Universidad Aut\u00f3noma del Estado de M\u00e9xico. M\u00e9xico.<br>Prof. Dr. Marcos Roberto Lanza. Universidad de Sao Paulo. Brasil.<br>Prof. Dr. Onofrio Scialdone. Universita degli Studi di Palermo. Italia.<br>Prof. Dr. Carlos Alberto Mart\u00ednez-Huitle. Universidad Federal de Rio Grande do Norte. Brasil.<br>Prof. Dr. Giancarlo Richard Salazar -Banda. Universidade Tiradentes. Brasil.<br>Prof. Dr. Ricardo Salazar Gonz\u00e1lez. Universidad de Santiago de Chile. Chile<\/p>\n","protected":false},"excerpt":{"rendered":"<p>Equipo de Investigaci\u00f3n Prof. Dr. Manuel Andr\u00e9s Rodrigo Rodrigo. Catedr\u00e1tico de Universidad. Universidad de Castilla La Mancha.Prof. Dr. Justo Lobato Bajo. Catedr\u00e1tico de Universidad. Universidad de Castilla La Mancha.Dr. Javier Llanos L\u00f3pez. Profesor Titular de Universidad. Universidad de Castilla La Mancha.Dra. Carmen Mar\u00eda Fern\u00e1ndez-Marchante. Profesora Contratada Doctora. Universidad de Castilla La Mancha. Equipo de Trabajo [&hellip;]<\/p>\n","protected":false},"author":213,"featured_media":0,"parent":0,"menu_order":0,"comment_status":"closed","ping_status":"closed","template":"","meta":{"footnotes":""},"class_list":["post-21","page","type-page","status-publish","hentry"],"_links":{"self":[{"href":"https:\/\/blog.uclm.es\/proyectoelectrorefin4o\/wp-json\/wp\/v2\/pages\/21","targetHints":{"allow":["GET"]}}],"collection":[{"href":"https:\/\/blog.uclm.es\/proyectoelectrorefin4o\/wp-json\/wp\/v2\/pages"}],"about":[{"href":"https:\/\/blog.uclm.es\/proyectoelectrorefin4o\/wp-json\/wp\/v2\/types\/page"}],"author":[{"embeddable":true,"href":"https:\/\/blog.uclm.es\/proyectoelectrorefin4o\/wp-json\/wp\/v2\/users\/213"}],"replies":[{"embeddable":true,"href":"https:\/\/blog.uclm.es\/proyectoelectrorefin4o\/wp-json\/wp\/v2\/comments?post=21"}],"version-history":[{"count":2,"href":"https:\/\/blog.uclm.es\/proyectoelectrorefin4o\/wp-json\/wp\/v2\/pages\/21\/revisions"}],"predecessor-version":[{"id":39,"href":"https:\/\/blog.uclm.es\/proyectoelectrorefin4o\/wp-json\/wp\/v2\/pages\/21\/revisions\/39"}],"wp:attachment":[{"href":"https:\/\/blog.uclm.es\/proyectoelectrorefin4o\/wp-json\/wp\/v2\/media?parent=21"}],"curies":[{"name":"wp","href":"https:\/\/api.w.org\/{rel}","templated":true}]}}