{"id":17,"date":"2018-09-23T21:29:24","date_gmt":"2018-09-23T20:29:24","guid":{"rendered":"http:\/\/blog.uclm.es\/proyectoeden\/?page_id=17"},"modified":"2022-10-25T16:36:06","modified_gmt":"2022-10-25T16:36:06","slug":"4-paquetes-de-trabajo","status":"publish","type":"page","link":"https:\/\/blog.uclm.es\/proyectoeden\/4-paquetes-de-trabajo\/","title":{"rendered":"4. Paquetes de trabajo y desarrollo realizado"},"content":{"rendered":"<p><strong>Estructura del proyecto<\/strong><\/p>\n<p>Etapa 0. Gesti\u00f3n organizativa y del conocimiento.<br \/>\nEtapa 1. Desarrollo tecnol\u00f3gico de sistemas de electrolisis<br \/>\nEtapa 2. Desarrollo de celdas de combustible PEM basadas en PBI para producci\u00f3n de energ\u00eda a partir de cloro e hidr\u00f3geno.<br \/>\nEtapa 3. Absorci\u00f3n de CO2 y producci\u00f3n de carbonato s\u00f3dico.<br \/>\nEtapa 4. Alimentaci\u00f3n con fuentes de energ\u00eda renovable del proceso de producci\u00f3n de cloro y sosa.<br \/>\nEtapa 5. Escalado, Integraci\u00f3n e Ingenier\u00eda de Procesos.<br \/>\nEtapa 6. Prueba de concepto de la tecnolog\u00eda completa.<\/p>\n<p><strong>Desarrollo del Proyecto<\/strong><\/p>\n<p>Actividad 1: Desarrollo tecnol\u00f3gico de sistemas de electrolisis.<br \/>\nSe han desarrollado tres novedosos prototipos de celdas electrol\u00edticas y varias formulaciones de electrodos, tanto de tipo MMO como de tipo DDB para optimizar la oxidaci\u00f3n de cloruros y cloruro de hidr\u00f3geno a cloro gas. Asimismo, se han desarrollado electrodos basados en recubrimiento de platino para favorecer la reducci\u00f3n del agua a hidr\u00f3geno. El dispositivo experimental se ha completado mediante el desarrollo de gas\u00f3metros con los que almacenar el cloro y el hidr\u00f3geno productos de la electrolisis. Se ha probado la influencia de la composici\u00f3n el electrolito, incluyendo rechazos de electrodi\u00e1lisis. M\u00e1s informaci\u00f3n acerca de los logros alcanzados est\u00e1 disponible en: 10.1016\/j.seppur.2020.118189; 10.1016\/ j.chemosphere. 2019.125455; 10.1016\/j.jelechem.2019.113756; 10.1016\/ j.jelechem.2019. 113416. Adem\u00e1s, se ha defendido el trabajo fin de M\u00e1ster de Jolanda Conti, titulado \u201cDesarrollo de celdas electroqu\u00edmicas reversibles cloro-hidr\u00f3geno\u201d (Directores: M.A. Rodrigo y O. Scialdone). Los miembros del equipo de investigaci\u00f3n que han desarrollado esta actividad han sido J. Llanos. J. Lobato y C. Saez, coordinados por M.A. Rodrigo. Del equipo de trabajo han participado M. Carvela, G. Salazar y O. Scialdone.<\/p>\n<p>Actividad 2: Desarrollo de celdas de combustible PEM basadas en PBI para producci\u00f3n de energ\u00eda a partir de cloro e hidr\u00f3geno<br \/>\nSe han modificado las celdas electrol\u00edticas desarrollados en la actividad anterior para ser utilizadas como celdas de combustible. Para introducir los gases a la celda se han estudiado varias variantes: introducci\u00f3n directa, introducci\u00f3n por mezclador Venturi e introducci\u00f3n por generador mec\u00e1nico de microburbuja. Asimismo, se ha desarrollado un tercer prototipo para trabajar con gases a temperaturas superiores a la de ebullici\u00f3n del agua basado en el uso de MEAs con membranas de PBI. M\u00e1s informaci\u00f3n acerca de los logros alcanzados se puede seguir en los siguientes trabajos publicados: 10.1016\/j.electacta.2021.138542; 10.1016\/j.jelechem. 2021.115940. Tambi\u00e9n, se ha defendido el trabajo fin de M\u00e1ster de Sofia Moreno, titulado \u201cDesarrollo del sistema experimental para estudio de celdas electroqu\u00edmicas con electrolitos corrosivos\u201d en la convocatoria de julio de 2019 del Master Universitario en Ingenier\u00eda Qu\u00edmica (Directores: M.A. Rodrigo y J. Llanos). Los miembros del equipo de investigaci\u00f3n que han participado en esta actividad han sido C.M. Fern\u00e1ndez-Marchante. J. Llanos, M.A. Rodrigo y Pablo Ca\u00f1izares, coordinados por J. Lobato. Del equipo de trabajo ha participado M. Carvela.<\/p>\n<p>Actividad 3: Absorci\u00f3n de CO2 y producci\u00f3n de carbonato s\u00f3dico<br \/>\nSe ha llevado a cabo un estudio en el que se han dise\u00f1ado con ayuda del simulador ASPEN plantas para la fijaci\u00f3n de CO2 utilizando corrientes fuertemente alcalinas como las generadas en procesos cloro-alcalinos, evaluando la influencia de las condiciones de operaci\u00f3n en la especiaci\u00f3n de los distintos tipos de carbonatos cristalizables. Con los datos obtenidos se han dise\u00f1ado y construido dos plantas para absorci\u00f3n de CO2, una basada en tecnolog\u00eda de columna de relleno y otra basada en tecnolog\u00eda de pulverizaci\u00f3n que ha sido evaluadas. Se ha desarrollados varios sistemas para la concentraci\u00f3n por evaporaci\u00f3n de las suspensiones de carbonato s\u00f3dico y sal, utilizando diferentes aproximaciones (el\u00e9ctrica, gases calientes, panel solar, etc.) M\u00e1s informaci\u00f3n acerca de los logros alcanzados se puede seguir en el siguiente trabajo: 10.1002\/celc.202101080. Tambi\u00e9n se ha defendido el trabajo fin de Grado de Eduardo Osorio, titulado \u201cPlanta para la producci\u00f3n de carbonato s\u00f3dico a partir de efluentes gaseosos de combusti\u00f3n\u201d, correspondiente al Grado en Ingenier\u00eda Qu\u00edmica (Director: M.A. Rodrigo). Los miembros del equipo de investigaci\u00f3n que han participado en esta actividad han sido J. Llanos. C.M. Fernandez-Marchante y M.A. Rodrigo, coordinados por P. Ca\u00f1izares. Del equipo de trabajo han participado M. Carvela e I. Fernandez.<\/p>\n<p>Actividad 4: Alimentaci\u00f3n con fuentes de energ\u00eda renovable del proceso de producci\u00f3n de cloro y sosa.<br \/>\nSe han adaptado las instalaciones de aerogenerador y paneles solares a la aplicaci\u00f3n buscada con EDEN, ajustando las potencias que hay que aportar a los electrolizadores y desarrollando sistemas de gesti\u00f3n energ\u00e9tica y realizando numerosas pruebas para el ajuste de las tecnolog\u00edas y de los sistemas de almacenamiento de los reactivos. Los miembros del equipo de investigaci\u00f3n que han participado en esta actividad han sido J. Llanos, J. Lobato. C.M. Fernandez y M.A. Rodrigo, coordinados por C. Saez. Del equipo de trabajo han participado M. Carvela y tambi\u00e9n ha sido muy relevante la actuaci\u00f3n del contratado Juan de la Cierva, D. I. Fernandez.<\/p>\n<p>Actividad 5: Escalado, Integraci\u00f3n e Ingenier\u00eda de Procesos.<br \/>\nSe han desarrollado celdas reversibles de mayor tama\u00f1o (pasando de 4 a 30 cm2 de \u00e1rea electr\u00f3dica en cada celda) y se ha evaluado la integraci\u00f3n de todos los elementos, tanto electroqu\u00edmicos como paneles solares, absorci\u00f3n, concentraci\u00f3n\/secado y almacenamiento. M\u00e1s informaci\u00f3n acerca de los logros alcanzados se puede seguir en los siguientes trabajos publicados: 10.1016\/j.chemosphere.2020.126795; 10.1016\/j.chemosphere.2021.131359; 10.1016\/j.ijhydene.2021.07.089; 10.3390\/catal10111263; 10.1016\/j.seppur.2020.117017Ha participado todo el equipo solicitante de la propuesta coordinado por el IP. Del equipo de trabajo han participado M. Carvela y tambi\u00e9n ha sido muy relevante la la actuaci\u00f3n del contratado Juan de la Cierva, Dr. M.A. Montiel.<\/p>\n<p>Actividad 6: Prueba de concepto de la tecnolog\u00eda completa.<br \/>\nSe ha dise\u00f1ado, construido y evaluado un prototipo completo de la tecnolog\u00eda que ha permitido validar todas las hip\u00f3tesis en las que se basada nuestra propuesta. Ha participado todo el equipo solicitante de la propuesta coordinado por el IP. Del equipo de trabajo han participado M. Carvela y los contratados Juan de la Cierva, D. I Fernandez y Dr. M.A. Montiel. Se ha publicado el siguiente trabajo 10.1016\/j.egyr.2022.03.198.<\/p>\n<p>Actividad 7. Gesti\u00f3n organizativa y del conocimiento.<br \/>\nSe ha realizado la gesti\u00f3n de todos los aspectos organizativos y de conocimiento del proyecto. Como personal investigador en formaci\u00f3n se ha contratado a la Ingeniera Mireya Carvela que, adem\u00e1s, est\u00e1 finalizando su tesis doctoral en el marco del proyecto. Asimismo, se ha contribuido a la formaci\u00f3n de dos m\u00e1steres y un graduado en Ingenier\u00eda Qu\u00edmica con la realizaci\u00f3n de sus TFE. Se ha coordinado la publicaci\u00f3n de conocimientos en cada una de las actividades y, adem\u00e1s, en base a conocimientos adquiridos tanto en este proyecto como en otros en los que trabaja el grupo se ha publicado dos art\u00edculos de revisi\u00f3n: 10.1016\/ j.apcatb. 2020.118857; 10.1016\/j.coelec.2019.07.002. Tambi\u00e9n se ha coordinado la presentaci\u00f3n de resultados en varios congresos. Se han mantenido reuniones con empresas en el contexto de la acumulaci\u00f3n de energ\u00eda, aunque la soluci\u00f3n que se les va a proponer va a ser algo diferente, al estar todav\u00eda en un TRL bajo la alternativa estudiada en este proyecto. Se ha registrado la marca EDEN\u00ae para el conjunto de la tecnolog\u00eda desarrollada y se ha conseguido financiaci\u00f3n para continuar con la idea incrementando el TRL mediante el proyecto NEAT4SUsT+, (PID2019-107271RB-I00) y mediante dos solicitudes que actualmente est\u00e1n en evaluaci\u00f3n para aplicaci\u00f3n de la tecnolog\u00eda EDEN en el sector del vino y en el del transporte, a trav\u00e9s de su aplicaci\u00f3n a motore diesel. Por \u00faltimo, se ha realizado y conseguido una solicitud de fondos FEDER con los que comprar equipamientos que permitan la mejor caracterizaci\u00f3n de superficies electr\u00f3dicas. Ha participado todo el equipo solicitante de la propuesta coordinado por el IP. Del equipo de trabajo han participado M. Carvela y los dos contratados JdC.<\/p>\n","protected":false},"excerpt":{"rendered":"<p>Estructura del proyecto Etapa 0. Gesti\u00f3n organizativa y del conocimiento. Etapa 1. Desarrollo tecnol\u00f3gico de sistemas de electrolisis Etapa 2. Desarrollo de celdas de combustible PEM basadas en PBI para producci\u00f3n de energ\u00eda a partir de cloro e hidr\u00f3geno. Etapa 3. Absorci\u00f3n de CO2 y producci\u00f3n de carbonato s\u00f3dico. Etapa 4. Alimentaci\u00f3n con fuentes de &hellip; <\/p>\n<p class=\"link-more\"><a href=\"https:\/\/blog.uclm.es\/proyectoeden\/4-paquetes-de-trabajo\/\" class=\"more-link\">Continuar leyendo<span class=\"screen-reader-text\"> \u00ab4. Paquetes de trabajo y desarrollo realizado\u00bb<\/span><\/a><\/p>\n","protected":false},"author":213,"featured_media":0,"parent":0,"menu_order":0,"comment_status":"closed","ping_status":"closed","template":"","meta":{"footnotes":""},"class_list":["post-17","page","type-page","status-publish","hentry"],"_links":{"self":[{"href":"https:\/\/blog.uclm.es\/proyectoeden\/wp-json\/wp\/v2\/pages\/17","targetHints":{"allow":["GET"]}}],"collection":[{"href":"https:\/\/blog.uclm.es\/proyectoeden\/wp-json\/wp\/v2\/pages"}],"about":[{"href":"https:\/\/blog.uclm.es\/proyectoeden\/wp-json\/wp\/v2\/types\/page"}],"author":[{"embeddable":true,"href":"https:\/\/blog.uclm.es\/proyectoeden\/wp-json\/wp\/v2\/users\/213"}],"replies":[{"embeddable":true,"href":"https:\/\/blog.uclm.es\/proyectoeden\/wp-json\/wp\/v2\/comments?post=17"}],"version-history":[{"count":2,"href":"https:\/\/blog.uclm.es\/proyectoeden\/wp-json\/wp\/v2\/pages\/17\/revisions"}],"predecessor-version":[{"id":74,"href":"https:\/\/blog.uclm.es\/proyectoeden\/wp-json\/wp\/v2\/pages\/17\/revisions\/74"}],"wp:attachment":[{"href":"https:\/\/blog.uclm.es\/proyectoeden\/wp-json\/wp\/v2\/media?parent=17"}],"curies":[{"name":"wp","href":"https:\/\/api.w.org\/{rel}","templated":true}]}}