{"id":48,"date":"2025-05-20T12:37:58","date_gmt":"2025-05-20T10:37:58","guid":{"rendered":"https:\/\/blog.uclm.es\/proyectodynnova\/?page_id=48"},"modified":"2025-05-20T13:22:52","modified_gmt":"2025-05-20T11:22:52","slug":"introduccion-a-la-medida-y-control-de-vibraciones-y-ruido","status":"publish","type":"page","link":"https:\/\/blog.uclm.es\/proyectodynnova\/introduccion-a-la-medida-y-control-de-vibraciones-y-ruido\/","title":{"rendered":"Introducci\u00f3n a la medida y control de vibraciones y ruido"},"content":{"rendered":"\n<p>J.M. Chicharro, A. Garc\u00eda-Berrocal y R. Medina, \u00abINTRODUCCI\u00d3N A LA MEDIDA Y CONTROL DE VIBRACIONES Y RUIDO\u00bb, Colecci\u00f3n Fundamentos F\u00edsicos de la Ingenier\u00eda, ISBN 84-95063-23-9, Servicio de Publicaciones Fundaci\u00f3n G\u00f3mez-Pardo (2002)<\/p>\n\n\n\n<div data-wp-interactive=\"core\/file\" class=\"wp-block-file\"><object data-wp-bind--hidden=\"!state.hasPdfPreview\" hidden class=\"wp-block-file__embed\" data=\"https:\/\/blog.uclm.es\/proyectodynnova\/wp-content\/uploads\/sites\/322\/2025\/05\/RuidoA4_fin.pdf\" type=\"application\/pdf\" style=\"width:100%;height:600px\" aria-label=\"Incrustado de INTRODUCCI\u00d3N A LA MEDIDA Y CONTROL DE VIBRACIONES Y RUIDO.\"><\/object><a id=\"wp-block-file--media-311d55c6-e192-4072-969c-8123ceda52b6\" href=\"https:\/\/blog.uclm.es\/proyectodynnova\/wp-content\/uploads\/sites\/322\/2025\/05\/RuidoA4_fin.pdf\">INTRODUCCI\u00d3N A LA MEDIDA Y CONTROL DE VIBRACIONES Y RUIDO<\/a><a href=\"https:\/\/blog.uclm.es\/proyectodynnova\/wp-content\/uploads\/sites\/322\/2025\/05\/RuidoA4_fin.pdf\" class=\"wp-block-file__button wp-element-button\" download aria-describedby=\"wp-block-file--media-311d55c6-e192-4072-969c-8123ceda52b6\">Descarga<\/a><\/div>\n\n\n\n<p><\/p>\n","protected":false},"excerpt":{"rendered":"<p>J.M. Chicharro, A. Garc\u00eda-Berrocal y R. Medina, \u00abINTRODUCCI\u00d3N A LA MEDIDA Y CONTROL DE VIBRACIONES Y RUIDO\u00bb, Colecci\u00f3n Fundamentos F\u00edsicos de la Ingenier\u00eda, ISBN 84-95063-23-9, Servicio de Publicaciones Fundaci\u00f3n G\u00f3mez-Pardo (2002)<\/p>\n","protected":false},"author":531,"featured_media":0,"parent":0,"menu_order":0,"comment_status":"open","ping_status":"closed","template":"","meta":{"footnotes":""},"class_list":["post-48","page","type-page","status-publish","hentry"],"_links":{"self":[{"href":"https:\/\/blog.uclm.es\/proyectodynnova\/wp-json\/wp\/v2\/pages\/48","targetHints":{"allow":["GET"]}}],"collection":[{"href":"https:\/\/blog.uclm.es\/proyectodynnova\/wp-json\/wp\/v2\/pages"}],"about":[{"href":"https:\/\/blog.uclm.es\/proyectodynnova\/wp-json\/wp\/v2\/types\/page"}],"author":[{"embeddable":true,"href":"https:\/\/blog.uclm.es\/proyectodynnova\/wp-json\/wp\/v2\/users\/531"}],"replies":[{"embeddable":true,"href":"https:\/\/blog.uclm.es\/proyectodynnova\/wp-json\/wp\/v2\/comments?post=48"}],"version-history":[{"count":2,"href":"https:\/\/blog.uclm.es\/proyectodynnova\/wp-json\/wp\/v2\/pages\/48\/revisions"}],"predecessor-version":[{"id":69,"href":"https:\/\/blog.uclm.es\/proyectodynnova\/wp-json\/wp\/v2\/pages\/48\/revisions\/69"}],"wp:attachment":[{"href":"https:\/\/blog.uclm.es\/proyectodynnova\/wp-json\/wp\/v2\/media?parent=48"}],"curies":[{"name":"wp","href":"https:\/\/api.w.org\/{rel}","templated":true}]}}

Introducción a la medida y control de vibraciones y ruido

<p>J.M. Chicharro, A. García-Berrocal y R. Medina, «INTRODUCCIÓN A LA MEDIDA Y CONTROL DE VIBRACIONES Y RUIDO», Colección Fundamentos Físicos de la Ingeniería, ISBN 84-95063-23-9, Servicio de Publicaciones Fundación Gómez-Pardo (2002)</p>



<div data-wp-interactive="core/file" class="wp-block-file"><object data-wp-bind--hidden="!state.hasPdfPreview" hidden class="wp-block-file__embed" data="https://blog.uclm.es/proyectodynnova/wp-content/uploads/sites/322/2025/05/RuidoA4_fin.pdf" type="application/pdf" style="width:100%;height:600px" aria-label="Incrustado de INTRODUCCIÓN A LA MEDIDA Y CONTROL DE VIBRACIONES Y RUIDO."></object><a id="wp-block-file--media-311d55c6-e192-4072-969c-8123ceda52b6" href="https://blog.uclm.es/proyectodynnova/wp-content/uploads/sites/322/2025/05/RuidoA4_fin.pdf">INTRODUCCIÓN A LA MEDIDA Y CONTROL DE VIBRACIONES Y RUIDO</a><a href="https://blog.uclm.es/proyectodynnova/wp-content/uploads/sites/322/2025/05/RuidoA4_fin.pdf" class="wp-block-file__button wp-element-button" download aria-describedby="wp-block-file--media-311d55c6-e192-4072-969c-8123ceda52b6">Descarga</a></div>



<p></p>

<p>J.M. Chicharro, A. García-Berrocal y R. Medina, «INTRODUCCIÓN A LA MEDIDA Y CONTROL DE VIBRACIONES Y RUIDO», Colección Fundamentos Físicos de la Ingeniería, ISBN 84-95063-23-9, Servicio de Publicaciones Fundación Gómez-Pardo (2002)</p>
