{"id":1125,"date":"2020-10-27T11:31:59","date_gmt":"2020-10-27T10:31:59","guid":{"rendered":"http:\/\/blog.uclm.es\/proyectocresta\/?page_id=1125"},"modified":"2022-12-14T18:07:15","modified_gmt":"2022-12-14T18:07:15","slug":"iseminariocresta","status":"publish","type":"page","link":"https:\/\/blog.uclm.es\/proyectocresta\/iseminariocresta\/","title":{"rendered":"ISeminarioCresta"},"content":{"rendered":"\n<figure class=\"wp-block-table\"><table><thead><tr><th><strong>I Seminario del Proyecto CRESTA<\/strong><\/th><\/tr><\/thead><tbody><tr><td>Seminario<\/td><\/tr><tr><td><strong>Directores<\/strong>: <a href=\"https:\/\/blog.uclm.es\/eduardodemetrio\/\" target=\"_blank\" rel=\"noreferrer noopener\">Eduardo Demetrio Crespo<\/a> &amp; Alfonso J. Garc\u00eda Figueroa &amp; Gema M\u00aa Marcilla C\u00f3rdoba (IP\u00b4s)<br><strong>Coordinaci\u00f3n<\/strong>: M\u00f3nica de la Cuerda Mart\u00edn &amp; Faustino Garc\u00eda de la Torre Garc\u00eda<br><strong>Marco<\/strong>: Proyecto de investigaci\u00f3n\u00a0<a href=\"https:\/\/blog.uclm.es\/proyectocresta\/\" target=\"_blank\" rel=\"noreferrer noopener\">\u201cCrisis del Derecho Penal del Estado de Derecho: Manifestaciones y tendencias\u201d (SBPLY\/17\/18501\/000223)<\/a><br><strong>Fecha<\/strong>: 16-17\/05\/2019<\/td><\/tr><tr><td><a href=\"https:\/\/blog.uclm.es\/proyectocresta\/wp-content\/uploads\/sites\/143\/2020\/03\/Triptico-26_04_2019.pdf\" target=\"_blank\" rel=\"noreferrer noopener\">Descargar el Tr\u00edptico<\/a><\/td><\/tr><tr><td><a href=\"https:\/\/blog.uclm.es\/proyectocresta\/wp-content\/uploads\/sites\/143\/2020\/03\/1-Programa-I-Seminario-Proyecto-CRESTA-1.pdf\" target=\"_blank\" rel=\"noreferrer noopener\">Descargar programa<\/a><\/td><\/tr><\/tbody><\/table><\/figure>\n\n\n<div class=\"wp-block-image\">\n<figure class=\"aligncenter size-large is-resized\"><img loading=\"lazy\" decoding=\"async\" src=\"https:\/\/blog.uclm.es\/proyectocresta\/wp-content\/uploads\/sites\/143\/2020\/03\/Cartel-I-Seminario-Proyecto-CRESTA-scaled-1-e1671041101245-364x1024.jpg\" alt=\"\" class=\"wp-image-733\" width=\"211\" height=\"594\" srcset=\"https:\/\/blog.uclm.es\/proyectocresta\/wp-content\/uploads\/sites\/143\/2020\/03\/Cartel-I-Seminario-Proyecto-CRESTA-scaled-1-e1671041101245-364x1024.jpg 364w, https:\/\/blog.uclm.es\/proyectocresta\/wp-content\/uploads\/sites\/143\/2020\/03\/Cartel-I-Seminario-Proyecto-CRESTA-scaled-1-e1671041101245-107x300.jpg 107w, https:\/\/blog.uclm.es\/proyectocresta\/wp-content\/uploads\/sites\/143\/2020\/03\/Cartel-I-Seminario-Proyecto-CRESTA-scaled-1-e1671041101245.jpg 400w\" sizes=\"auto, (max-width: 211px) 100vw, 211px\" \/><\/figure>\n<\/div>\n\n\n<figure class=\"wp-block-gallery has-nested-images columns-default is-cropped wp-block-gallery-1 is-layout-flex wp-block-gallery-is-layout-flex\">\n<figure class=\"wp-block-image size-large\"><img loading=\"lazy\" decoding=\"async\" width=\"1024\" height=\"768\" data-id=\"737\" src=\"https:\/\/blog.uclm.es\/proyectocresta\/wp-content\/uploads\/sites\/143\/2020\/03\/IMG_5836-1024x768.jpg\" alt=\"\" class=\"wp-image-737\" srcset=\"https:\/\/blog.uclm.es\/proyectocresta\/wp-content\/uploads\/sites\/143\/2020\/03\/IMG_5836-1024x768.jpg 1024w, https:\/\/blog.uclm.es\/proyectocresta\/wp-content\/uploads\/sites\/143\/2020\/03\/IMG_5836-300x225.jpg 300w, https:\/\/blog.uclm.es\/proyectocresta\/wp-content\/uploads\/sites\/143\/2020\/03\/IMG_5836-768x576.jpg 768w, https:\/\/blog.uclm.es\/proyectocresta\/wp-content\/uploads\/sites\/143\/2020\/03\/IMG_5836.jpg 1122w\" sizes=\"auto, (max-width: 767px) 89vw, (max-width: 1000px) 54vw, (max-width: 1071px) 543px, 580px\" \/><\/figure>\n\n\n\n<figure class=\"wp-block-image size-large\"><img loading=\"lazy\" decoding=\"async\" width=\"1024\" height=\"768\" data-id=\"755\" src=\"https:\/\/blog.uclm.es\/proyectocresta\/wp-content\/uploads\/sites\/143\/2020\/03\/IMG_5839-1024x768.jpg\" alt=\"\" class=\"wp-image-755\" srcset=\"https:\/\/blog.uclm.es\/proyectocresta\/wp-content\/uploads\/sites\/143\/2020\/03\/IMG_5839-1024x768.jpg 1024w, https:\/\/blog.uclm.es\/proyectocresta\/wp-content\/uploads\/sites\/143\/2020\/03\/IMG_5839-300x225.jpg 300w, https:\/\/blog.uclm.es\/proyectocresta\/wp-content\/uploads\/sites\/143\/2020\/03\/IMG_5839-768x576.jpg 768w, https:\/\/blog.uclm.es\/proyectocresta\/wp-content\/uploads\/sites\/143\/2020\/03\/IMG_5839.jpg 1122w\" sizes=\"auto, (max-width: 767px) 89vw, (max-width: 1000px) 54vw, (max-width: 1071px) 543px, 580px\" \/><\/figure>\n\n\n\n<figure class=\"wp-block-image size-large\"><img loading=\"lazy\" decoding=\"async\" width=\"1024\" height=\"768\" data-id=\"754\" src=\"https:\/\/blog.uclm.es\/proyectocresta\/wp-content\/uploads\/sites\/143\/2020\/03\/IMG_5836-1-1024x768.jpg\" alt=\"\" class=\"wp-image-754\" srcset=\"https:\/\/blog.uclm.es\/proyectocresta\/wp-content\/uploads\/sites\/143\/2020\/03\/IMG_5836-1-1024x768.jpg 1024w, https:\/\/blog.uclm.es\/proyectocresta\/wp-content\/uploads\/sites\/143\/2020\/03\/IMG_5836-1-300x225.jpg 300w, https:\/\/blog.uclm.es\/proyectocresta\/wp-content\/uploads\/sites\/143\/2020\/03\/IMG_5836-1-768x576.jpg 768w, https:\/\/blog.uclm.es\/proyectocresta\/wp-content\/uploads\/sites\/143\/2020\/03\/IMG_5836-1.jpg 1122w\" sizes=\"auto, (max-width: 767px) 89vw, (max-width: 1000px) 54vw, (max-width: 1071px) 543px, 580px\" \/><\/figure>\n\n\n\n<figure class=\"wp-block-image size-large\"><img loading=\"lazy\" decoding=\"async\" width=\"1024\" height=\"768\" data-id=\"756\" src=\"https:\/\/blog.uclm.es\/proyectocresta\/wp-content\/uploads\/sites\/143\/2020\/03\/IMG_5847-1024x768.jpg\" alt=\"\" class=\"wp-image-756\" srcset=\"https:\/\/blog.uclm.es\/proyectocresta\/wp-content\/uploads\/sites\/143\/2020\/03\/IMG_5847-1024x768.jpg 1024w, https:\/\/blog.uclm.es\/proyectocresta\/wp-content\/uploads\/sites\/143\/2020\/03\/IMG_5847-300x225.jpg 300w, https:\/\/blog.uclm.es\/proyectocresta\/wp-content\/uploads\/sites\/143\/2020\/03\/IMG_5847-768x576.jpg 768w, https:\/\/blog.uclm.es\/proyectocresta\/wp-content\/uploads\/sites\/143\/2020\/03\/IMG_5847.jpg 1122w\" sizes=\"auto, (max-width: 767px) 89vw, (max-width: 1000px) 54vw, (max-width: 1071px) 543px, 580px\" \/><\/figure>\n\n\n\n<figure class=\"wp-block-image size-large\"><img loading=\"lazy\" decoding=\"async\" width=\"1024\" height=\"768\" data-id=\"757\" src=\"https:\/\/blog.uclm.es\/proyectocresta\/wp-content\/uploads\/sites\/143\/2020\/03\/IMG_5854-1024x768.jpg\" alt=\"\" class=\"wp-image-757\" srcset=\"https:\/\/blog.uclm.es\/proyectocresta\/wp-content\/uploads\/sites\/143\/2020\/03\/IMG_5854-1024x768.jpg 1024w, https:\/\/blog.uclm.es\/proyectocresta\/wp-content\/uploads\/sites\/143\/2020\/03\/IMG_5854-300x225.jpg 300w, https:\/\/blog.uclm.es\/proyectocresta\/wp-content\/uploads\/sites\/143\/2020\/03\/IMG_5854-768x576.jpg 768w, https:\/\/blog.uclm.es\/proyectocresta\/wp-content\/uploads\/sites\/143\/2020\/03\/IMG_5854.jpg 1122w\" sizes=\"auto, (max-width: 767px) 89vw, (max-width: 1000px) 54vw, (max-width: 1071px) 543px, 580px\" \/><\/figure>\n\n\n\n<figure class=\"wp-block-image size-large\"><img loading=\"lazy\" decoding=\"async\" width=\"1024\" height=\"768\" data-id=\"746\" src=\"https:\/\/blog.uclm.es\/proyectocresta\/wp-content\/uploads\/sites\/143\/2020\/03\/IMG_5879-1024x768.jpg\" alt=\"\" class=\"wp-image-746\" srcset=\"https:\/\/blog.uclm.es\/proyectocresta\/wp-content\/uploads\/sites\/143\/2020\/03\/IMG_5879-1024x768.jpg 1024w, https:\/\/blog.uclm.es\/proyectocresta\/wp-content\/uploads\/sites\/143\/2020\/03\/IMG_5879-300x225.jpg 300w, https:\/\/blog.uclm.es\/proyectocresta\/wp-content\/uploads\/sites\/143\/2020\/03\/IMG_5879-768x576.jpg 768w, https:\/\/blog.uclm.es\/proyectocresta\/wp-content\/uploads\/sites\/143\/2020\/03\/IMG_5879.jpg 1122w\" sizes=\"auto, (max-width: 767px) 89vw, (max-width: 1000px) 54vw, (max-width: 1071px) 543px, 580px\" \/><\/figure>\n\n\n\n<figure class=\"wp-block-image size-large\"><img loading=\"lazy\" decoding=\"async\" width=\"1024\" height=\"768\" data-id=\"740\" src=\"https:\/\/blog.uclm.es\/proyectocresta\/wp-content\/uploads\/sites\/143\/2020\/03\/IMG_5865-1024x768.jpg\" alt=\"\" class=\"wp-image-740\" srcset=\"https:\/\/blog.uclm.es\/proyectocresta\/wp-content\/uploads\/sites\/143\/2020\/03\/IMG_5865-1024x768.jpg 1024w, https:\/\/blog.uclm.es\/proyectocresta\/wp-content\/uploads\/sites\/143\/2020\/03\/IMG_5865-300x225.jpg 300w, https:\/\/blog.uclm.es\/proyectocresta\/wp-content\/uploads\/sites\/143\/2020\/03\/IMG_5865-768x576.jpg 768w, https:\/\/blog.uclm.es\/proyectocresta\/wp-content\/uploads\/sites\/143\/2020\/03\/IMG_5865.jpg 1122w\" sizes=\"auto, (max-width: 767px) 89vw, (max-width: 1000px) 54vw, (max-width: 1071px) 543px, 580px\" \/><\/figure>\n\n\n\n<figure class=\"wp-block-image size-large\"><img loading=\"lazy\" decoding=\"async\" width=\"1024\" height=\"768\" data-id=\"741\" src=\"https:\/\/blog.uclm.es\/proyectocresta\/wp-content\/uploads\/sites\/143\/2020\/03\/IMG_5866-1024x768.jpg\" alt=\"\" class=\"wp-image-741\" srcset=\"https:\/\/blog.uclm.es\/proyectocresta\/wp-content\/uploads\/sites\/143\/2020\/03\/IMG_5866-1024x768.jpg 1024w, https:\/\/blog.uclm.es\/proyectocresta\/wp-content\/uploads\/sites\/143\/2020\/03\/IMG_5866-300x225.jpg 300w, https:\/\/blog.uclm.es\/proyectocresta\/wp-content\/uploads\/sites\/143\/2020\/03\/IMG_5866-768x576.jpg 768w, https:\/\/blog.uclm.es\/proyectocresta\/wp-content\/uploads\/sites\/143\/2020\/03\/IMG_5866.jpg 1122w\" sizes=\"auto, (max-width: 767px) 89vw, (max-width: 1000px) 54vw, (max-width: 1071px) 543px, 580px\" \/><\/figure>\n\n\n\n<figure class=\"wp-block-image size-large\"><img loading=\"lazy\" decoding=\"async\" width=\"1024\" height=\"768\" data-id=\"738\" src=\"https:\/\/blog.uclm.es\/proyectocresta\/wp-content\/uploads\/sites\/143\/2020\/03\/IMG_5859-1024x768.jpg\" alt=\"\" class=\"wp-image-738\" srcset=\"https:\/\/blog.uclm.es\/proyectocresta\/wp-content\/uploads\/sites\/143\/2020\/03\/IMG_5859-1024x768.jpg 1024w, https:\/\/blog.uclm.es\/proyectocresta\/wp-content\/uploads\/sites\/143\/2020\/03\/IMG_5859-300x225.jpg 300w, https:\/\/blog.uclm.es\/proyectocresta\/wp-content\/uploads\/sites\/143\/2020\/03\/IMG_5859-768x576.jpg 768w, https:\/\/blog.uclm.es\/proyectocresta\/wp-content\/uploads\/sites\/143\/2020\/03\/IMG_5859.jpg 1122w\" sizes=\"auto, (max-width: 767px) 89vw, (max-width: 1000px) 54vw, (max-width: 1071px) 543px, 580px\" \/><\/figure>\n\n\n\n<figure class=\"wp-block-image size-large\"><img loading=\"lazy\" decoding=\"async\" width=\"1024\" height=\"768\" data-id=\"739\" src=\"https:\/\/blog.uclm.es\/proyectocresta\/wp-content\/uploads\/sites\/143\/2020\/03\/IMG_5862-1024x768.jpg\" alt=\"\" class=\"wp-image-739\" srcset=\"https:\/\/blog.uclm.es\/proyectocresta\/wp-content\/uploads\/sites\/143\/2020\/03\/IMG_5862-1024x768.jpg 1024w, https:\/\/blog.uclm.es\/proyectocresta\/wp-content\/uploads\/sites\/143\/2020\/03\/IMG_5862-300x225.jpg 300w, https:\/\/blog.uclm.es\/proyectocresta\/wp-content\/uploads\/sites\/143\/2020\/03\/IMG_5862-768x576.jpg 768w, https:\/\/blog.uclm.es\/proyectocresta\/wp-content\/uploads\/sites\/143\/2020\/03\/IMG_5862.jpg 1122w\" sizes=\"auto, (max-width: 767px) 89vw, (max-width: 1000px) 54vw, (max-width: 1071px) 543px, 580px\" \/><\/figure>\n\n\n\n<figure class=\"wp-block-image size-large\"><img loading=\"lazy\" decoding=\"async\" width=\"1024\" height=\"768\" data-id=\"742\" src=\"https:\/\/blog.uclm.es\/proyectocresta\/wp-content\/uploads\/sites\/143\/2020\/03\/IMG_5868-1024x768.jpg\" alt=\"\" class=\"wp-image-742\" srcset=\"https:\/\/blog.uclm.es\/proyectocresta\/wp-content\/uploads\/sites\/143\/2020\/03\/IMG_5868-1024x768.jpg 1024w, https:\/\/blog.uclm.es\/proyectocresta\/wp-content\/uploads\/sites\/143\/2020\/03\/IMG_5868-300x225.jpg 300w, https:\/\/blog.uclm.es\/proyectocresta\/wp-content\/uploads\/sites\/143\/2020\/03\/IMG_5868-768x576.jpg 768w, https:\/\/blog.uclm.es\/proyectocresta\/wp-content\/uploads\/sites\/143\/2020\/03\/IMG_5868.jpg 1122w\" sizes=\"auto, (max-width: 767px) 89vw, (max-width: 1000px) 54vw, (max-width: 1071px) 543px, 580px\" \/><\/figure>\n\n\n\n<figure class=\"wp-block-image size-large\"><img loading=\"lazy\" decoding=\"async\" width=\"1024\" height=\"768\" data-id=\"744\" src=\"https:\/\/blog.uclm.es\/proyectocresta\/wp-content\/uploads\/sites\/143\/2020\/03\/IMG_5874-1024x768.jpg\" alt=\"\" class=\"wp-image-744\" srcset=\"https:\/\/blog.uclm.es\/proyectocresta\/wp-content\/uploads\/sites\/143\/2020\/03\/IMG_5874-1024x768.jpg 1024w, https:\/\/blog.uclm.es\/proyectocresta\/wp-content\/uploads\/sites\/143\/2020\/03\/IMG_5874-300x225.jpg 300w, https:\/\/blog.uclm.es\/proyectocresta\/wp-content\/uploads\/sites\/143\/2020\/03\/IMG_5874-768x576.jpg 768w, https:\/\/blog.uclm.es\/proyectocresta\/wp-content\/uploads\/sites\/143\/2020\/03\/IMG_5874.jpg 1122w\" sizes=\"auto, (max-width: 767px) 89vw, (max-width: 1000px) 54vw, (max-width: 1071px) 543px, 580px\" \/><\/figure>\n\n\n\n<figure class=\"wp-block-image size-large\"><img loading=\"lazy\" decoding=\"async\" width=\"1024\" height=\"768\" data-id=\"745\" src=\"https:\/\/blog.uclm.es\/proyectocresta\/wp-content\/uploads\/sites\/143\/2020\/03\/IMG_5875-1024x768.jpg\" alt=\"\" class=\"wp-image-745\" srcset=\"https:\/\/blog.uclm.es\/proyectocresta\/wp-content\/uploads\/sites\/143\/2020\/03\/IMG_5875-1024x768.jpg 1024w, https:\/\/blog.uclm.es\/proyectocresta\/wp-content\/uploads\/sites\/143\/2020\/03\/IMG_5875-300x225.jpg 300w, https:\/\/blog.uclm.es\/proyectocresta\/wp-content\/uploads\/sites\/143\/2020\/03\/IMG_5875-768x576.jpg 768w, https:\/\/blog.uclm.es\/proyectocresta\/wp-content\/uploads\/sites\/143\/2020\/03\/IMG_5875.jpg 1122w\" sizes=\"auto, (max-width: 767px) 89vw, (max-width: 1000px) 54vw, (max-width: 1071px) 543px, 580px\" \/><\/figure>\n\n\n\n<figure class=\"wp-block-image size-large\"><img loading=\"lazy\" decoding=\"async\" width=\"1024\" height=\"768\" data-id=\"747\" src=\"https:\/\/blog.uclm.es\/proyectocresta\/wp-content\/uploads\/sites\/143\/2020\/03\/IMG_5885-1024x768.jpg\" alt=\"\" class=\"wp-image-747\" srcset=\"https:\/\/blog.uclm.es\/proyectocresta\/wp-content\/uploads\/sites\/143\/2020\/03\/IMG_5885-1024x768.jpg 1024w, https:\/\/blog.uclm.es\/proyectocresta\/wp-content\/uploads\/sites\/143\/2020\/03\/IMG_5885-300x225.jpg 300w, https:\/\/blog.uclm.es\/proyectocresta\/wp-content\/uploads\/sites\/143\/2020\/03\/IMG_5885-768x576.jpg 768w, https:\/\/blog.uclm.es\/proyectocresta\/wp-content\/uploads\/sites\/143\/2020\/03\/IMG_5885.jpg 1122w\" sizes=\"auto, (max-width: 767px) 89vw, (max-width: 1000px) 54vw, (max-width: 1071px) 543px, 580px\" \/><\/figure>\n\n\n\n<figure class=\"wp-block-image size-large\"><img loading=\"lazy\" decoding=\"async\" width=\"632\" height=\"842\" data-id=\"753\" src=\"https:\/\/blog.uclm.es\/proyectocresta\/wp-content\/uploads\/sites\/143\/2020\/03\/IMG_5899.jpg\" alt=\"\" class=\"wp-image-753\" srcset=\"https:\/\/blog.uclm.es\/proyectocresta\/wp-content\/uploads\/sites\/143\/2020\/03\/IMG_5899.jpg 632w, https:\/\/blog.uclm.es\/proyectocresta\/wp-content\/uploads\/sites\/143\/2020\/03\/IMG_5899-225x300.jpg 225w\" sizes=\"auto, (max-width: 632px) 100vw, 632px\" \/><\/figure>\n\n\n\n<figure class=\"wp-block-image size-large\"><img loading=\"lazy\" decoding=\"async\" width=\"632\" height=\"842\" data-id=\"752\" src=\"https:\/\/blog.uclm.es\/proyectocresta\/wp-content\/uploads\/sites\/143\/2020\/03\/IMG_5898.jpg\" alt=\"\" class=\"wp-image-752\" srcset=\"https:\/\/blog.uclm.es\/proyectocresta\/wp-content\/uploads\/sites\/143\/2020\/03\/IMG_5898.jpg 632w, https:\/\/blog.uclm.es\/proyectocresta\/wp-content\/uploads\/sites\/143\/2020\/03\/IMG_5898-225x300.jpg 225w\" sizes=\"auto, (max-width: 632px) 100vw, 632px\" \/><\/figure>\n\n\n\n<figure class=\"wp-block-image size-large\"><img loading=\"lazy\" decoding=\"async\" width=\"1024\" height=\"768\" data-id=\"750\" src=\"https:\/\/blog.uclm.es\/proyectocresta\/wp-content\/uploads\/sites\/143\/2020\/03\/IMG_5895-1024x768.jpg\" alt=\"\" class=\"wp-image-750\" srcset=\"https:\/\/blog.uclm.es\/proyectocresta\/wp-content\/uploads\/sites\/143\/2020\/03\/IMG_5895-1024x768.jpg 1024w, https:\/\/blog.uclm.es\/proyectocresta\/wp-content\/uploads\/sites\/143\/2020\/03\/IMG_5895-300x225.jpg 300w, https:\/\/blog.uclm.es\/proyectocresta\/wp-content\/uploads\/sites\/143\/2020\/03\/IMG_5895-768x576.jpg 768w, https:\/\/blog.uclm.es\/proyectocresta\/wp-content\/uploads\/sites\/143\/2020\/03\/IMG_5895.jpg 1122w\" sizes=\"auto, (max-width: 767px) 89vw, (max-width: 1000px) 54vw, (max-width: 1071px) 543px, 580px\" \/><\/figure>\n\n\n\n<figure class=\"wp-block-image size-large\"><img loading=\"lazy\" decoding=\"async\" width=\"1024\" height=\"768\" data-id=\"749\" src=\"https:\/\/blog.uclm.es\/proyectocresta\/wp-content\/uploads\/sites\/143\/2020\/03\/IMG_5893-1024x768.jpg\" alt=\"\" class=\"wp-image-749\" srcset=\"https:\/\/blog.uclm.es\/proyectocresta\/wp-content\/uploads\/sites\/143\/2020\/03\/IMG_5893-1024x768.jpg 1024w, https:\/\/blog.uclm.es\/proyectocresta\/wp-content\/uploads\/sites\/143\/2020\/03\/IMG_5893-300x225.jpg 300w, https:\/\/blog.uclm.es\/proyectocresta\/wp-content\/uploads\/sites\/143\/2020\/03\/IMG_5893-768x576.jpg 768w, https:\/\/blog.uclm.es\/proyectocresta\/wp-content\/uploads\/sites\/143\/2020\/03\/IMG_5893.jpg 1122w\" sizes=\"auto, (max-width: 767px) 89vw, (max-width: 1000px) 54vw, (max-width: 1071px) 543px, 580px\" \/><\/figure>\n\n\n\n<figure class=\"wp-block-image size-large\"><img loading=\"lazy\" decoding=\"async\" width=\"1024\" height=\"768\" data-id=\"748\" src=\"https:\/\/blog.uclm.es\/proyectocresta\/wp-content\/uploads\/sites\/143\/2020\/03\/IMG_5892-1024x768.jpg\" alt=\"\" class=\"wp-image-748\" srcset=\"https:\/\/blog.uclm.es\/proyectocresta\/wp-content\/uploads\/sites\/143\/2020\/03\/IMG_5892-1024x768.jpg 1024w, https:\/\/blog.uclm.es\/proyectocresta\/wp-content\/uploads\/sites\/143\/2020\/03\/IMG_5892-300x225.jpg 300w, https:\/\/blog.uclm.es\/proyectocresta\/wp-content\/uploads\/sites\/143\/2020\/03\/IMG_5892-768x576.jpg 768w, https:\/\/blog.uclm.es\/proyectocresta\/wp-content\/uploads\/sites\/143\/2020\/03\/IMG_5892.jpg 1122w\" sizes=\"auto, (max-width: 767px) 89vw, (max-width: 1000px) 54vw, (max-width: 1071px) 543px, 580px\" \/><\/figure>\n\n\n\n<figure class=\"wp-block-image size-large\"><img loading=\"lazy\" decoding=\"async\" width=\"1024\" height=\"768\" data-id=\"758\" src=\"https:\/\/blog.uclm.es\/proyectocresta\/wp-content\/uploads\/sites\/143\/2020\/03\/IMG_5855-1024x768.jpg\" alt=\"\" class=\"wp-image-758\" srcset=\"https:\/\/blog.uclm.es\/proyectocresta\/wp-content\/uploads\/sites\/143\/2020\/03\/IMG_5855-1024x768.jpg 1024w, https:\/\/blog.uclm.es\/proyectocresta\/wp-content\/uploads\/sites\/143\/2020\/03\/IMG_5855-300x225.jpg 300w, https:\/\/blog.uclm.es\/proyectocresta\/wp-content\/uploads\/sites\/143\/2020\/03\/IMG_5855-768x576.jpg 768w, https:\/\/blog.uclm.es\/proyectocresta\/wp-content\/uploads\/sites\/143\/2020\/03\/IMG_5855.jpg 1122w\" sizes=\"auto, (max-width: 767px) 89vw, (max-width: 1000px) 54vw, (max-width: 1071px) 543px, 580px\" \/><\/figure>\n\n\n\n<figure class=\"wp-block-image size-large\"><img loading=\"lazy\" decoding=\"async\" width=\"1024\" height=\"768\" data-id=\"759\" src=\"https:\/\/blog.uclm.es\/proyectocresta\/wp-content\/uploads\/sites\/143\/2020\/03\/IMG_5858-1024x768.jpg\" alt=\"\" class=\"wp-image-759\" srcset=\"https:\/\/blog.uclm.es\/proyectocresta\/wp-content\/uploads\/sites\/143\/2020\/03\/IMG_5858-1024x768.jpg 1024w, https:\/\/blog.uclm.es\/proyectocresta\/wp-content\/uploads\/sites\/143\/2020\/03\/IMG_5858-300x225.jpg 300w, https:\/\/blog.uclm.es\/proyectocresta\/wp-content\/uploads\/sites\/143\/2020\/03\/IMG_5858-768x576.jpg 768w, https:\/\/blog.uclm.es\/proyectocresta\/wp-content\/uploads\/sites\/143\/2020\/03\/IMG_5858.jpg 1122w\" sizes=\"auto, (max-width: 767px) 89vw, (max-width: 1000px) 54vw, (max-width: 1071px) 543px, 580px\" \/><\/figure>\n<\/figure>\n","protected":false},"excerpt":{"rendered":"<p>I Seminario del Proyecto CRESTA Seminario Directores: Eduardo Demetrio Crespo &amp; Alfonso J. Garc\u00eda Figueroa &amp; Gema M\u00aa Marcilla C\u00f3rdoba (IP\u00b4s)Coordinaci\u00f3n: M\u00f3nica de la Cuerda Mart\u00edn &amp; Faustino Garc\u00eda de la Torre Garc\u00edaMarco: Proyecto de investigaci\u00f3n\u00a0\u201cCrisis del Derecho Penal del Estado de Derecho: Manifestaciones y tendencias\u201d (SBPLY\/17\/18501\/000223)Fecha: 16-17\/05\/2019 Descargar el Tr\u00edptico Descargar programa<\/p>\n","protected":false},"author":132,"featured_media":0,"parent":0,"menu_order":0,"comment_status":"closed","ping_status":"closed","template":"","meta":{"footnotes":""},"class_list":["post-1125","page","type-page","status-publish","hentry"],"_links":{"self":[{"href":"https:\/\/blog.uclm.es\/proyectocresta\/wp-json\/wp\/v2\/pages\/1125","targetHints":{"allow":["GET"]}}],"collection":[{"href":"https:\/\/blog.uclm.es\/proyectocresta\/wp-json\/wp\/v2\/pages"}],"about":[{"href":"https:\/\/blog.uclm.es\/proyectocresta\/wp-json\/wp\/v2\/types\/page"}],"author":[{"embeddable":true,"href":"https:\/\/blog.uclm.es\/proyectocresta\/wp-json\/wp\/v2\/users\/132"}],"replies":[{"embeddable":true,"href":"https:\/\/blog.uclm.es\/proyectocresta\/wp-json\/wp\/v2\/comments?post=1125"}],"version-history":[{"count":4,"href":"https:\/\/blog.uclm.es\/proyectocresta\/wp-json\/wp\/v2\/pages\/1125\/revisions"}],"predecessor-version":[{"id":1364,"href":"https:\/\/blog.uclm.es\/proyectocresta\/wp-json\/wp\/v2\/pages\/1125\/revisions\/1364"}],"wp:attachment":[{"href":"https:\/\/blog.uclm.es\/proyectocresta\/wp-json\/wp\/v2\/media?parent=1125"}],"curies":[{"name":"wp","href":"https:\/\/api.w.org\/{rel}","templated":true}]}}