{"id":1083,"date":"2020-10-08T21:50:59","date_gmt":"2020-10-08T20:50:59","guid":{"rendered":"http:\/\/blog.uclm.es\/proyectocresta\/?page_id=1083"},"modified":"2022-12-16T08:07:50","modified_gmt":"2022-12-16T08:07:50","slug":"seminarioproyectoblanqueo","status":"publish","type":"page","link":"https:\/\/blog.uclm.es\/proyectocresta\/seminarioproyectoblanqueo\/","title":{"rendered":"seminarioproyectoblanqueo"},"content":{"rendered":"\n<h2 class=\"has-text-color wp-block-heading\" style=\"color:#b30033\"><strong>Seminario<br>Problemas de Investigaci\u00f3n y Prueba en la lucha contra el blanqueo de capitales.<br>el 15 y 16 de octubre en Stream<\/strong><\/h2>\n\n\n\n<p><strong>El proyecto&nbsp;+D+i \u201cInvestigaci\u00f3n y prueba en la lucha contra el blanqueo de capitales: la 4\u00aa Directiva\u201d (DER2016-80685-P AEI\/FEDER, UE), con la colaboraci\u00f3n del proyecto \u201cCrisis del Derecho penal del Estado de Derecho: manifestaciones y tendencias\u00bb, (SBPL4\/17\/180501\/000223) y la participaci\u00f3n de la Asociaci\u00f3n peruana de compliance m\u00e1s el Anuario de Derecho penal econ\u00f3mico y de la empresa, les invita a presenciar en Streaming el Seminario \u00abProblemas de investigaci\u00f3n y prueba en la lucha contra el blanqueo de capitales\u00bb a trav\u00e9s de los siguientes enlaces:<\/strong><\/p>\n\n\n\n<p style=\"text-decoration:underline\">&#8211; Jueves 15 de Octubre:<\/p>\n\n\n\n<p>Inauguraci\u00f3n y 1\u00aa Mesa redonda (10:00 a 12:00 horas)<\/p>\n\n\n\n<h2 class=\"has-small-font-size wp-block-heading\"><strong><a href=\"https:\/\/teams.microsoft.com\/l\/meetup-join\/19%3ameeting_ZjQ1ZTM0MTgtZjgwMS00NWYzLTliZTgtNDU1ZDc5NTZlOWY5%40thread.v2\/0?context=%7b%22Tid%22%3a%22c42cbae6-61f4-498c-9107-6a8cf5f01e56%22%2c%22Oid%22%3a%22c8cf9b4c-59ee-4a01-af3e-e853404e4de8%22%2c%22IsBroadcastMeeting%22%3atrue%7d\" target=\"_blank\" rel=\"noreferrer noopener\">https:\/\/teams.microsoft.com\/l\/meetup-join\/19%3ameeting_ZjQ1ZTM0MTgtZjgwMS00NWYzLTliZTgtNDU1ZDc5NTZlOWY5%40thread.v2\/0?context=%7b%22Tid%22%3a%22c42cbae6-61f4-498c-9107-6a8cf5f01e56%22%2c%22Oid%22%3a%22c8cf9b4c-59ee-4a01-af3e-e853404e4de8%22%2c%22IsBroadcastMeeting%22%3atrue%7d<\/a><\/strong><\/h2>\n\n\n\n<p><br>Segunda mesa redonda (12:30 a 14:30 horas)<\/p>\n\n\n\n<h2 class=\"has-small-font-size wp-block-heading\"><strong><a href=\"https:\/\/teams.microsoft.com\/l\/meetup-join\/19%3ameeting_NjNiYTBlNDYtMWRjYS00NWEzLWFhYTYtODE1MTNlM2U4YzBj%40thread.v2\/0?context=%7b%22Tid%22%3a%22c42cbae6-61f4-498c-9107-6a8cf5f01e56%22%2c%22Oid%22%3a%22c8cf9b4c-59ee-4a01-af3e-e853404e4de8%22%2c%22IsBroadcastMeeting%22%3atrue%7d\" target=\"_blank\" rel=\"noreferrer noopener\">https:\/\/teams.microsoft.com\/l\/meetup-join\/19%3ameeting_NjNiYTBlNDYtMWRjYS00NWEzLWFhYTYtODE1MTNlM2U4YzBj%40thread.v2\/0?context=%7b%22Tid%22%3a%22c42cbae6-61f4-498c-9107-6a8cf5f01e56%22%2c%22Oid%22%3a%22c8cf9b4c-59ee-4a01-af3e-e853404e4de8%22%2c%22IsBroadcastMeeting%22%3atrue%7d<\/a><\/strong><\/h2>\n\n\n\n<p><br>Tercera mesa redonda (16:00 a 18:00 horas)<\/p>\n\n\n\n<h2 class=\"has-small-font-size wp-block-heading\"><strong><a href=\"https:\/\/teams.microsoft.com\/l\/meetup-join\/19%3ameeting_NDFhNTA5NDAtYmM5Yy00YTcxLTg1ZjMtOTRlNjYwYzM5ZDM3%40thread.v2\/0?context=%7b%22Tid%22%3a%22c42cbae6-61f4-498c-9107-6a8cf5f01e56%22%2c%22Oid%22%3a%22c8cf9b4c-59ee-4a01-af3e-e853404e4de8%22%2c%22IsBroadcastMeeting%22%3atrue%7d\" target=\"_blank\" rel=\"noreferrer noopener\">https:\/\/teams.microsoft.com\/l\/meetup-join\/19%3ameeting_NDFhNTA5NDAtYmM5Yy00YTcxLTg1ZjMtOTRlNjYwYzM5ZDM3%40thread.v2\/0?context=%7b%22Tid%22%3a%22c42cbae6-61f4-498c-9107-6a8cf5f01e56%22%2c%22Oid%22%3a%22c8cf9b4c-59ee-4a01-af3e-e853404e4de8%22%2c%22IsBroadcastMeeting%22%3atrue%7d<\/a><\/strong><\/h2>\n\n\n\n<p><br>Cuarta mesa mesa redonda (18:30 horas a 20:30 horas)<\/p>\n\n\n\n<h2 class=\"has-small-font-size wp-block-heading\"><strong><a href=\"https:\/\/teams.microsoft.com\/l\/meetup-join\/19%3ameeting_NTczOTRlZGYtZmEyZi00OTRkLTllZjYtODZjNDBlMjk4M2Rl%40thread.v2\/0?context=%7b%22Tid%22%3a%22c42cbae6-61f4-498c-9107-6a8cf5f01e56%22%2c%22Oid%22%3a%22c8cf9b4c-59ee-4a01-af3e-e853404e4de8%22%2c%22IsBroadcastMeeting%22%3atrue%7d\" target=\"_blank\" rel=\"noreferrer noopener\">https:\/\/teams.microsoft.com\/l\/meetup-join\/19%3ameeting_NTczOTRlZGYtZmEyZi00OTRkLTllZjYtODZjNDBlMjk4M2Rl%40thread.v2\/0?context=%7b%22Tid%22%3a%22c42cbae6-61f4-498c-9107-6a8cf5f01e56%22%2c%22Oid%22%3a%22c8cf9b4c-59ee-4a01-af3e-e853404e4de8%22%2c%22IsBroadcastMeeting%22%3atrue%7d<\/a><\/strong><\/h2>\n\n\n\n<p><\/p>\n\n\n\n<p style=\"text-decoration:underline\">&#8211; Viernes 16 de octubre:<\/p>\n\n\n\n<p>Quinta mesa redonda (09:30 a 11:30 horas)<\/p>\n\n\n\n<h2 class=\"has-small-font-size wp-block-heading\"><strong><a href=\"https:\/\/teams.microsoft.com\/l\/meetup-join\/19%3ameeting_ZGNlNTc3ZGQtZjM2My00MDhmLWEzZDktYmY2ZWYxMzkwMWQz%40thread.v2\/0?context=%7b%22Tid%22%3a%22c42cbae6-61f4-498c-9107-6a8cf5f01e56%22%2c%22Oid%22%3a%22c8cf9b4c-59ee-4a01-af3e-e853404e4de8%22%2c%22IsBroadcastMeeting%22%3atrue%7d\" target=\"_blank\" rel=\"noreferrer noopener\">https:\/\/teams.microsoft.com\/l\/meetup-join\/19%3ameeting_ZGNlNTc3ZGQtZjM2My00MDhmLWEzZDktYmY2ZWYxMzkwMWQz%40thread.v2\/0?context=%7b%22Tid%22%3a%22c42cbae6-61f4-498c-9107-6a8cf5f01e56%22%2c%22Oid%22%3a%22c8cf9b4c-59ee-4a01-af3e-e853404e4de8%22%2c%22IsBroadcastMeeting%22%3atrue%7d<\/a><\/strong><\/h2>\n\n\n\n<p><br>Sexta y S\u00e9ptima mesa redonda (12:00 a 15 horas)<\/p>\n\n\n\n<h2 class=\"has-small-font-size wp-block-heading\"><strong><a href=\"https:\/\/teams.microsoft.com\/l\/meetup-join\/19%3ameeting_ODJjYzgzMzMtN2Q1My00YmIyLWIwOWItOWFiM2U0OTcwYWJh%40thread.v2\/0?context=%7b%22Tid%22%3a%22c42cbae6-61f4-498c-9107-6a8cf5f01e56%22%2c%22Oid%22%3a%22c8cf9b4c-59ee-4a01-af3e-e853404e4de8%22%2c%22IsBroadcastMeeting%22%3atrue%7d\" target=\"_blank\" rel=\"noreferrer noopener\">https:\/\/teams.microsoft.com\/l\/meetup-join\/19%3ameeting_ODJjYzgzMzMtN2Q1My00YmIyLWIwOWItOWFiM2U0OTcwYWJh%40thread.v2\/0?context=%7b%22Tid%22%3a%22c42cbae6-61f4-498c-9107-6a8cf5f01e56%22%2c%22Oid%22%3a%22c8cf9b4c-59ee-4a01-af3e-e853404e4de8%22%2c%22IsBroadcastMeeting%22%3atrue%7d<\/a><\/strong><\/h2>\n\n\n<div class=\"wp-block-image\">\n<figure class=\"aligncenter size-large\"><img loading=\"lazy\" decoding=\"async\" width=\"724\" height=\"1024\" src=\"https:\/\/blog.uclm.es\/proyectocresta\/wp-content\/uploads\/sites\/143\/2020\/10\/Cartel-Sem_Blaqueo-Capitales-1_page-0001-724x1024.jpg\" alt=\"\" class=\"wp-image-1089\" srcset=\"https:\/\/blog.uclm.es\/proyectocresta\/wp-content\/uploads\/sites\/143\/2020\/10\/Cartel-Sem_Blaqueo-Capitales-1_page-0001-724x1024.jpg 724w, https:\/\/blog.uclm.es\/proyectocresta\/wp-content\/uploads\/sites\/143\/2020\/10\/Cartel-Sem_Blaqueo-Capitales-1_page-0001-212x300.jpg 212w, https:\/\/blog.uclm.es\/proyectocresta\/wp-content\/uploads\/sites\/143\/2020\/10\/Cartel-Sem_Blaqueo-Capitales-1_page-0001-768x1086.jpg 768w, https:\/\/blog.uclm.es\/proyectocresta\/wp-content\/uploads\/sites\/143\/2020\/10\/Cartel-Sem_Blaqueo-Capitales-1_page-0001-1086x1536.jpg 1086w, https:\/\/blog.uclm.es\/proyectocresta\/wp-content\/uploads\/sites\/143\/2020\/10\/Cartel-Sem_Blaqueo-Capitales-1_page-0001-1448x2048.jpg 1448w, https:\/\/blog.uclm.es\/proyectocresta\/wp-content\/uploads\/sites\/143\/2020\/10\/Cartel-Sem_Blaqueo-Capitales-1_page-0001.jpg 1754w\" sizes=\"auto, (max-width: 724px) 100vw, 724px\" \/><\/figure>\n<\/div>\n\n\n<figure class=\"wp-block-image size-large\"><img loading=\"lazy\" decoding=\"async\" width=\"1024\" height=\"853\" src=\"https:\/\/blog.uclm.es\/proyectocresta\/wp-content\/uploads\/sites\/143\/2020\/10\/Folleto-online_Sem_Blanqueo-Capitales-1-1024x853.png\" alt=\"\" class=\"wp-image-1090\" srcset=\"https:\/\/blog.uclm.es\/proyectocresta\/wp-content\/uploads\/sites\/143\/2020\/10\/Folleto-online_Sem_Blanqueo-Capitales-1-1024x853.png 1024w, https:\/\/blog.uclm.es\/proyectocresta\/wp-content\/uploads\/sites\/143\/2020\/10\/Folleto-online_Sem_Blanqueo-Capitales-1-300x250.png 300w, https:\/\/blog.uclm.es\/proyectocresta\/wp-content\/uploads\/sites\/143\/2020\/10\/Folleto-online_Sem_Blanqueo-Capitales-1-768x639.png 768w, https:\/\/blog.uclm.es\/proyectocresta\/wp-content\/uploads\/sites\/143\/2020\/10\/Folleto-online_Sem_Blanqueo-Capitales-1-1536x1279.png 1536w, https:\/\/blog.uclm.es\/proyectocresta\/wp-content\/uploads\/sites\/143\/2020\/10\/Folleto-online_Sem_Blanqueo-Capitales-1-2048x1705.png 2048w\" sizes=\"auto, (max-width: 767px) 89vw, (max-width: 1000px) 54vw, (max-width: 1071px) 543px, 580px\" \/><\/figure>\n\n\n\n<h2 class=\"wp-block-heading\"><strong>Programa<\/strong><\/h2>\n\n\n\n<h1 class=\"has-text-align-center wp-block-heading\" style=\"text-decoration:underline\"><strong>D\u00eda 15 DE OCTUBRE<\/strong><\/h1>\n\n\n\n<p><strong>10.00 horas<\/strong><\/p>\n\n\n\n<p><strong>Inauguraci\u00f3n<\/strong><\/p>\n\n\n\n<p><strong>&nbsp;&nbsp;&nbsp;&nbsp; Prof\u00aa Dra. F\u00e1tima Guadamillas G\u00f3mez.<\/strong><\/p>\n\n\n\n<p><em>Sra. Vicerrectora de Internacionalizaci\u00f3n y Formaci\u00f3n Permanente de la UCLM<\/em><\/p>\n\n\n\n<p><em>&nbsp;&nbsp;&nbsp;&nbsp;&nbsp;<\/em><strong>Prof. Dr. Jos\u00e9 Alberto Sanz D\u00edaz-Palacios<\/strong><em>.<\/em><\/p>\n\n\n\n<p><em>Sr. Decano de la Fac. de CC. Jcas y Sociales de Toledo de la UCLM<\/em><\/p>\n\n\n\n<p><em>&nbsp;&nbsp;&nbsp;&nbsp;&nbsp;<\/em><strong>Prof\u00aa. Dra. \u00c1gata M\u00aa Sanz Hermida.<\/strong><em><\/em><\/p>\n\n\n\n<p><em>Directora del curso. Profesora Titular de Derecho Procesal. UCLM<\/em><\/p>\n\n\n\n<p><strong>10.30&nbsp;horas<\/strong><\/p>\n\n\n\n<p><strong>Mesa redonda:<\/strong>&nbsp;<strong>El delito de blanqueo de dinero: problemas de delimitaci\u00f3n penal y de los sujetos jur\u00eddicamente responsables<\/strong><\/p>\n\n\n\n<p style=\"text-decoration:underline\"><strong>Ponentes<\/strong>:<\/p>\n\n\n\n<p><em>&nbsp; &nbsp; &nbsp; &nbsp; &nbsp; &nbsp;&nbsp;<strong>\u2013&nbsp;<\/strong><\/em><strong>Prof. Dr. Isidoro Blanco Cordero&nbsp;<\/strong><em>(Catedr\u00e1tico de Derecho Penal en&nbsp;<\/em><em>Universidad de Alicante)<\/em><\/p>\n\n\n\n<p>Tema:<strong>&nbsp;\u201cEl delito de blanqueo de dinero: conductas t\u00edpicas y sujetos penalmente responsables\u201d<\/strong><\/p>\n\n\n\n<p><strong>\u2013 Prof. Dr. Eduardo Demetrio Crespo&nbsp;<\/strong><em>(Catedr\u00e1tico de Derecho Penal en&nbsp;<\/em><em>Universidad de Castilla-La Mancha)<\/em><\/p>\n\n\n\n<p>&nbsp;Tema:&nbsp;<strong>\u201cEl blanqueo imprudente\u201d<\/strong><\/p>\n\n\n\n<p><strong>12.00 horas<\/strong><\/p>\n\n\n\n<p><strong>Pausa caf\u00e9<\/strong><\/p>\n\n\n\n<p><strong>12:30&nbsp;horas<\/strong><\/p>\n\n\n\n<p><strong>Mesa redonda<\/strong>:&nbsp;&nbsp;<strong>Sociedad del riesgo: inteligencia, seguridad y garant\u00edas en la lucha contra la delincuencia econ\u00f3mica<\/strong><\/p>\n\n\n\n<p><strong>Moderador: Faustino Garc\u00eda de la Torre Garc\u00eda&nbsp;<\/strong><em>(Becario FPU de Derecho Penal en UCLM)<\/em><\/p>\n\n\n\n<p style=\"text-decoration:underline\"><strong>Ponentes<\/strong>:<\/p>\n\n\n\n<p><strong>\u2013 Prof\u00aa. Dra. Yolanda Doig D\u00edaz<\/strong>. (<em>Profesora Titular de Derecho Procesal en&nbsp;<\/em><em>Universidad de Castilla-La Mancha)<\/em><\/p>\n\n\n\n<p>&nbsp;Tema:<strong>&nbsp;\u201cLa persecuci\u00f3n penal del abuso de mercado. Eficacia versus Garant\u00edas\u201d<\/strong><\/p>\n\n\n\n<p>&nbsp;\u2013&nbsp;<strong>Prof. Dra. Dra. h. c. Lorena Bachmaier Winter&nbsp;<\/strong><em>(Catedr\u00e1tica de Derecho procesal en&nbsp;<\/em><em>Universidad Complutense de Madrid)<\/em><\/p>\n\n\n\n<p>Tema:&nbsp;<strong>\u201cWistleblower europeo: su incidencia en la prevenci\u00f3n y detecci\u00f3n de comportamientos delictivos en el seno de las organizaciones empresariales<em>\u201c<\/em><\/strong><em><\/em><\/p>\n\n\n\n<p><strong>\u2013 Borja Garcia Rato<\/strong>&nbsp;(Socio director del \u00c1rea mercantil, contractual y societario en Sommons Abogados)<strong><em><\/em><\/strong><\/p>\n\n\n\n<p>Tema:&nbsp;<strong>\u201cTrust o fideicomiso anglosaj\u00f3n como sujeto obligado: el caso de Panam\u00e1\u201d<\/strong><\/p>\n\n\n\n<p><strong>\u2013 Prof\u00aa. Dra \u00c1gata M\u00aa Sanz Hermida&nbsp;<\/strong><em>(<\/em><em>Profesora titular de Derecho Procesal en&nbsp;<\/em><em>Universidad de Castilla-La Mancha<\/em>)<\/p>\n\n\n\n<p>Tema:&nbsp;<strong>\u201cLa lucha contra el blanqueo de capitales desde la perspectiva de la UE\u201d<\/strong><\/p>\n\n\n\n<p><strong>Pausa comida<\/strong><\/p>\n\n\n\n<p><strong>16:00 horas<\/strong><\/p>\n\n\n\n<p><strong>Mesa redonda: Problemas de investigaci\u00f3n de la actividad delictiva previa y blanqueo de dinero<\/strong><\/p>\n\n\n\n<p><strong>Moderadora: M\u00f3nica de la Cuerda Mart\u00edn&nbsp;<\/strong><em>(Investigadora Proyecto CRESTA de Derecho Penal en&nbsp;<\/em><em>UCLM)<\/em><\/p>\n\n\n\n<p style=\"text-decoration:underline\"><strong>Ponentes<\/strong>:<\/p>\n\n\n\n<p><strong>\u2013 Prof. Dr. Dino Carlos Caro Coria&nbsp;<\/strong><em>(Gerente General del Centro de Estudios de Derecho Penal Econ\u00f3mico y de la Empresa; Socio Fundador y Gerente General de Caro &amp; Asociados. Prof. de Derecho Penal en la Pontificia Universidad Cat\u00f3lica de Per\u00fa)<\/em><\/p>\n\n\n\n<p>Tema:&nbsp;<strong>\u201cLa actividad delictiva previa en el blanqueo de dinero<em>\u201c<\/em><\/strong><\/p>\n\n\n\n<p><strong>\u2013 Prof. Dr. Jos\u00e9 Alberto Sanz-D\u00edaz Palacios<\/strong><em>. Profesor Titular de Derecho financiero en&nbsp;<\/em>Universidad de Castilla-La Mancha<\/p>\n\n\n\n<p>Tema:&nbsp;<strong>\u201cEl delito fiscal y derecho a no declarar contra s\u00ed mismo\u201d<\/strong><\/p>\n\n\n\n<p><em>\u2013&nbsp;<\/em><strong>Inspectora D\u00f1a. Silvia Orna Mart\u00edn<\/strong><em>&nbsp;(Jefa del Grupo de Coordinaci\u00f3n y Formaci\u00f3n de la Unidad Central de Delincuencia Econ\u00f3mica y Fiscal)<\/em><\/p>\n\n\n\n<p>Tema:&nbsp;<strong>\u201cLa investigaci\u00f3n policial del blanqueo de dinero<em>\u201c<\/em><\/strong><em><\/em><\/p>\n\n\n\n<p><em>&nbsp;<\/em><strong>18:&nbsp;<\/strong><strong>00&nbsp; horas<\/strong><\/p>\n\n\n\n<p><strong>Pausa caf\u00e9<\/strong><\/p>\n\n\n\n<p><strong>18.30 horas<\/strong><\/p>\n\n\n\n<p><strong>Mesa redonda:<\/strong>&nbsp;<strong>Medidas de prevenci\u00f3n: en especial, las obligaciones de colaboraci\u00f3n<\/strong><\/p>\n\n\n\n<p><strong>Moderadora:&nbsp; Prof\u00aa. Dra. Teresa Montero Ruiz<em>&nbsp;<\/em><\/strong><em>(Profesora Asociada de Derecho Penal en UCLM)<\/em><\/p>\n\n\n\n<p style=\"text-decoration:underline\"><strong>Ponentes<\/strong>:<\/p>\n\n\n\n<p><strong>\u2013 \u00c1ngel Cervantes Mart\u00edn&nbsp;<\/strong><em>(Secretario Subcomisi\u00f3n Prevenci\u00f3n Blanqueo Capitales del Consejo General Abogac\u00eda Espa\u00f1ola.&nbsp;Decano Ilustre Colegio de Abogados de Toledo)<\/em><\/p>\n\n\n\n<p>Tema:&nbsp;<em><strong>\u201cLa colaboraci\u00f3n de la abogac\u00eda en la prevenci\u00f3n del blanqueo de dinero: obligaciones de diligencia debida, de informaci\u00f3n y de control interno\u201d<\/strong><\/em><em><\/em><\/p>\n\n\n\n<p><em>\u2013&nbsp;<\/em><strong>Prof. Dr. D. Jordi Gimeno Bevi\u00e1&nbsp;<\/strong><em>(Profesor Contratado Doctor de Derecho Procesal en&nbsp;<\/em><em>Universidad de Castilla-La Mancha)<\/em><\/p>\n\n\n\n<p>Tema:&nbsp;<em><strong>\u201cLa formaci\u00f3n de profesionales para la evaluaci\u00f3n de riesgos y su incidencia en el sistema procesal\u201d<\/strong><\/em><em><\/em><\/p>\n\n\n\n<p>&nbsp;<strong><em>\u2013&nbsp;<\/em>D. Francisco Carnicero Castellanos<em>&nbsp;<\/em><\/strong><em>(Jefe de la Unidad Operativa de Prevenci\u00f3n de Blanqueo de Capitales de Eurocaja Rural)<\/em><\/p>\n\n\n\n<p>Tema:&nbsp;<strong><em>\u201cObligaciones de colaboraci\u00f3n de entidades bancarias\u201d<\/em><\/strong><\/p>\n\n\n\n<h1 class=\"has-text-align-center wp-block-heading\" style=\"text-decoration:underline\"><strong>D\u00eda 16 DE OCTUBRE<\/strong><\/h1>\n\n\n\n<p><strong>9:30 \u2013 11:30 horas<\/strong><\/p>\n\n\n\n<p><strong>Mesa redonda: Problemas de prueba del blanqueo de capitales<\/strong><\/p>\n\n\n\n<p><strong>Moderadora: Prf\u00aa. Dra. In\u00e9s Garc\u00eda Canle Ana Isabel Gonz\u00e1lez Fern\u00e1ndez&nbsp;<\/strong><em>(Catedr\u00e1tica de Derecho procesal en Universidad de Vigo)<\/em><\/p>\n\n\n\n<p style=\"text-decoration:underline\"><strong>Ponentes<\/strong>:<\/p>\n\n\n\n<p><strong>\u2013 Prof\u00aa. Dra. Olga Fuentes&nbsp;<\/strong><em>(<\/em><em>Catedr\u00e1tica de Derecho Procesal en&nbsp;Universidad Miguel Hern\u00e1ndez de Elche)<\/em><\/p>\n\n\n\n<p>Tema:&nbsp;<strong>\u201c\u00d3rdenes europeas de obtenci\u00f3n y entrega de pruebas electr\u00f3nicas para el enjuiciamiento penal\u201d<\/strong><\/p>\n\n\n\n<p><strong>\u2013 Prof. Dr. Claudio Garc\u00eda D\u00edez&nbsp;<\/strong><em>(Abogado.&nbsp;<\/em><em>Profesor de Derecho Tributario en&nbsp;<\/em><em>UDIMA)<\/em><\/p>\n\n\n\n<p>Tema:&nbsp;<strong>\u201cLa prueba del delito fiscal como actividad delictiva antecedente\u201d&nbsp;<\/strong><\/p>\n\n\n\n<p><strong>\u2013 Prof\u00aa. Dra. Yolanda Doig D\u00edaz&nbsp;<\/strong><em>(Profesora titular de Derecho procesal en UCLM<\/em><em>)<\/em><\/p>\n\n\n\n<p>Tema:&nbsp;<strong>\u201cLa prueba del delito fiscal como actividad delictiva antecedente\u201d&nbsp;<\/strong><\/p>\n\n\n\n<p><strong>11.30-12.00 horas&nbsp;&nbsp;&nbsp;<\/strong><em>&nbsp;<\/em><\/p>\n\n\n\n<p><strong>Pausa caf\u00e9<\/strong><\/p>\n\n\n\n<p><strong>12:00<\/strong>&nbsp;<strong>horas<\/strong><\/p>\n\n\n\n<p><strong>Mesa redonda: Otras consecuencias jur\u00eddico-penales: el decomiso<\/strong><\/p>\n\n\n\n<p><strong>Moderador: Prof. Dr. Rub\u00e9n L\u00f3pez Pic\u00f3&nbsp;<\/strong><em>(Profesor de Derecho Procesal en Universidad de Granada)<\/em><\/p>\n\n\n\n<p style=\"text-decoration:underline\"><strong>Ponentes<\/strong>:<\/p>\n\n\n\n<p><strong>\u2013 Prof\u00aa. Dra. Laura Z\u00fa\u00f1iga&nbsp;<\/strong><em>(<\/em><em>Catedr\u00e1tica de Derecho Penal en&nbsp;Universidad de Salamanca)<\/em><\/p>\n\n\n\n<p>Tema:&nbsp;<strong>\u201cSanciones patrimoniales en los delitos socioecon\u00f3micos\u201d<\/strong><\/p>\n\n\n\n<p><strong>\u2013 Prof\u00aa. Dra. M\u00aa \u00c1ngeles P\u00e9rez Cebadera&nbsp;<\/strong><em>(Profesora Titular de Derecho Procesal en&nbsp;Universidad Jaume I de Castell\u00f3n)<\/em><\/p>\n\n\n\n<p>Tema:&nbsp;<strong>\u201cProceso penal y decomiso\u201d<\/strong><em><\/em><\/p>\n\n\n\n<p>&nbsp;<strong>13:00<\/strong><strong>&nbsp;horas&nbsp;<\/strong>&nbsp;&nbsp;&nbsp;<\/p>\n\n\n\n<p><strong>Mesa redonda:&nbsp;<\/strong><strong>Perspectiva de Derecho de la UE y comparado<\/strong><\/p>\n\n\n\n<p><strong>Moderadora: Prof\u00aa. Dra. Pilar Marco Francia.&nbsp;<\/strong><em>(Profesora Asociada de Derecho Penal en UCLM)<\/em><\/p>\n\n\n\n<p style=\"text-decoration:underline\"><strong>Ponentes<\/strong>:<\/p>\n\n\n\n<p><strong>\u2013 Prof. Dr. Miguel Abel Souto&nbsp;<\/strong><em>(Catedr\u00e1tico de Derecho Penal en&nbsp;<\/em><em>Universidad de Santiago de Compostela.&nbsp;<\/em><em>Presidente de la Asociaci\u00f3n Iberoamericana de Derecho Penal Econ\u00f3mico y de la Empresa)<\/em><\/p>\n\n\n\n<p>Tema:&nbsp;<strong>\u201cBlanqueo de dinero, responsabilidad criminal de las personas jur\u00eddicas y Directivas de 2018\u201d<\/strong><em><\/em><\/p>\n\n\n\n<p>&nbsp;\u2013&nbsp;<strong>Raffaele Ruberto<\/strong>. (<em>Prefetto di Caserta)&nbsp;&amp;&nbsp;<strong>D\u00f1a. Mena Minafra<\/strong>&nbsp;(Investigadora de l\u2019Universit\u00e0 degli Studi della Campania Luigi Vanvitelli)<\/em><\/p>\n\n\n\n<p>Tema:&nbsp;<strong>\u201cPerspectiva desde el sistema italiano\u201d<\/strong><em><\/em><\/p>\n\n\n\n<p class=\"has-text-align-center\" style=\"font-size:29px\"><strong>\u00a1QUEDAN TODOS CORDIALMENTE INVITADOS!<\/strong><\/p>\n","protected":false},"excerpt":{"rendered":"<p>SeminarioProblemas de Investigaci\u00f3n y Prueba en la lucha contra el blanqueo de capitales.el 15 y 16 de octubre en Stream El proyecto&nbsp;+D+i \u201cInvestigaci\u00f3n y prueba en la lucha contra el blanqueo de capitales: la 4\u00aa Directiva\u201d (DER2016-80685-P AEI\/FEDER, UE), con la colaboraci\u00f3n del proyecto \u201cCrisis del Derecho penal del Estado de Derecho: manifestaciones y tendencias\u00bb, &hellip; <\/p>\n<p class=\"link-more\"><a href=\"https:\/\/blog.uclm.es\/proyectocresta\/seminarioproyectoblanqueo\/\" class=\"more-link\">Continuar leyendo<span class=\"screen-reader-text\"> \u00abseminarioproyectoblanqueo\u00bb<\/span><\/a><\/p>\n","protected":false},"author":132,"featured_media":0,"parent":0,"menu_order":0,"comment_status":"closed","ping_status":"closed","template":"","meta":{"footnotes":""},"class_list":["post-1083","page","type-page","status-publish","hentry"],"_links":{"self":[{"href":"https:\/\/blog.uclm.es\/proyectocresta\/wp-json\/wp\/v2\/pages\/1083","targetHints":{"allow":["GET"]}}],"collection":[{"href":"https:\/\/blog.uclm.es\/proyectocresta\/wp-json\/wp\/v2\/pages"}],"about":[{"href":"https:\/\/blog.uclm.es\/proyectocresta\/wp-json\/wp\/v2\/types\/page"}],"author":[{"embeddable":true,"href":"https:\/\/blog.uclm.es\/proyectocresta\/wp-json\/wp\/v2\/users\/132"}],"replies":[{"embeddable":true,"href":"https:\/\/blog.uclm.es\/proyectocresta\/wp-json\/wp\/v2\/comments?post=1083"}],"version-history":[{"count":4,"href":"https:\/\/blog.uclm.es\/proyectocresta\/wp-json\/wp\/v2\/pages\/1083\/revisions"}],"predecessor-version":[{"id":1380,"href":"https:\/\/blog.uclm.es\/proyectocresta\/wp-json\/wp\/v2\/pages\/1083\/revisions\/1380"}],"wp:attachment":[{"href":"https:\/\/blog.uclm.es\/proyectocresta\/wp-json\/wp\/v2\/media?parent=1083"}],"curies":[{"name":"wp","href":"https:\/\/api.w.org\/{rel}","templated":true}]}}