{"id":385,"date":"2023-03-20T10:58:52","date_gmt":"2023-03-20T10:58:52","guid":{"rendered":"https:\/\/blog.uclm.es\/proyectociuecon\/?page_id=385"},"modified":"2023-05-02T12:53:30","modified_gmt":"2023-05-02T12:53:30","slug":"inicio","status":"publish","type":"page","link":"https:\/\/blog.uclm.es\/proyectociuecon\/","title":{"rendered":"INICIO"},"content":{"rendered":"\n<p>El proyecto \u201cCiudad, econom\u00eda y territorio en Castilla-La Mancha durante la Baja Edad Media\u201d (CIUECON) se ha desarrollado durante los a\u00f1os 2020-2023, con la financiaci\u00f3n de la Junta de Comunidades de Castilla-La Mancha y el Fondo Europeo de Desarrollo Regional (referencia SBPLY\/19\/180501\/000187). Ha estado adscrito a la Universidad de Castilla-La Mancha, en concreto a la Facultad de Humanidades de Albacete. Su equipo se ha compuesto de siete investigadores, pertenecientes tanto a la propia Universidad de Castilla-La Mancha como al Instituto de Estudios Albacetenses \u201cDon Juan Manuel\u201d. El grupo cuenta con los antecedentes de los proyectos sobre el mundo urbano bajomedieval castellano-manchego, dirigidos por Ricardo Izquierdo Benito y Jos\u00e9 Antonio Jara Fuente entre 2003 y 2013 tambi\u00e9n en la citada universidad.<\/p>\n\n\n\n<p>El trabajo del proyecto se ha centrado en el an\u00e1lisis de la econom\u00eda urbana en los \u00e1mbitos hist\u00f3ricos de la actual Castilla-La Mancha y de su repercusi\u00f3n espacial y territorial en el periodo que va del siglo XIV a inicios del XVI. Esa repercusi\u00f3n ha intentado mostrarse tanto hacia el interior de las propias ciudades y villas como hacia el exterior, particularmente en relaci\u00f3n con el mundo rural circundante y con otras poblaciones y regiones m\u00e1s alejadas. La investigaci\u00f3n se ha basado en la recopilaci\u00f3n de fuentes e informaciones ya publicadas y, sobre todo, en la recogida y el tratamiento de documentaci\u00f3n in\u00e9dita. El conjunto de los materiales se ha evaluado a la luz de las corrientes historiogr\u00e1ficas m\u00e1s actuales que vienen desarroll\u00e1ndose a escala europea, hisp\u00e1nica o castellana. Entre otras aspiraciones, todo ello se ha efectuado con la pretensi\u00f3n de valorizar la propia historia regional castellano-manchega, de potenciar los recursos humanos en la econom\u00eda del conocimiento y de resaltar la fecundidad de los avances cient\u00edficos en el terreno hist\u00f3rico. Las aportaciones del grupo se han concretado por medio de 16 publicaciones en revistas indexadas, 25 publicaciones en libros y cap\u00edtulos de libros y 54 aportaciones presentadas a 37 congresos, conferencias y workshops.<\/p>\n","protected":false},"excerpt":{"rendered":"<p>El proyecto \u201cCiudad, econom\u00eda y territorio en Castilla-La Mancha durante la Baja Edad Media\u201d (CIUECON) se ha desarrollado durante los a\u00f1os 2020-2023, con la financiaci\u00f3n de la Junta de Comunidades de Castilla-La Mancha y el Fondo Europeo de Desarrollo Regional &hellip; <a href=\"https:\/\/blog.uclm.es\/proyectociuecon\/\">Sigue leyendo <span class=\"meta-nav\">&rarr;<\/span><\/a><\/p>\n","protected":false},"author":408,"featured_media":0,"parent":0,"menu_order":0,"comment_status":"closed","ping_status":"closed","template":"","meta":{"footnotes":""},"class_list":["post-385","page","type-page","status-publish","hentry"],"_links":{"self":[{"href":"https:\/\/blog.uclm.es\/proyectociuecon\/wp-json\/wp\/v2\/pages\/385","targetHints":{"allow":["GET"]}}],"collection":[{"href":"https:\/\/blog.uclm.es\/proyectociuecon\/wp-json\/wp\/v2\/pages"}],"about":[{"href":"https:\/\/blog.uclm.es\/proyectociuecon\/wp-json\/wp\/v2\/types\/page"}],"author":[{"embeddable":true,"href":"https:\/\/blog.uclm.es\/proyectociuecon\/wp-json\/wp\/v2\/users\/408"}],"replies":[{"embeddable":true,"href":"https:\/\/blog.uclm.es\/proyectociuecon\/wp-json\/wp\/v2\/comments?post=385"}],"version-history":[{"count":3,"href":"https:\/\/blog.uclm.es\/proyectociuecon\/wp-json\/wp\/v2\/pages\/385\/revisions"}],"predecessor-version":[{"id":421,"href":"https:\/\/blog.uclm.es\/proyectociuecon\/wp-json\/wp\/v2\/pages\/385\/revisions\/421"}],"wp:attachment":[{"href":"https:\/\/blog.uclm.es\/proyectociuecon\/wp-json\/wp\/v2\/media?parent=385"}],"curies":[{"name":"wp","href":"https:\/\/api.w.org\/{rel}","templated":true}]}}