{"id":137,"date":"2019-11-04T13:12:00","date_gmt":"2019-11-04T12:12:00","guid":{"rendered":"http:\/\/blog.uclm.es\/proyectocirculecon\/?page_id=137"},"modified":"2024-11-22T08:46:35","modified_gmt":"2024-11-22T08:46:35","slug":"publicaciones","status":"publish","type":"page","link":"https:\/\/blog.uclm.es\/proyectocirculecon\/publicaciones\/","title":{"rendered":"Publicaciones"},"content":{"rendered":"\n<div class=\"wp-block-group\"><div class=\"wp-block-group__inner-container is-layout-flow wp-block-group-is-layout-flow\">\n<p class=\"has-text-align-left\"><\/p>\n\n\n\n<h2 class=\"wp-block-heading\">Obra de CIRCULECON Titulada \u00abEstrategias Fiscales de Residuos y Econom\u00eda Circular\u00bb. Directoras: Gemma Pat\u00f3n Garc\u00eda y Gracia Mar\u00eda Luchena Mozo, Coordinador Rodolfo Salassa Boix. Editorial Atelier. Noviembre 2024.<\/h2>\n\n\n\n<figure class=\"wp-block-image size-full\"><img loading=\"lazy\" decoding=\"async\" width=\"513\" height=\"637\" src=\"https:\/\/blog.uclm.es\/proyectocirculecon\/wp-content\/uploads\/sites\/23\/2024\/11\/image001-3.png\" alt=\"\" class=\"wp-image-548\" srcset=\"https:\/\/blog.uclm.es\/proyectocirculecon\/wp-content\/uploads\/sites\/23\/2024\/11\/image001-3.png 513w, https:\/\/blog.uclm.es\/proyectocirculecon\/wp-content\/uploads\/sites\/23\/2024\/11\/image001-3-242x300.png 242w\" sizes=\"auto, (max-width: 513px) 100vw, 513px\" \/><\/figure>\n\n\n\n<p><strong>Gu\u00eda para el dise\u00f1o de la Tasa Local de Residuos para Castilla La Mancha<\/strong>. Producto de CIRCULECON II Y III. Autores: Gemma Pat\u00f3n Garc\u00eda, Juan Jos\u00e9 Pernas Garc\u00eda, Mar\u00eda Jos\u00e9 Fern\u00e1ndez Pav\u00e9s, Bel\u00e9n Garc\u00eda Carretero. Octubre 2024.<\/p>\n\n\n\n<figure class=\"wp-block-image size-full\"><img loading=\"lazy\" decoding=\"async\" width=\"531\" height=\"737\" src=\"https:\/\/blog.uclm.es\/proyectocirculecon\/wp-content\/uploads\/sites\/23\/2024\/11\/image001.png\" alt=\"\" class=\"wp-image-539\" srcset=\"https:\/\/blog.uclm.es\/proyectocirculecon\/wp-content\/uploads\/sites\/23\/2024\/11\/image001.png 531w, https:\/\/blog.uclm.es\/proyectocirculecon\/wp-content\/uploads\/sites\/23\/2024\/11\/image001-216x300.png 216w\" sizes=\"auto, (max-width: 531px) 100vw, 531px\" \/><\/figure>\n\n\n\n<h2 class=\"wp-block-heading\"><\/h2>\n\n\n\n<h2 class=\"wp-block-heading\">Publicaci\u00f3n Gemma Pat\u00f3n Garc\u00eda en Tributos Locales 170, A\u00f1o 2024. <\/h2>\n\n\n\n<p>Art\u00edculo titulado: \u00abAn\u00e1lisis de los modelos de determinaci\u00f3n de la cuota en la tasa local sobre residuos: hacia una evaluaci\u00f3n de los consumos responsables\u00bb. Septiembre &#8211; Octubre 2024.<\/p>\n\n\n\n<figure class=\"wp-block-image size-full\"><img loading=\"lazy\" decoding=\"async\" width=\"533\" height=\"755\" src=\"https:\/\/blog.uclm.es\/proyectocirculecon\/wp-content\/uploads\/sites\/23\/2024\/11\/image001-2.png\" alt=\"\" class=\"wp-image-545\" srcset=\"https:\/\/blog.uclm.es\/proyectocirculecon\/wp-content\/uploads\/sites\/23\/2024\/11\/image001-2.png 533w, https:\/\/blog.uclm.es\/proyectocirculecon\/wp-content\/uploads\/sites\/23\/2024\/11\/image001-2-212x300.png 212w\" sizes=\"auto, (max-width: 533px) 100vw, 533px\" \/><\/figure>\n\n\n\n<p class=\"has-text-align-center\"><strong>LIBROS Y CAP\u00cdTULOS DE LIBRO<\/strong><\/p>\n\n\n\n<h2 class=\"wp-block-heading\">Jos\u00e9 Pernas Garc\u00eda art\u00edculo en publicaci\u00f3n del \u00abObservatorio de los Contratos P\u00fablicos 2023\u00bb.<\/h2>\n\n\n\n<figure class=\"wp-block-image size-full\"><img loading=\"lazy\" decoding=\"async\" width=\"411\" height=\"629\" src=\"https:\/\/blog.uclm.es\/proyectocirculecon\/wp-content\/uploads\/sites\/23\/2024\/10\/image001-13.png\" alt=\"\" class=\"wp-image-528\" srcset=\"https:\/\/blog.uclm.es\/proyectocirculecon\/wp-content\/uploads\/sites\/23\/2024\/10\/image001-13.png 411w, https:\/\/blog.uclm.es\/proyectocirculecon\/wp-content\/uploads\/sites\/23\/2024\/10\/image001-13-196x300.png 196w\" sizes=\"auto, (max-width: 411px) 100vw, 411px\" \/><\/figure>\n\n\n\n<h2 class=\"wp-block-heading\"><\/h2>\n\n\n\n<p>Publicaci\u00f3n art\u00edculo por la Editorial Tirant Lo Blanch de <strong>Oscar Hernando Carre\u00f1o Gait\u00e1n<\/strong>,  titulado: <strong>\u00abLa importancia del derecho financiero y tributario como instrumento jur\u00eddico en la protecci\u00f3n del derecho al medio ambiente como derecho humano\u00bb<\/strong>, en la obra \u00abDesaf\u00edos jur\u00eddicos contempor\u00e1neos en la defensa de los derechos humanos\u00bb. Octubre 2024.<\/p>\n\n\n\n<figure class=\"wp-block-image size-full\"><img loading=\"lazy\" decoding=\"async\" width=\"405\" height=\"573\" src=\"https:\/\/blog.uclm.es\/proyectocirculecon\/wp-content\/uploads\/sites\/23\/2024\/11\/image001-7.png\" alt=\"\" class=\"wp-image-557\" srcset=\"https:\/\/blog.uclm.es\/proyectocirculecon\/wp-content\/uploads\/sites\/23\/2024\/11\/image001-7.png 405w, https:\/\/blog.uclm.es\/proyectocirculecon\/wp-content\/uploads\/sites\/23\/2024\/11\/image001-7-212x300.png 212w\" sizes=\"auto, (max-width: 405px) 100vw, 405px\" \/><\/figure>\n\n\n\n<h2 class=\"wp-block-heading\">Oscar Hernando Carre\u00f1o Gait\u00e1n art\u00edculo titulado \u00abHacia la reducci\u00f3n de los residuos en Espa\u00f1a. Aportes desde el derecho financiero y tributario a nivel local.\u00bb en la Revista IUSTIA N\u00ba.24. 2024.<\/h2>\n\n\n\n<figure class=\"wp-block-image size-full\"><img loading=\"lazy\" decoding=\"async\" width=\"853\" height=\"749\" src=\"https:\/\/blog.uclm.es\/proyectocirculecon\/wp-content\/uploads\/sites\/23\/2024\/10\/image001-12.png\" alt=\"\" class=\"wp-image-526\" srcset=\"https:\/\/blog.uclm.es\/proyectocirculecon\/wp-content\/uploads\/sites\/23\/2024\/10\/image001-12.png 853w, https:\/\/blog.uclm.es\/proyectocirculecon\/wp-content\/uploads\/sites\/23\/2024\/10\/image001-12-300x263.png 300w, https:\/\/blog.uclm.es\/proyectocirculecon\/wp-content\/uploads\/sites\/23\/2024\/10\/image001-12-768x674.png 768w, https:\/\/blog.uclm.es\/proyectocirculecon\/wp-content\/uploads\/sites\/23\/2024\/10\/image001-12-342x300.png 342w\" sizes=\"auto, (max-width: 853px) 100vw, 853px\" \/><\/figure>\n\n\n\n<h2 class=\"wp-block-heading\">C\u00e9sar Augusto Romero Molina, Karen Daniela Diaz Ort\u00edz, Gissette Carolina Benavides Mendoza. Gabilex N\u00ba.39.<\/h2>\n\n\n\n<figure class=\"wp-block-image size-full\"><img loading=\"lazy\" decoding=\"async\" width=\"637\" height=\"645\" src=\"https:\/\/blog.uclm.es\/proyectocirculecon\/wp-content\/uploads\/sites\/23\/2024\/10\/image001-16.png\" alt=\"\" class=\"wp-image-533\" srcset=\"https:\/\/blog.uclm.es\/proyectocirculecon\/wp-content\/uploads\/sites\/23\/2024\/10\/image001-16.png 637w, https:\/\/blog.uclm.es\/proyectocirculecon\/wp-content\/uploads\/sites\/23\/2024\/10\/image001-16-296x300.png 296w\" sizes=\"auto, (max-width: 637px) 100vw, 637px\" \/><\/figure>\n\n\n\n<p><strong>Gemma Pat\u00f3n Garc\u00eda<\/strong> (Directora). <strong>Jos\u00e9 Francisco Sede\u00f1o L\u00f3pez<\/strong> (Coordinador). Libro: <strong>\u00abFiscalidad y econom\u00eda circular. Sectores estrat\u00e9gicos de vivienda y transporte\u00bb.<\/strong> 2024. Atelier.<\/p>\n\n\n\n<figure class=\"wp-block-image size-large\"><img loading=\"lazy\" decoding=\"async\" width=\"768\" height=\"1024\" src=\"https:\/\/blog.uclm.es\/proyectocirculecon\/wp-content\/uploads\/sites\/23\/2024\/10\/Fiscalidad-y-EC-sectores-estrategicos-de-vivienda-y-transporte-768x1024.jpg\" alt=\"\" class=\"wp-image-500\" srcset=\"https:\/\/blog.uclm.es\/proyectocirculecon\/wp-content\/uploads\/sites\/23\/2024\/10\/Fiscalidad-y-EC-sectores-estrategicos-de-vivienda-y-transporte-768x1024.jpg 768w, https:\/\/blog.uclm.es\/proyectocirculecon\/wp-content\/uploads\/sites\/23\/2024\/10\/Fiscalidad-y-EC-sectores-estrategicos-de-vivienda-y-transporte-225x300.jpg 225w, https:\/\/blog.uclm.es\/proyectocirculecon\/wp-content\/uploads\/sites\/23\/2024\/10\/Fiscalidad-y-EC-sectores-estrategicos-de-vivienda-y-transporte-1152x1536.jpg 1152w, https:\/\/blog.uclm.es\/proyectocirculecon\/wp-content\/uploads\/sites\/23\/2024\/10\/Fiscalidad-y-EC-sectores-estrategicos-de-vivienda-y-transporte.jpg 1200w\" sizes=\"auto, (max-width: 768px) 100vw, 768px\" \/><\/figure>\n\n\n\n<p><\/p>\n\n\n\n<p><strong>Rodolfo Salassa Boix<\/strong>. Conferencia sobre la <strong>\u201cEuropean tax strategies for shipping emissions reduction\u201d<\/strong>, desarrollada en el&nbsp;<em>Postdoctoral International Tax Forum (PITF)<\/em>, celebrado los d\u00edas 4 y 5 de junio, organizado por el <strong>INTERNATIONAL BUREAU OF FISCAL DOCUMENTATION (IBFD), PA\u00cdSES BAJOS<\/strong>: \u00c1msterdam, 6 de junio de 2024.<\/p>\n\n\n\n<p><strong>Rodolfo Salassa Boix<\/strong>. Conferencia sobre el <strong>\u201cLa propuesta catalana para gravar las emisiones del transporte mar\u00edtimo\u201d&nbsp;<\/strong>en congreso internacional:&nbsp;<em><strong>Retos de la empresa: digitalizaci\u00f3n y transici\u00f3n justa a la econom\u00eda circular<\/strong><\/em>,&nbsp;celebrado los d\u00edas 26 y 27 de junio de 2024 en la UNIVERSIDAD DE GRANADA. Granada, 27 de junio de 2024.<\/p>\n\n\n\n<p><strong>Rodolfo Salassa Boix<\/strong>. Cap\u00edtulo de libro: <strong>\u201cLa Uni\u00f3n Europea se amarra al transporte mar\u00edtimo sostenible\u201d<\/strong>, en&nbsp;<em>Fiscalidad y econom\u00eda circular. Sectores estrat\u00e9gicos de vivienda y transporte<\/em>&nbsp;(Dir.: Gemma Pat\u00f3n Garc\u00eda), Atelier (ISBN: 978-84-10174-27-6), Barcelona, 2024, pp. 341-361.<\/p>\n\n\n\n<p><strong>Rodolfo Salassa Boix<\/strong>. Art\u00edculo:&nbsp;<strong>\u201cLa propuesta catalana para gravar las emisiones del transporte mar\u00edtimo: \u00bfuna nueva oleada de impuestos propios?\u201d<\/strong>,&nbsp;<em>Anales de Derecho \u2013 Universidad de Murcia, Espa\u00f1a<\/em>&nbsp;(ISSN electr\u00f3nico: 1989-5992-ISSN impreso: 0210-539X), Vol. 41, N\u00ba 1, 2024, pp. 40-65.<\/p>\n\n\n\n<p><strong>Rodolfo Salassa Boix<\/strong>. Art\u00edculo (con Laura Salamanca Samudio):&nbsp;<strong>\u201cLas Ayudas de Estado a partir del pacto verde europeo: un nuevo impulso hacia la transici\u00f3n energ\u00e9tica\u201d<\/strong>,&nbsp;<em>Nueva Fiscalidad<\/em>&nbsp;(ISSN&nbsp;1696-0173), N\u00ba 1 (enero-marzo), 2024, pp. 109-149.<\/p>\n\n\n\n<p><strong>Alberto Comelli<\/strong>. Art\u00edculo: <strong>\u00abProfili europei della tassazione ambientale\u00bb<\/strong>. Diritto e pratica tributaria. Vol. XCIV. N\u00ba.6. 2023. P\u00e1gs. 2264-2282. ISSN 0012-3447.<\/p>\n\n\n\n<figure class=\"wp-block-image size-full\"><img loading=\"lazy\" decoding=\"async\" width=\"389\" height=\"673\" src=\"https:\/\/blog.uclm.es\/proyectocirculecon\/wp-content\/uploads\/sites\/23\/2024\/10\/image001.png\" alt=\"\" class=\"wp-image-503\" srcset=\"https:\/\/blog.uclm.es\/proyectocirculecon\/wp-content\/uploads\/sites\/23\/2024\/10\/image001.png 389w, https:\/\/blog.uclm.es\/proyectocirculecon\/wp-content\/uploads\/sites\/23\/2024\/10\/image001-173x300.png 173w\" sizes=\"auto, (max-width: 389px) 100vw, 389px\" \/><\/figure>\n\n\n\n<p><strong>Alberto Comelli<\/strong>. <strong>\u00abProfili europei della tassazione ambiantale\u00bb<\/strong>. Politiche fiscali e Green Economy: tendenze evolutive della transizione ecologica. M. Martis. Napoli. 2023. P\u00e1gs. 21-40.<\/p>\n\n\n\n<p><strong>Alberto Comelli<\/strong>. <strong>\u00abIs Tax Law an Effective Tool to Improve Ecological Transition?\u00bb.<\/strong> Ecological Transition and Environmental Taxation. M. Allena. Milano. 2023. IX-XIV.<\/p>\n\n\n\n<figure class=\"wp-block-image size-full\"><img loading=\"lazy\" decoding=\"async\" width=\"709\" height=\"583\" src=\"https:\/\/blog.uclm.es\/proyectocirculecon\/wp-content\/uploads\/sites\/23\/2024\/10\/image001-4.png\" alt=\"\" class=\"wp-image-507\" srcset=\"https:\/\/blog.uclm.es\/proyectocirculecon\/wp-content\/uploads\/sites\/23\/2024\/10\/image001-4.png 709w, https:\/\/blog.uclm.es\/proyectocirculecon\/wp-content\/uploads\/sites\/23\/2024\/10\/image001-4-300x247.png 300w, https:\/\/blog.uclm.es\/proyectocirculecon\/wp-content\/uploads\/sites\/23\/2024\/10\/image001-4-365x300.png 365w\" sizes=\"auto, (max-width: 709px) 100vw, 709px\" \/><\/figure>\n\n\n\n<p><strong>Jos\u00e9 Mar\u00eda Cobos G\u00f3mez, Bel\u00e9n Garc\u00eda Carretero<\/strong>. Libro: <strong>\u00abEl impuesto especial sobre los envases de pl\u00e1stico no reutilizables\u00bb<\/strong>. 2024. Tirant Lo Blanch. <\/p>\n\n\n\n<figure class=\"wp-block-image size-full\"><img loading=\"lazy\" decoding=\"async\" width=\"491\" height=\"647\" src=\"https:\/\/blog.uclm.es\/proyectocirculecon\/wp-content\/uploads\/sites\/23\/2024\/10\/image001-5.png\" alt=\"\" class=\"wp-image-512\" srcset=\"https:\/\/blog.uclm.es\/proyectocirculecon\/wp-content\/uploads\/sites\/23\/2024\/10\/image001-5.png 491w, https:\/\/blog.uclm.es\/proyectocirculecon\/wp-content\/uploads\/sites\/23\/2024\/10\/image001-5-228x300.png 228w\" sizes=\"auto, (max-width: 491px) 100vw, 491px\" \/><\/figure>\n\n\n\n<p><strong>Romero Molina, C\u00e9sar Augusto; D\u00edaz Ortiz, Karen Daniela; Benavides Mendoza, Gissette Carolina.<\/strong> <strong>\u00abMunicipios ZOMAC en Santander (Colombia): Desaf\u00edos en tributos territoriales para generar desarrollo econ\u00f3mico\u00bb<\/strong>. Gabilex. Revista del Gabinete Jur\u00eddico de Castilla-La Mancha. N\u00ba.36. Cuarto trimestre. 2023. Junta de Comunidades de Castilla-La Mancha.<\/p>\n\n\n\n<p><strong>Romero Molina, C\u00e9sar Augusto; D\u00edaz Ortiz, Karen Daniela; Benavides Mendoza, Gissette Carolina. \u00abEl urbanismo como posibilidad de desarrollo para los municipios\u00bb<\/strong>. El urbanismo como sector clave para un desarrollo sostenible. 2023. La Ley Soluciones Legales S.A.<\/p>\n\n\n\n<figure class=\"wp-block-image size-large\"><img loading=\"lazy\" decoding=\"async\" width=\"768\" height=\"1024\" src=\"https:\/\/blog.uclm.es\/proyectocirculecon\/wp-content\/uploads\/sites\/23\/2024\/10\/WhatsApp-Image-2024-07-10-at-12.52.42-PM-1-768x1024.jpeg\" alt=\"\" class=\"wp-image-501\" srcset=\"https:\/\/blog.uclm.es\/proyectocirculecon\/wp-content\/uploads\/sites\/23\/2024\/10\/WhatsApp-Image-2024-07-10-at-12.52.42-PM-1-768x1024.jpeg 768w, https:\/\/blog.uclm.es\/proyectocirculecon\/wp-content\/uploads\/sites\/23\/2024\/10\/WhatsApp-Image-2024-07-10-at-12.52.42-PM-1-225x300.jpeg 225w, https:\/\/blog.uclm.es\/proyectocirculecon\/wp-content\/uploads\/sites\/23\/2024\/10\/WhatsApp-Image-2024-07-10-at-12.52.42-PM-1.jpeg 960w\" sizes=\"auto, (max-width: 768px) 100vw, 768px\" \/><\/figure>\n\n\n\n<p><strong>Gemma Pat\u00f3n Garc\u00eda.<\/strong> Libro: <strong>\u00abFiscalidad de residuos orientada a una econom\u00eda circular. An\u00e1lisis tras la Ley 7\/2022, de 8 de abril<\/strong>\u00ab. 2022. Aranzadi.<\/p>\n\n\n\n<figure class=\"wp-block-image size-large\"><img loading=\"lazy\" decoding=\"async\" width=\"576\" height=\"1024\" src=\"https:\/\/blog.uclm.es\/proyectocirculecon\/wp-content\/uploads\/sites\/23\/2024\/10\/Foto-libro-Fiscalidad-de-residuos-orientada-a-una-EC-576x1024.jpg\" alt=\"\" class=\"wp-image-502\" srcset=\"https:\/\/blog.uclm.es\/proyectocirculecon\/wp-content\/uploads\/sites\/23\/2024\/10\/Foto-libro-Fiscalidad-de-residuos-orientada-a-una-EC-576x1024.jpg 576w, https:\/\/blog.uclm.es\/proyectocirculecon\/wp-content\/uploads\/sites\/23\/2024\/10\/Foto-libro-Fiscalidad-de-residuos-orientada-a-una-EC-169x300.jpg 169w, https:\/\/blog.uclm.es\/proyectocirculecon\/wp-content\/uploads\/sites\/23\/2024\/10\/Foto-libro-Fiscalidad-de-residuos-orientada-a-una-EC-768x1365.jpg 768w, https:\/\/blog.uclm.es\/proyectocirculecon\/wp-content\/uploads\/sites\/23\/2024\/10\/Foto-libro-Fiscalidad-de-residuos-orientada-a-una-EC-864x1536.jpg 864w, https:\/\/blog.uclm.es\/proyectocirculecon\/wp-content\/uploads\/sites\/23\/2024\/10\/Foto-libro-Fiscalidad-de-residuos-orientada-a-una-EC.jpg 1107w\" sizes=\"auto, (max-width: 576px) 100vw, 576px\" \/><\/figure>\n\n\n\n<p><strong>Gemma Pat\u00f3n Garc\u00eda.<\/strong> Libro: <strong>\u00abTendencias actuales en econom\u00eda circular: instrumentos financieros y tributarios\u00b4\u00b4<\/strong>. Coordinador: Salassa Boix, Rodolfo, Prologuista: Agull\u00f3 Ag\u00fcero, Antonia. ISBN: 9788413903224. Editorial Aranzadi<\/p>\n\n\n\n<p class=\"has-text-align-left\"><strong>Gemma Pat\u00f3n Garc\u00eda.<\/strong> Cap\u00edtulo de libro: <strong>\u201cTributaci\u00f3n ambiental y energ\u00edas renovables en la Uni\u00f3n Europea y Espa\u00f1a. Una simbiosis a partir de la estrategia de econom\u00eda circular\u201d<\/strong>, Tributaci\u00f3n ambiental y energ\u00edas renovables en Argentina (Dir. Salassa Boix, R., coord.. Alderete, P., C\u00e1ceres Falkiewicz, M.M.), CONICET, Advocatus, C\u00f3rdoa (Argentina), 2020, p\u00e1gs. 607-626. ISBN 978-987-551-414-0.<\/p>\n\n\n\n<p><strong>Gemma Pat\u00f3n Garc\u00eda.<\/strong> Cap\u00edtulo de libro:<strong> \u201cFiscalidad y econom\u00eda circular: instrumentos tributarios para la sostenibilidad ambiental\u201d<\/strong>, Los retos del Derecho Financiero y Tributario desde una perspectiva internacional (Dirs. Luchena Mozo, G.M., S\u00e1nchez L\u00f3pez, M.E.), Atelier, Barcelona, 2020, p\u00e1gs. 183-212. ISBN: 978-84-17466-93-0.<\/p>\n\n\n\n<p><br><strong>Gemma Pat\u00f3n Garc\u00eda. <\/strong>Cap\u00edtulo de libro:<strong> \u201cPromotion of renewable energy for a sustainable city: taxes on electric self-comsumption of households?\u201d<\/strong>, 19th Global Conference on Environmental Taxation (GCET19), Madrid, 26-28 septiembre 2018. C\u00e1mara Barroso, Mar\u00eda del Carmen, Villar Ezcurra, Marta, Environmental tax studies for the ecological transition comparative analysis addressing urban cincentration and increasing transport challenges, Cizur Menor, Thomson Reuters-Aranzadi, 2019, p\u00e1ginas 429-442. ISBN: 978-84-9197-699-8.<br><\/p>\n<\/div><\/div>\n\n\n\n<p><strong>Gracia Mar\u00eda Luchena Mozo<\/strong>. Cap\u00edtulo de libro:<strong> \u201cFEDERALISMO FISCAL ECOL\u00d3GICO DESDE LA PERSPECTIVA DEL DERECHO ESPA\u00d1OL\u201d<\/strong>, en DAL FEDERALISMO FISCALE AL REGIONALISMO DIFFERENZIATO:PROSPETTIVE NAZIONALI ED ESPERIENZE EUROPEE. Ed. Giappichelli, Torino. En prensa.<br><\/p>\n\n\n\n<p><strong>Gracia Mar\u00eda Luchena Mozo.<\/strong> Monograf\u00eda: <strong>Oportunidades fiscales para la conservaci\u00f3n de la biodiversidad en los Espacios Naturales Protegidos. Un apunte de derecho comparado. <\/strong>ISBN: 9788413081533. Editorial Aranzadi. 2020. Fue objeto de presentaci\u00f3n en el Webinar, titulado \u201cEmergenza, Covid-19, ambiente\u201d, Universit\u00e1 degli Studi Guglielmo Marconi, d\u00eda 26 de junio 2020. https:\/\/youtu.be\/mng9U9aOg7A<br><\/p>\n\n\n\n<p><strong>Gracia Mar\u00eda Luchena Mozo. Los retos del Derecho Financiero y Tributario desde una perspectiva internacional<\/strong> (Dirs. Luchena Mozo, G.M., S\u00e1nchez L\u00f3pez, M.E.), Atelier, Barcelona, 2020. Codirecci\u00f3n de libro.<br><\/p>\n\n\n\n<p><strong>Gracia Mar\u00eda Luchena Mozo. Art\u00edculo: \u201cFiscalidad de los Espacios Naturales Protegidos: una salida a la emergencia clim\u00e1tica\u201d.<\/strong> Revista Ambiente Diritto.it, revista electr\u00f3nica trimestral de Derecho de Derecho P\u00fablico. En prensa. <\/p>\n\n\n\n<p><strong>Marta Villar Ezcurra. Environmental Tax Studies for the Ecological Transition. Comparative Analysis Addressing Urban Concentration and Increasing Transport Challenges<\/strong>, Marta Villar Ezcurra, editor (peer-reviewed), (Thomson-Reuters-Civitas, 2019), 523 p. (ISBN: 978-84-9197-699-8)<br>https:\/\/dialnet.unirioja.es\/servlet\/libro?codigo=770154<\/p>\n\n\n\n<p><br><strong>Marta Villar Ezcurra. Environmental Fiscal Challenges for Cities and Transport. Critical Issues in Environmental Taxation Vol. XXI, <\/strong>Marta Villar Ezcurra, Janet E. Milne, Hope Ashiabor and Mikael Skou Andersen, editors (peer-reviewed), (Edward Elgar Publishing Limited, 2019), 284 p. (DOI: DOI 10.4337\/9781789904185) https:\/\/www.e-elgar.com\/shop\/environmental-fiscal-challenges-for-cities-and-transport<\/p>\n\n\n\n<p><br><strong>Marta Villar Ezcurra. CAP\u00cdTULOS DE LIBROS: \u201cIs the low level of tax on e-commerce contributing to an environmentally unfriendly increase in transport?\u201d <\/strong>(CL): Marta Villar Ezcurra et al. (edit.) Environmental Fiscal Challenges for Cities and Transport. Critical Issues in Environmental Taxation Vol. XXI. (Edward Elgar Publishing Limited, 2019) pp. 18-31.<\/p>\n\n\n\n<p><br><strong>Marta Villar Ezcurra. \u201cAn\u00e1lisis cr\u00edtico de la interacci\u00f3n agua-energ\u00eda y su fiscalidad\u201d<\/strong> (CL): M\u00aa Luisa Gonz\u00e1lez-Cu\u00e9llar y Enrique Ortiz (dir.): La fiscalidad del agua: Situaci\u00f3n actual y perspectivas de reforma (Tirant lo Blanch, 2019) pp. 91-123.<\/p>\n\n\n\n<p><br><strong>Marta Villar Ezcurra. \u201cLa Sentencia ACHMEA del Tribunal de Justicia de la Uni\u00f3n Europea y sus Implicaciones en Tratados Fiscales Internacionales\u201d <\/strong>(CL): A.P. Saunders et al (dir.) Estudos de Tributa\u00e7\u00e3o Internacional \u2013 Edi\u00e7\u00e3o Especial. Rio de Janeiro (Lumen Juris, 2019), pp. 491-511 (ISBN 978-85-519-1309-3).<\/p>\n\n\n\n<p><br><strong>Marta Villar Ezcurra. \u201cTax incentives for PV Power self-consumption. An analysis of the Spanish experience\u201d<\/strong> (CL), Marta Villar Ezcurra \u2013 Carmen C\u00e1mara Barroso, Critical Issues in Environmental Taxation Vol. XXII. (Edward Elgar Publishing Limited, 2020), pp.16-31.<br>https:\/\/www.e-elgar.com\/shop\/gbp\/economic-instruments-for-a-low-carbon-future-9781839109904.html<\/p>\n\n\n\n<p><br><strong>Marta Villar Ezcurra. \u201cNuevo modelo energ\u00e9tico y fiscalidad de la energ\u00eda: oportunidades, retos y limitaciones\u201d<\/strong>(CL): VVAA: El Derecho de la Energ\u00eda en Transici\u00f3n, AEDEN (original entregado, pendiente de publicaci\u00f3n).<\/p>\n\n\n\n<p><br><strong>C\u00e9sar Jos\u00e9 Galarza. Art\u00edculo: \u00abSostenibilidad y \u00e9xito empresarial\u00bb<\/strong>, en Bello Knoll, S., Dir., Cuadernos del Centro de Estudios en Dise\u00f1o y Comunicaci\u00f3n [Ensayos] N\u00ba 106, ISSN 1668-0227. Facultad de Dise\u00f1o y Comunicaci\u00f3n. Universidad de Palermo. Buenos Aires. 2020. [On line]. Disponible en web: https:\/\/fido.palermo.edu\/servicios_dyc\/publicacionesdc\/cuadernos\/detalle_publicacion.php?id_libro=832<\/p>\n\n\n\n<p><br><strong>C\u00e9sar Jos\u00e9 Galarza. Art\u00edculo: \u201cCOVID-19, ambiente, lecciones aprendidas y modelos de negocio para superar la crisis post-pandemia: econom\u00eda circular y contribuciones basadas en la naturaleza\u201d<\/strong>, El.Dial.com, del 13\/07\/20. [On line]. Disponible en web:<br>https:\/\/www.eldial.com\/nuevo\/archivo-doctrina_nuevo.asp?base=50&amp;id=13205&amp;t=d<\/p>\n\n\n\n<p><br><strong>\u00c1ngel Moreno Inocencio. <\/strong>Cap\u00edtulo de libro<strong>: \u201cIncentive proposals for the electric vehicle in the spanish tax system\u00b4\u00b4, <\/strong>en la obra colectiva \u00abEnvironnmental Tax Studies for the Ecological,transition\u00bb, Thomson Reuters, 2019. ISBN 978-84-9197-699-8<br><\/p>\n\n\n\n<p><strong>Rodolfo Salassa Boix.<\/strong> DIRECCI\u00d3N DE OBRA Y PRESENTACI\u00d3N. <strong>Tributaci\u00f3n ambiental y energ\u00edas renovables en Argentina<\/strong>, Ciencia Derecho y Sociedad y Advocatus (ISBN: 978-987-551-414-0), C\u00f3rdoba, 2020.<\/p>\n\n\n\n<p class=\"has-text-align-center\"><strong>FOROS Y PUBLICACIONES EN PRENSA<\/strong><\/p>\n\n\n\n<p><\/p>\n\n\n\n<p class=\"has-text-align-left\">La profesora <strong>Gemma Pat\u00f3n<\/strong> colabora como experta en prensa diaria: <a href=\"https:\/\/www.eldiario.es\/economia\/dilema-reforma-fiscal-verde-subir-impuestos-acercarse-europa-castigar-rentas-bajas_1_8606345.html\">https:\/\/www.eldiario.es\/economia\/dilema-reforma-fiscal-verde-subir-impuestos-acercarse-europa-castigar-rentas-bajas_1_8606345.html<\/a> <\/p>\n\n\n\n<p class=\"has-text-align-left\">La profesora <strong>Marta Villar<\/strong>, miembro de nuestro proyecto de investigaci\u00f3n, diserta sobre <strong>el estado de la fiscalidad de la energ\u00eda<\/strong> en un foro p\u00fablico: <a href=\"https:\/\/agendapublica.es\/la-revision-pendiente-de-la-fiscalidad-de-la-energia\/\">https:\/\/agendapublica.es\/la-revision-pendiente-de-la-fiscalidad-de-la-energia\/<\/a><\/p>\n\n\n\n<p><strong>Rodolfo Salassa Boix: \u00abLa situaci\u00f3n ecol\u00f3gica del Mar Menor puede agravarse a\u00fan m\u00e1s con la pandemia\u00bb<\/strong>: <a href=\"https:\/\/www-laverdad-es.cdn.ampproject.org\/c\/s\/www.laverdad.es\/ababol\/ciencia\/situacion-ecologica-menor-20210130001125-ntvo_amp.html\">https:\/\/www-laverdad-es.cdn.ampproject.org\/c\/s\/www.laverdad.es\/ababol\/ciencia\/situacion-ecologica-menor-20210130001125-ntvo_amp.html<\/a><\/p>\n\n\n\n<p>La Profesora <strong>Gemma Pat\u00f3n<\/strong>, miembro de nuestro proyecto de investigaci\u00f3n, analiza<strong> el impacto de la econom\u00eda circular en la fiscalidad ambiental: <\/strong><a href=\"https:\/\/agendapublica.es\/economia-circular-y-su-impacto-en-la-fiscalidad-ambiental\/\">https:\/\/agendapublica.es\/economia-circular-y-su-impacto-en-la-fiscalidad-ambiental\/<\/a><\/p>\n","protected":false},"excerpt":{"rendered":"<p>Obra de CIRCULECON Titulada \u00abEstrategias Fiscales de Residuos y Econom\u00eda Circular\u00bb. Directoras: Gemma Pat\u00f3n Garc\u00eda y Gracia Mar\u00eda Luchena Mozo, Coordinador Rodolfo Salassa Boix. Editorial Atelier. Noviembre 2024. Gu\u00eda para el dise\u00f1o de la Tasa Local de Residuos para Castilla &hellip; <a href=\"https:\/\/blog.uclm.es\/proyectocirculecon\/publicaciones\/\">Sigue leyendo <span class=\"meta-nav\">&rarr;<\/span><\/a><\/p>\n","protected":false},"author":476,"featured_media":0,"parent":0,"menu_order":0,"comment_status":"closed","ping_status":"closed","template":"","meta":{"footnotes":""},"class_list":["post-137","page","type-page","status-publish","hentry"],"_links":{"self":[{"href":"https:\/\/blog.uclm.es\/proyectocirculecon\/wp-json\/wp\/v2\/pages\/137","targetHints":{"allow":["GET"]}}],"collection":[{"href":"https:\/\/blog.uclm.es\/proyectocirculecon\/wp-json\/wp\/v2\/pages"}],"about":[{"href":"https:\/\/blog.uclm.es\/proyectocirculecon\/wp-json\/wp\/v2\/types\/page"}],"author":[{"embeddable":true,"href":"https:\/\/blog.uclm.es\/proyectocirculecon\/wp-json\/wp\/v2\/users\/476"}],"replies":[{"embeddable":true,"href":"https:\/\/blog.uclm.es\/proyectocirculecon\/wp-json\/wp\/v2\/comments?post=137"}],"version-history":[{"count":16,"href":"https:\/\/blog.uclm.es\/proyectocirculecon\/wp-json\/wp\/v2\/pages\/137\/revisions"}],"predecessor-version":[{"id":558,"href":"https:\/\/blog.uclm.es\/proyectocirculecon\/wp-json\/wp\/v2\/pages\/137\/revisions\/558"}],"wp:attachment":[{"href":"https:\/\/blog.uclm.es\/proyectocirculecon\/wp-json\/wp\/v2\/media?parent=137"}],"curies":[{"name":"wp","href":"https:\/\/api.w.org\/{rel}","templated":true}]}}