{"id":40,"date":"2021-11-03T22:39:43","date_gmt":"2021-11-03T21:39:43","guid":{"rendered":"http:\/\/blog.uclm.es\/proyectobioelectrominer2\/?page_id=40"},"modified":"2021-11-03T22:39:43","modified_gmt":"2021-11-03T21:39:43","slug":"investigadores","status":"publish","type":"page","link":"https:\/\/blog.uclm.es\/proyectobioelectrominer2\/investigadores\/","title":{"rendered":"Investigadores"},"content":{"rendered":"<p>Francisco Jes\u00fas Fern\u00e1ndez Morales<br \/>\nCatedr\u00e1tico de Universidad. Departamento de Ingenier\u00eda Qu\u00edmica. Instituto de Tecnolog\u00eda Qu\u00edmica y Medioambiental. Ciudad Real.<\/p>\n<p>Luis Rodr\u00edguez Romero<br \/>\nTitulaci\u00f3n: Doctor en Ciencias Qu\u00edmicas<br \/>\nCatedr\u00e1tico de Universidad. Departamento de Ingenier\u00eda Qu\u00edmica.Escuela T\u00e9cnica Superior de Ingenieros de Caminos Canales y Puertos. Ciudad Real.<\/p>\n<p>Jos\u00e9 Villase\u00f1or Camacho<br \/>\nCatedr\u00e1tico de Universidad. Departamento de Ingenier\u00eda Qu\u00edmica. Instituto de Tecnolog\u00eda Qu\u00edmica y Medioambiental. Ciudad Real.<\/p>\n<p>Jacinto Alonso Azcarate<br \/>\nCatedr\u00e1tico de Universidad. Departamento de Qu\u00edmica-F\u00edsica. Facultad de Ciencias Ambientales y Bioqu\u00edmica. Toledo.<\/p>\n<p>Francisco Javier Lopez-Bellido Garrido<br \/>\nProfesor Titular de Universidad. Departamento de Producci\u00f3n Vegetal y Tecnolog\u00eda Agraria. Escuela T\u00e9cnica Superior de Ingenieros Agr\u00f3nomos. Ciudad Real.<\/p>\n","protected":false},"excerpt":{"rendered":"<p>Francisco Jes\u00fas Fern\u00e1ndez Morales Catedr\u00e1tico de Universidad. Departamento de Ingenier\u00eda Qu\u00edmica. Instituto de Tecnolog\u00eda Qu\u00edmica y Medioambiental. Ciudad Real. Luis Rodr\u00edguez Romero Titulaci\u00f3n: Doctor en Ciencias Qu\u00edmicas Catedr\u00e1tico de Universidad. Departamento de Ingenier\u00eda Qu\u00edmica.Escuela T\u00e9cnica Superior de Ingenieros de Caminos &hellip; <a href=\"https:\/\/blog.uclm.es\/proyectobioelectrominer2\/investigadores\/\">Sigue leyendo <span class=\"meta-nav\">&rarr;<\/span><\/a><\/p>\n","protected":false},"author":150,"featured_media":0,"parent":0,"menu_order":0,"comment_status":"closed","ping_status":"closed","template":"","meta":{"footnotes":""},"class_list":["post-40","page","type-page","status-publish","hentry"],"_links":{"self":[{"href":"https:\/\/blog.uclm.es\/proyectobioelectrominer2\/wp-json\/wp\/v2\/pages\/40","targetHints":{"allow":["GET"]}}],"collection":[{"href":"https:\/\/blog.uclm.es\/proyectobioelectrominer2\/wp-json\/wp\/v2\/pages"}],"about":[{"href":"https:\/\/blog.uclm.es\/proyectobioelectrominer2\/wp-json\/wp\/v2\/types\/page"}],"author":[{"embeddable":true,"href":"https:\/\/blog.uclm.es\/proyectobioelectrominer2\/wp-json\/wp\/v2\/users\/150"}],"replies":[{"embeddable":true,"href":"https:\/\/blog.uclm.es\/proyectobioelectrominer2\/wp-json\/wp\/v2\/comments?post=40"}],"version-history":[{"count":0,"href":"https:\/\/blog.uclm.es\/proyectobioelectrominer2\/wp-json\/wp\/v2\/pages\/40\/revisions"}],"wp:attachment":[{"href":"https:\/\/blog.uclm.es\/proyectobioelectrominer2\/wp-json\/wp\/v2\/media?parent=40"}],"curies":[{"name":"wp","href":"https:\/\/api.w.org\/{rel}","templated":true}]}}