{"id":9,"date":"2018-09-24T10:47:21","date_gmt":"2018-09-24T09:47:21","guid":{"rendered":"http:\/\/blog.uclm.es\/proyectoasepham\/?page_id=9"},"modified":"2018-09-24T10:47:21","modified_gmt":"2018-09-24T09:47:21","slug":"3-equipo-de-investigacion","status":"publish","type":"page","link":"https:\/\/blog.uclm.es\/proyectoasepham\/3-equipo-de-investigacion\/","title":{"rendered":"3. Equipo de investigaci\u00f3n"},"content":{"rendered":"<p>Prof. Dr. Justo Lobato Bajo. CU<br \/>\nProf. Dr.Manuel Andr\u00e9s Rodrigo Rodrigo. CU<br \/>\nDr. Javier Llanos L\u00f3pez. CDI<br \/>\nDra. Carmen Mar\u00eda Fern\u00e1ndez Marchante. CDI<br \/>\nD\u00f1a. Mar\u00eda Mill\u00e1n Espinar. Estudiante de doctorado<br \/>\nDra. Elisama Vieira dos Santos. UFRGN<br \/>\nDra. Fernanda Lourdes de Souza. UFABC<\/p>\n<p>Ing. Sergio D\u00edaz Abad<br \/>\nDra. Alexandra Raschitor<br \/>\nIng. Sandra Fern\u00e1ndez Mancebo<br \/>\nIng. Andr\u00e9s Corbella Carrero<br \/>\nIng. I\u00f1aki Requena Leal<\/p>\n","protected":false},"excerpt":{"rendered":"<p>Prof. Dr. Justo Lobato Bajo. CU Prof. Dr.Manuel Andr\u00e9s Rodrigo Rodrigo. CU Dr. Javier Llanos L\u00f3pez. CDI Dra. Carmen Mar\u00eda Fern\u00e1ndez Marchante. CDI D\u00f1a. Mar\u00eda Mill\u00e1n Espinar. Estudiante de doctorado Dra. Elisama Vieira dos Santos. UFRGN Dra. Fernanda Lourdes de Souza. UFABC Ing. Sergio D\u00edaz Abad Dra. Alexandra Raschitor Ing. Sandra Fern\u00e1ndez Mancebo Ing. Andr\u00e9s &hellip; <\/p>\n<p class=\"link-more\"><a href=\"https:\/\/blog.uclm.es\/proyectoasepham\/3-equipo-de-investigacion\/\" class=\"more-link\">Continuar leyendo<span class=\"screen-reader-text\"> \u00ab3. Equipo de investigaci\u00f3n\u00bb<\/span><\/a><\/p>\n","protected":false},"author":213,"featured_media":0,"parent":0,"menu_order":0,"comment_status":"closed","ping_status":"closed","template":"","meta":{"footnotes":""},"class_list":["post-9","page","type-page","status-publish","hentry"],"_links":{"self":[{"href":"https:\/\/blog.uclm.es\/proyectoasepham\/wp-json\/wp\/v2\/pages\/9","targetHints":{"allow":["GET"]}}],"collection":[{"href":"https:\/\/blog.uclm.es\/proyectoasepham\/wp-json\/wp\/v2\/pages"}],"about":[{"href":"https:\/\/blog.uclm.es\/proyectoasepham\/wp-json\/wp\/v2\/types\/page"}],"author":[{"embeddable":true,"href":"https:\/\/blog.uclm.es\/proyectoasepham\/wp-json\/wp\/v2\/users\/213"}],"replies":[{"embeddable":true,"href":"https:\/\/blog.uclm.es\/proyectoasepham\/wp-json\/wp\/v2\/comments?post=9"}],"version-history":[{"count":0,"href":"https:\/\/blog.uclm.es\/proyectoasepham\/wp-json\/wp\/v2\/pages\/9\/revisions"}],"wp:attachment":[{"href":"https:\/\/blog.uclm.es\/proyectoasepham\/wp-json\/wp\/v2\/media?parent=9"}],"curies":[{"name":"wp","href":"https:\/\/api.w.org\/{rel}","templated":true}]}}