{"id":13,"date":"2018-09-24T10:50:33","date_gmt":"2018-09-24T09:50:33","guid":{"rendered":"http:\/\/blog.uclm.es\/proyectoasepham\/?page_id=13"},"modified":"2018-09-24T10:50:33","modified_gmt":"2018-09-24T09:50:33","slug":"5-difusion-de-resultados","status":"publish","type":"page","link":"https:\/\/blog.uclm.es\/proyectoasepham\/5-difusion-de-resultados\/","title":{"rendered":"5. Difusi\u00f3n de resultados"},"content":{"rendered":"<p>Publicaciones:<br \/>\nJusto Lobato, Sergio D\u00edaz-Abad, M. Carmen Pel\u00e1ez, Mar\u00eda Mill\u00e1n, Manuel A. Rodrigo. Synthesis and characterization of Pt on novel catalyst supports for the H2 production in the Westinghouse cycle. Int. J. Hydrogen Energy, 2020, 45 (47) 25672-25680. DOI: 10.1016\/j.ijhydene.2019.10.154 (Q1, IF =5,82)<\/p>\n<p>Sergio D\u00edaz-Abad, Mar\u00eda Mill\u00e1n, Manuel A. Rodrigo, Justo Lobato. Review of Anodic Catalysts for SO2 Depolarized Electrolysis for \u201cGreen Hydrogen\u201d Production, Catalysts, 2020, 9, 63. DOI: 10.3390\/catal9010063 (Q2, IF=4,15)<\/p>\n<p>Sergio D\u00edaz-Abad, Manuel A. Rodrigo, Justo Lobato. First approaches for hydrogen production by the depolarized electrolysis of SO2 using phosphoric acid doped polybenzimidazole membranes, Int. J. Hydrogen Energy, 2021, 46. DOI: 10.1016\/j.ijhydene.2021.06.117. (Q1 IF=5,82)<\/p>\n<p>Rafael Granados-Fern\u00e1ndez, Miguel A. Montiel, Sergio D\u00edaz-Abad, Manuel A. Rodrigo, Justo Lobato. Platinum Recovery Techniques for a Circular Economy. Catalysts, 2021, 11, 937. DOI: 10.3390\/catal11080937 (Q2, IF=4,15)<\/p>\n<p>Fern\u00e1ndez-Marchante, C.M. Raschitor, A. Mena, I.F.; Rodrigo, M.A. Lobato, J. Evaluation of Goethite as a Catalyst for the Thermal Stage of the Westinghouse Process for Hydrogen Production. Catalysts 2021, 11, 1145. https:\/\/doi.org\/10.3390\/catal11101145<\/p>\n<p>Sergio Diaz-abad, Sandra Fern\u00e1ndez-Mancebo, Manuel A. Rodrigo, Justo Lobato, Characterization of PBI\/Graphene Oxide Composite Membranes for the SO2 Depolarized Electrolysis at High Temperature, Membranes, 2022, 12 116. DOI: 10.3390\/membranes12020116. (Q1, IF=4,11)<\/p>\n<p>Imen Fouzai, Maher Radaou, Sergio D\u00edaz-Abad, Manuel Andr\u00e9s Rodrigo, Justo Lobato. Electrospray Deposition of Catalyst Layers with Ultralow Pt Loading for Cost-Effective H2 Production by SO2 Electrolysis. ACS Applied Energy Materials, 2022, 5(2), 2138-2149. DOI: 10.1021\/acsaem.1c03672 (Q1, IF: 6,02)<\/p>\n<p>Comunicaciones en congreso:<br \/>\nNombre del congreso\/conferencia\/ workshop: 25th Topical meeting of the international society of electrochemistry<br \/>\nT\u00edtulo: Assessment of a PBI based SO2 depolarized electrolysis cell<br \/>\nTipo de comunicaci\u00f3n: P\u00f3ster<br \/>\nAutores*: Sergio D\u00edaz Abad, Mar\u00eda Mill\u00e1n, Manuel Andr\u00e9s Rodrigo, Justo Lobato<br \/>\nA\u00f1o: 2019<br \/>\nNombre del congreso\/conferencia\/workshop: HYPOTHESIS 2019<br \/>\nT\u00edtulo: Assessment of PBI based MEAs components for the SO2 electrolysis at high temperature (100-200 \u00b0C)<br \/>\nTipo de comunicaci\u00f3n: Presentaci\u00f3n Oral<br \/>\nAutores*: Justo Lobato, Sergio D\u00edaz-Abad, Mar\u00eda del Carmen Pel\u00e1ez, Mar\u00eda Mill\u00e1n and Manuel A. Rodrigo<br \/>\nA\u00f1o: 2019<br \/>\nNombre del congreso\/conferencia\/ workshop: HYCELTEC 2019<br \/>\nT\u00edtulo: Advanced PBI based membranes for the SO2 depolarized electrolysis at high temperature<br \/>\nTipo de comunicaci\u00f3n: Presentaci\u00f3n Oral<br \/>\nAutores*: Sergio D\u00edaz Abad, Mar\u00eda Mill\u00e1n, Manuel Andr\u00e9s Rodrigo, Justo Lobato<br \/>\nA\u00f1o: 2019<br \/>\nNombre del congreso\/conferencia\/ workshop: XIV Simposio de Ciencia Joven<br \/>\nT\u00edtulo: Perspetives and challenges at high temperature for green hydrogen production by the hybrid sulfur cycle<br \/>\nTipo de comunicaci\u00f3n: P\u00f3ster<br \/>\nAutores*: Sergio D\u00edaz Abad, Manuel Andr\u00e9s Rodrigo, Justo Lobato<br \/>\nA\u00f1o: 2019<\/p>\n<p>Nombre del congreso\/conferencia\/ workshop: 3rd International Congress of Chemical Engineering<br \/>\nT\u00edtulo: Study of the SO2 depolarized electrolysis with advanced PBI based membranes at high temperature<br \/>\nTipo de comunicaci\u00f3n: Presentaci\u00f3n Oral (premio a la mejor comunicaci\u00f3n Oral)<br \/>\nAutores*: Sergio D\u00edaz Abad, Mar\u00eda Mill\u00e1n, Manuel Andr\u00e9s Rodrigo, Justo Lobato<br \/>\nA\u00f1o: 2019<br \/>\nNombre del congreso\/conferencia\/ workshop: CARISMA 2019<br \/>\nT\u00edtulo: First results and perspectives of phosphoric acid doped PBI membranes for the SO2 depolarized electrolysis at temperatures higher than 100 \u00b0C<br \/>\nTipo de comunicaci\u00f3n: Presentaci\u00f3n Oral<br \/>\nAutores*: Sergio D\u00edaz Abad, Mar\u00eda Mill\u00e1n, Manuel Andr\u00e9s Rodrigo, Justo Lobato<br \/>\nA\u00f1o: 2019<br \/>\nNombre del congreso\/conferencia\/ workshop: Current trends in electrochemistry<br \/>\nT\u00edtulo: Novel composite PBI membranes with graphene oxide as organic filler for the sulphur depolarized electrolysis<br \/>\nTipo de comunicaci\u00f3n: Presentaci\u00f3n Oral<br \/>\nAutores*: Sergio D\u00edaz Abad, Mireya Carvela, Manuel Andr\u00e9s Rodrigo, Justo Lobato<br \/>\nA\u00f1o: 2020<br \/>\nNombre del congreso\/conferencia\/ workshop:71th Annual meeting of the international society of electrochemistry<br \/>\nT\u00edtulo: In search of the best operation conditions for the SO2 electrolysis at high temperature (100-200 \u00b0C)<br \/>\nTipo de comunicaci\u00f3n: P\u00f3ster<br \/>\nAutores*: Sergio D\u00edaz Abad, Manuel Andr\u00e9s Rodrigo, Justo Lobato<br \/>\nA\u00f1o: 2020<br \/>\nNombre del congreso\/conferencia\/ workshop: V Workshop de la red E3Tech<br \/>\nT\u00edtulo: Uso de membranas de Polibenzimidazol para el proceso Westinghouse<br \/>\nTipo de comunicaci\u00f3n: Presentaci\u00f3n Oral<br \/>\nAutores*: Sergio D\u00edaz Abad, Manuel Andr\u00e9s Rodrigo, Justo Lobato<br \/>\nA\u00f1o: 2020<br \/>\nNombre del congreso\/conferencia\/ workshop:29th Topical meeting of the international society of electrochemistry<br \/>\nT\u00edtulo: Composite polybenzimidazole membranes for Green Hydrogen production by the sulfur depolarized electrolysis<br \/>\nTipo de comunicaci\u00f3n: Presentaci\u00f3n Oral<br \/>\nAutores*: Sergio D\u00edaz Abad, Mireya Carvela, Manuel Andr\u00e9s Rodrigo, Justo Lobato<br \/>\nA\u00f1o: 2021<\/p>\n<p>Nombre del congreso\/conferencia\/ workshop:72th Annual meeting of the international society of electrochemistry<br \/>\nT\u00edtulo: Titanium dioxide Polybenzimidazole membranes for Green Hydrogen production by the sulfur dioxide depolarized electrolysis at high temperature<br \/>\nTipo de comunicaci\u00f3n: Presentaci\u00f3n Oral<br \/>\nAutores*: Sergio D\u00edaz Abad, Mireya Carvela, Manuel Andr\u00e9s Rodrigo, Justo Lobato<br \/>\nA\u00f1o: 2021<br \/>\nNombre del congreso\/conferencia\/ workshop: 12th European Symposium on Electrochemical Engineering<br \/>\nTipo de comunicaci\u00f3n: Presentaci\u00f3n Oral<br \/>\nT\u00edtulo: Addressing the challenges of the SO2 depolarized electrolysis at high temperature<br \/>\nAutores*: Sergio D\u00edaz Abad, Mireya Carvela, Manuel Andr\u00e9s Rodrigo, Justo Lobato<br \/>\nA\u00f1o: 2021<br \/>\nNombre del congreso\/conferencia\/ workshop: Reuni\u00f3n bienal de la Sociedad Espa\u00f1ola de Cat\u00e1lisis (SECAT 2021). Nuevos Retos de la Cat\u00e1lisis en Qu\u00edmica, Medio ambiente y Energ\u00eda<br \/>\nT\u00edtulo: Recent results on the H2 production through the SO2 depolarized electrolysis at high temperature (&gt; 100 \u00b0C).<br \/>\nTipo de comunicaci\u00f3n: Keynote (invitada)<br \/>\nAutores*: I. Pinho, V.J.P. Vilar, Sergio D\u00edaz Abad, Manuel Andr\u00e9s Rodrigo, Justo Lobato<br \/>\nA\u00f1o: 2021<br \/>\nNombre del Congreso: mESC-IS 2022, 6th Int. Symposium on Materials for Energy Storage and Conversion<br \/>\nT\u00edtulo: Another way of green H2 production. SO2 depolarized electrolysis at high temperature<br \/>\nTipo de comunicaci\u00f3n: Comunicaci\u00f3n Plenaria (invitada)<br \/>\nAutores*: Justo Lobato, Sergio D\u00edaz-Abad, Cristina S\u00e1ez, Imen Fouzai, Manuel A. Rodrigo<br \/>\nA\u00f1o: 2022<br \/>\nPremios:<br \/>\n&#8211; Premio a la major comunicaci\u00f3n oral en el \u201cFirst international young researchers symposium on applications of electrochemical technology (iyrs-aet)\u201d dentro del congreso ICCE3 celebrado en Santander.<br \/>\n&#8211; Contribuci\u00f3n seleccionada para ser becada en el congreso CARISMA 2019 celebrado en Alemania que consisti\u00f3 en una dotaci\u00f3n de la mitad del registro del congreso.<\/p>\n","protected":false},"excerpt":{"rendered":"<p>Publicaciones: Justo Lobato, Sergio D\u00edaz-Abad, M. Carmen Pel\u00e1ez, Mar\u00eda Mill\u00e1n, Manuel A. Rodrigo. Synthesis and characterization of Pt on novel catalyst supports for the H2 production in the Westinghouse cycle. Int. J. Hydrogen Energy, 2020, 45 (47) 25672-25680. DOI: 10.1016\/j.ijhydene.2019.10.154 (Q1, IF =5,82) Sergio D\u00edaz-Abad, Mar\u00eda Mill\u00e1n, Manuel A. Rodrigo, Justo Lobato. Review of Anodic &hellip; <\/p>\n<p class=\"link-more\"><a href=\"https:\/\/blog.uclm.es\/proyectoasepham\/5-difusion-de-resultados\/\" class=\"more-link\">Continuar leyendo<span class=\"screen-reader-text\"> \u00ab5. Difusi\u00f3n de resultados\u00bb<\/span><\/a><\/p>\n","protected":false},"author":213,"featured_media":0,"parent":0,"menu_order":0,"comment_status":"closed","ping_status":"closed","template":"","meta":{"footnotes":""},"class_list":["post-13","page","type-page","status-publish","hentry"],"_links":{"self":[{"href":"https:\/\/blog.uclm.es\/proyectoasepham\/wp-json\/wp\/v2\/pages\/13","targetHints":{"allow":["GET"]}}],"collection":[{"href":"https:\/\/blog.uclm.es\/proyectoasepham\/wp-json\/wp\/v2\/pages"}],"about":[{"href":"https:\/\/blog.uclm.es\/proyectoasepham\/wp-json\/wp\/v2\/types\/page"}],"author":[{"embeddable":true,"href":"https:\/\/blog.uclm.es\/proyectoasepham\/wp-json\/wp\/v2\/users\/213"}],"replies":[{"embeddable":true,"href":"https:\/\/blog.uclm.es\/proyectoasepham\/wp-json\/wp\/v2\/comments?post=13"}],"version-history":[{"count":0,"href":"https:\/\/blog.uclm.es\/proyectoasepham\/wp-json\/wp\/v2\/pages\/13\/revisions"}],"wp:attachment":[{"href":"https:\/\/blog.uclm.es\/proyectoasepham\/wp-json\/wp\/v2\/media?parent=13"}],"curies":[{"name":"wp","href":"https:\/\/api.w.org\/{rel}","templated":true}]}}