{"id":69,"date":"2019-09-30T09:08:58","date_gmt":"2019-09-30T08:08:58","guid":{"rendered":"http:\/\/blog.uclm.es\/proyectotecnocra\/?page_id=69"},"modified":"2025-12-02T12:21:56","modified_gmt":"2025-12-02T12:21:56","slug":"difusion-de-resultados","status":"publish","type":"page","link":"https:\/\/blog.uclm.es\/proyecto-intecra\/difusion-de-resultados\/","title":{"rendered":"Resultados"},"content":{"rendered":"\n<p>Torres, Diego; Garrido Navarro, Juan Enrique; Dalponte Ayastuy, Mar\u00eda; Fern\u00e1ndez, Alejandro; Collazos, C\u00e9sar Alberto. (2024). <strong>Enhancing the Adaptative Gamification Process Through User Behavior and Context<\/strong>. CLEI electronic journal, Volume 27, Number 1, Paper 7. DOI: <a href=\"https:\/\/doi.org\/10.19153\/cleiej.27.1.7\">10.19153\/cleiej.27.1.7<\/a><\/p>\n\n\n\n<p>Pascual Almenara, Afra; Granollers Saltiveri, Toni.; Garrido Navarro, Juan Enrique; Albets Mitjaneta, Marta. (2024). <strong>Enhancing Usability Assessment with a Novel Heuristics-Based Approach Validated in an Actual Business Setting<\/strong>. Journal on Interactive Systems, Porto Alegre, RS, v. 15, n. 1, p. 615\u2013631, 2024. DOI: <a href=\"https:\/\/www.semanticscholar.org\/paper\/Enhancing-Usability-Assessment-with-a-Novel-in-an-Almenara-Saltiveri\/ed1c23730cf07e861113880720a9c348b0550f3d\" data-type=\"link\" data-id=\"https:\/\/www.semanticscholar.org\/paper\/Enhancing-Usability-Assessment-with-a-Novel-in-an-Almenara-Saltiveri\/ed1c23730cf07e861113880720a9c348b0550f3d\">10.5753\/jis.2024.4078<\/a><\/p>\n\n\n\n<p>Larriba Baudilio, Roger, Granollers Saltiveri, Toni, Garrido Navarro, Juan Enrique (2024). <strong>An Analysis of Videogames to Compose an Adapted Heuristic Evaluation<\/strong>. In: Sayago, S., Send\u00edn, M., Teixid\u00f3, M. (eds) Future Perspectives on Human-Computer Interaction Research. Springer, Cham. DOI: <a href=\"https:\/\/www.springerprofessional.de\/en\/an-analysis-of-videogames-to-compose-an-adapted-heuristic-evalua\/50142208\" data-type=\"link\" data-id=\"https:\/\/www.springerprofessional.de\/en\/an-analysis-of-videogames-to-compose-an-adapted-heuristic-evalua\/50142208\">10.1007\/978-3-031-71697-3_3<\/a><\/p>\n\n\n\n<p>Bel\u00e9n Luna Lorente, Luc\u00eda Polo Mart\u00ednez, V\u00edctor M. Ruiz Penichet, and Mar\u00eda D. Lozano P\u00e9rez. 2024. <strong>Assistive Technologies for Children with Physical Disabilities: a Systematic Literature Review.<\/strong> In Proceedings of the XXIV International Conference on Human Computer Interaction (Interacci\u00f3n &#8217;24). Association for Computing Machinery, New York, NY, USA, Article 20, 1\u201310. <a href=\"https:\/\/doi.org\/10.1145\/3657242.3658595\">https:\/\/doi.org\/10.1145\/3657242.3658595<\/a><\/p>\n\n\n\n<p>Jos\u00e9 Mar\u00eda Garc\u00eda, Mar\u00eda Dolores Lozano, Victor M. R. Penichet, Effie Law: <strong>Building a three-level multimodal emotion recognition framework<\/strong>. Multimed Tools Appl 82, 239-269 (2023). ISSN 1573-7721 DOI: <a href=\"https:\/\/doi.org\/10.1007\/s11042-022-13254-8\">https:\/\/doi.org\/10.1007\/s11042-022-13254-8<\/a><\/p>\n\n\n\n<p>Carayon Axel, Juan E. Garrido, C\u00e9lia Martinie, Philippe Palanque, Eric Barboni, Mar\u00eda Dolores Lozano, and V\u00edctor M. R. Penichet. 2023. <strong>Engineering Rehabilitation: Blending Two Tool-supported Approaches to Close the Loop from Tasks-based Rehabilitation to Exercises and Back Again<\/strong>. Proc. ACM Hum.-Comput. Interact. 7, EICS, Article 177 (June 2023), 23 pages. <a href=\"https:\/\/doi.org\/10.1145\/3593229\">https:\/\/doi.org\/10.1145\/3593229<\/a><\/p>\n\n\n\n<p>Gallud, J.A., Carre\u00f1o, M., Tesoriero, R. et al. <strong>Technology-enhanced and game based learning for children with special needs: a systematic mapping study<\/strong>. Univ Access Inf Soc (2023). ISSN 1615-5289<a href=\"https:\/\/doi.org\/10.1007\/s10209-021-00824-0\"> https:\/\/doi.org\/10.1007\/s10209-021-00824-0<\/a><\/p>\n\n\n\n<p>Romero-Ayuso D, Garc\u00eda-L\u00f3pez R, Lozano-Villena C, Gallud, J.A., Lozano M.D. et al. <strong>Usability of a mobile phone application to enhance activities of daily living in occupational therapy services for breast cancer survivors<\/strong>. Hong Kong Journal of Occupational Therapy. 2023;36(2):128-140. <a href=\"https:\/\/doi.org\/10.1177\/15691861231206489\">https:\/\/doi:10.1177\/15691861231206489<\/a><\/p>\n\n\n\n<p>Mar\u00eda Gonz\u00e1lez L\u00f3pez, F\u00e9lix Albertos Marco, Luc\u00eda Polo Mart\u00ednez, Bel\u00e9n Luna Lorente, Victor M. R. Penichet, Maria D. Lozano, and Jose A. Gallud. <strong>Atenea: Digitalizing Educational Games with Light Tables<\/strong>. In Proceedings of the XXIII International Conference on Human Computer Interaction (Interacci\u00f3n &#8217;23). Association for Computing Machinery, New York, NY, USA, Article 21, 1\u20137. <a href=\"https:\/\/doi.org\/10.1145\/3612783.3612805\">https:\/\/doi.org\/10.1145\/3612783.3612805<\/a><\/p>\n\n\n\n<p>Javier Jim\u00e9nez Honrado, Gabriel Sebasti\u00e1n Rivera, Jose A. Gallud, and Victor M. R. Penichet. <strong>Serious Games to Facilitate Social Integration for Children with Autism Spectrum Disorder<\/strong>. In Proceedings of the XXIII International Conference on Human Computer Interaction (Interacci\u00f3n &#8217;23). Association for Computing Machinery, New York, NY, USA, Article 9, 1\u20138. <a href=\"https:\/\/doi.org\/10.1145\/3612783.3612793\">https:\/\/doi.org\/10.1145\/3612783.3612793<\/a><\/p>\n\n\n\n<p>Felipe Costa-Tebar, Jose A. Gallud, and Maria Dolores Lozano. <strong>Definition and Implementation of a Gamification Model for Virtual Teaching Environments<\/strong>. In Proceedings of the XXIII International Conference on Human Computer Interaction (Interaccion &#8217;23). Association for Computing Machinery, New York, NY, USA, Article 16, 1\u20138. <a href=\"https:\/\/doi.org\/10.1145\/3612783.3612800\">https:\/\/doi.org\/10.1145\/3612783.3612800<\/a><\/p>\n\n\n\n<p>Durango, I., R. Penichet, V.M. &amp; Gallud, J.A. <strong>Exploring human-data interaction: an AI-enhanced systematic mapping<\/strong>. Univ Access Inf Soc (2024). <a href=\"https:\/\/doi.org\/10.1007\/s10209-024-01179-y\">https:\/\/doi.org\/10.1007\/s10209-024-01179-y<\/a><\/p>\n\n\n\n<p>Durango, I., Gallud, J.A. &amp; Penichet, V.M.R. <strong>The data dance: choreographing seamless partnerships between humans, data, and GenAI<\/strong>. Int J Data Sci Anal (2024). <a href=\"https:\/\/doi.org\/10.1007\/s41060-024-00684-w\">https:\/\/doi.org\/10.1007\/s41060-024-00684-w<\/a><\/p>\n\n\n\n<p>Javier Jim\u00e9nez-Honrado, Javier G\u00f3mez Garc\u00eda, Felipe Costa-Tebar, Felix A. Marco, Jose A. Gallud, and Gabriel Sebasti\u00e1n Rivera. 2024. <strong>Progressive Web Application for Storytelling Therapy Support<\/strong>. In Proceedings of the XXIV International Conference on Human Computer Interaction (Interacci\u00f3n &#8217;24). Association for Computing Machinery, New York, NY, USA, Article 21, 1\u20138.<a href=\"https:\/\/doi.org\/10.1145\/3657242.3658588\"> https:\/\/doi.org\/10.1145\/3657242.3658588<\/a><\/p>\n\n\n\n<ul class=\"wp-block-list\"><\/ul>\n\n\n\n<ul class=\"wp-block-list\"><\/ul>\n\n\n\n<p>Jose A. Gallud, Ricardo Tesoriero, Mar\u00eda D. Lozano, Victor M. R. Penichet, Habib M. Fardoun (2022), \u00ab<strong>The Use of Tangible User Interfaces in K12 Education Settings: A Systematic Mapping Study<\/strong>\u00bb IEEE Access, vol 10, pp. 24824-24842. ISSN: 2169-3536. DOI: <a href=\"https:\/\/ieeexplore.ieee.org\/document\/9721879\">10.1109\/ACCESS.2022.3154794<\/a>. (JCR-Q2)<\/p>\n","protected":false},"excerpt":{"rendered":"<p>Torres, Diego; Garrido Navarro, Juan Enrique; Dalponte Ayastuy, Mar\u00eda; Fern\u00e1ndez, Alejandro; Collazos, C\u00e9sar Alberto. (2024). Enhancing the Adaptative Gamification Process Through User Behavior and Context. CLEI electronic journal, Volume 27, Number 1, Paper 7. DOI: 10.19153\/cleiej.27.1.7 Pascual Almenara, Afra; Granollers Saltiveri, Toni.; Garrido Navarro, Juan Enrique; Albets Mitjaneta, Marta. (2024). Enhancing Usability Assessment with a &hellip; <a href=\"https:\/\/blog.uclm.es\/proyecto-intecra\/difusion-de-resultados\/\" class=\"more-link\">Continuar leyendo<span class=\"screen-reader-text\"> \u00abResultados\u00bb<\/span><\/a><\/p>\n","protected":false},"author":123,"featured_media":0,"parent":0,"menu_order":0,"comment_status":"closed","ping_status":"closed","template":"page-full.php","meta":{"footnotes":""},"class_list":["post-69","page","type-page","status-publish","hentry"],"_links":{"self":[{"href":"https:\/\/blog.uclm.es\/proyecto-intecra\/wp-json\/wp\/v2\/pages\/69","targetHints":{"allow":["GET"]}}],"collection":[{"href":"https:\/\/blog.uclm.es\/proyecto-intecra\/wp-json\/wp\/v2\/pages"}],"about":[{"href":"https:\/\/blog.uclm.es\/proyecto-intecra\/wp-json\/wp\/v2\/types\/page"}],"author":[{"embeddable":true,"href":"https:\/\/blog.uclm.es\/proyecto-intecra\/wp-json\/wp\/v2\/users\/123"}],"replies":[{"embeddable":true,"href":"https:\/\/blog.uclm.es\/proyecto-intecra\/wp-json\/wp\/v2\/comments?post=69"}],"version-history":[{"count":4,"href":"https:\/\/blog.uclm.es\/proyecto-intecra\/wp-json\/wp\/v2\/pages\/69\/revisions"}],"predecessor-version":[{"id":466,"href":"https:\/\/blog.uclm.es\/proyecto-intecra\/wp-json\/wp\/v2\/pages\/69\/revisions\/466"}],"wp:attachment":[{"href":"https:\/\/blog.uclm.es\/proyecto-intecra\/wp-json\/wp\/v2\/media?parent=69"}],"curies":[{"name":"wp","href":"https:\/\/api.w.org\/{rel}","templated":true}]}}