{"id":36,"date":"2019-01-17T12:29:44","date_gmt":"2019-01-17T11:29:44","guid":{"rendered":"http:\/\/blog.uclm.es\/proyectotecnocra\/?page_id=36"},"modified":"2019-01-17T12:29:44","modified_gmt":"2019-01-17T11:29:44","slug":"contacto","status":"publish","type":"page","link":"https:\/\/blog.uclm.es\/proyecto-impactcra\/contacto\/","title":{"rendered":"Contacto"},"content":{"rendered":"<p><strong>Mar\u00eda Lozano P\u00e9rez<\/strong> (IP)<br \/>\nEscuela Superior de Ingenier\u00eda Inform\u00e1tica<br \/>\nEdificio Infante Don Juan Manuel<br \/>\nAvda. de Espa\u00f1a, s\/n<br \/>\n02071 &#8211; Albacete (Espa\u00f1a)<br \/>\nTfno: 967 59 92 00 &#8211; ext.: 2428<br \/>\nEmail: <a href=\"mailto:maria.lozano@uclm.es\">maria.lozano@uclm.es<\/a><\/p>\n<p><strong>Luis Orozco Barbosa<\/strong> (IP)<br \/>\nInstituto de Investigaci\u00f3n en Inform\u00e1tica de Albacete<br \/>\nC\/ Investigaci\u00f3n, 2<br \/>\n02071 &#8211; Albacete (Espa\u00f1a)<br \/>\nTfno: 967 59 92 00 &#8211; ext.: 2467<br \/>\nEmail: <a href=\"mailto:luis.orozco@uclm.es\">luis.orozco@uclm.es<\/a><\/p>\n","protected":false},"excerpt":{"rendered":"<p>Mar\u00eda Lozano P\u00e9rez (IP) Escuela Superior de Ingenier\u00eda Inform\u00e1tica Edificio Infante Don Juan Manuel Avda. de Espa\u00f1a, s\/n 02071 &#8211; Albacete (Espa\u00f1a) Tfno: 967 59 92 00 &#8211; ext.: 2428 Email: maria.lozano@uclm.es Luis Orozco Barbosa (IP) Instituto de Investigaci\u00f3n en Inform\u00e1tica de Albacete C\/ Investigaci\u00f3n, 2 02071 &#8211; Albacete (Espa\u00f1a) Tfno: 967 59 92 00 &hellip; <a href=\"https:\/\/blog.uclm.es\/proyecto-impactcra\/contacto\/\" class=\"more-link\">Continuar leyendo<span class=\"screen-reader-text\"> \u00abContacto\u00bb<\/span><\/a><\/p>\n","protected":false},"author":6,"featured_media":0,"parent":0,"menu_order":0,"comment_status":"closed","ping_status":"closed","template":"page-full.php","meta":{"footnotes":""},"class_list":["post-36","page","type-page","status-publish","hentry"],"_links":{"self":[{"href":"https:\/\/blog.uclm.es\/proyecto-impactcra\/wp-json\/wp\/v2\/pages\/36","targetHints":{"allow":["GET"]}}],"collection":[{"href":"https:\/\/blog.uclm.es\/proyecto-impactcra\/wp-json\/wp\/v2\/pages"}],"about":[{"href":"https:\/\/blog.uclm.es\/proyecto-impactcra\/wp-json\/wp\/v2\/types\/page"}],"author":[{"embeddable":true,"href":"https:\/\/blog.uclm.es\/proyecto-impactcra\/wp-json\/wp\/v2\/users\/6"}],"replies":[{"embeddable":true,"href":"https:\/\/blog.uclm.es\/proyecto-impactcra\/wp-json\/wp\/v2\/comments?post=36"}],"version-history":[{"count":0,"href":"https:\/\/blog.uclm.es\/proyecto-impactcra\/wp-json\/wp\/v2\/pages\/36\/revisions"}],"wp:attachment":[{"href":"https:\/\/blog.uclm.es\/proyecto-impactcra\/wp-json\/wp\/v2\/media?parent=36"}],"curies":[{"name":"wp","href":"https:\/\/api.w.org\/{rel}","templated":true}]}}