{"id":330,"date":"2016-04-14T10:01:47","date_gmt":"2016-04-14T09:01:47","guid":{"rendered":"http:\/\/blog.uclm.es\/premiogerardocremona\/?page_id=330"},"modified":"2016-04-14T10:01:47","modified_gmt":"2016-04-14T09:01:47","slug":"programme-med21","status":"publish","type":"page","link":"https:\/\/blog.uclm.es\/premiogerardocremona\/programme-med21\/","title":{"rendered":"Programme MED21"},"content":{"rendered":"<p>&nbsp;<\/p>\n<p><img loading=\"lazy\" decoding=\"async\" class=\"  wp-image-80 aligncenter\" src=\"https:\/\/blog.uclm.es\/premiogerardocremona\/wp-content\/uploads\/sites\/244\/2016\/03\/med21.jpg\" alt=\"med21\" width=\"198\" height=\"154\" \/><\/p>\n<p>&nbsp;<\/p>\n<p style=\"text-align:justify\"><img loading=\"lazy\" decoding=\"async\" class=\"  wp-image-87 alignleft\" src=\"https:\/\/blog.uclm.es\/premiogerardocremona\/wp-content\/uploads\/sites\/244\/2016\/03\/premios-med1-145x1024.jpg\" alt=\"premios med1\" width=\"132\" height=\"932\" \/><img loading=\"lazy\" decoding=\"async\" class=\"  wp-image-132 alignright\" src=\"https:\/\/blog.uclm.es\/premiogerardocremona\/wp-content\/uploads\/sites\/244\/2016\/03\/premios-med2-151x1024.jpg\" alt=\"premios med2\" width=\"138\" height=\"939\" \/>Lanc\u00e9 \u00e0 Rome en 2010, le Programme MED 21 est un reseau regroupant, \u00e0 l&#8217;heure actuelle, 12 prix (dont, ci-contre, les logos) destin\u00e9s \u00e0 promouvoir l&#8217;excellence et la coop\u00e9ration en M\u00e9diterran\u00e9e.<\/p>\n<p style=\"text-align:justify\">Les prix qui composent ce r\u00e9seau distinguent des personnes physiques ou morales ayant contribu\u00e9, de mani\u00e8re significative, au renforcement de la coop\u00e9ration m\u00e9diterran\u00e9enne dans des domaines aussie vari\u00e9s que la philosophie, les sciences humaines, l&#8217;\u00e9conomie, l&#8217;architecture, l&#8217;urbanisme, la traduction, la musique, le journalisme, la litt\u00e9rature et les sciences exactes. <\/p>\n<p style=\"text-align:justify\">Les prix MED 21 portent, en g\u00e9n\u00e9ral, des noms de personnalit\u00e9s ayant marqu\u00e9 l&#8217;historie de la M\u00e9diterran\u00e9e reliant ainsi les pr\u00e9occupations du pr\u00e9sent et les aspirations de l&#8217;avenir aux racines du pass\u00e9 et b\u00e2tissant, de la sorte, des embarcad\u00e8res pour de nouvelles navigations \u00e0 la recherche de confluences nouvelles si n\u00e9cessaires en ces temps marqu\u00e9s par la mont\u00e9e des intol\u00e9rances et des in\u00e9galit\u00e9s.<\/p>\n<p style=\"text-align:justify\">Les prix MED 21 sont implant\u00e9s, \u00e0 l&#8217;heure actuelle, dans 10 pays m\u00e9diterran\u00e9ens et accueillis dans de nombreuses villes d&#8217;Istanbul \u00e0 Tol\u00e8de, et de Casablanca \u00e0 Palerme en passant par Alger, Tunis, Marseille, Blegrade, V\u00e9rone, G\u00eanes, Podgorica, etc.<\/p>\n<p style=\"text-align:justify\">Le Programme MED 21, fond\u00e9 et pr\u00e9sid\u00e9 par le Porf. Mohamed Nadir Aziza, dispose d&#8217;un organe de coordination actuellement install\u00e9 \u00e0 Paris.<\/p>\n<p style=\"text-align:justify\">\n","protected":false},"excerpt":{"rendered":"<p>&nbsp; &nbsp; Lanc\u00e9 \u00e0 Rome en 2010, le Programme MED 21 est un reseau regroupant, \u00e0 l&#8217;heure actuelle, 12 prix (dont, ci-contre, les logos) destin\u00e9s \u00e0 promouvoir l&#8217;excellence et la coop\u00e9ration en M\u00e9diterran\u00e9e. Les prix qui composent ce r\u00e9seau distinguent des personnes physiques ou morales ayant contribu\u00e9, de mani\u00e8re significative, au renforcement de la coop\u00e9ration [&hellip;]<\/p>\n","protected":false},"author":316,"featured_media":0,"parent":0,"menu_order":0,"comment_status":"closed","ping_status":"closed","template":"","meta":{"footnotes":""},"class_list":["post-330","page","type-page","status-publish","hentry"],"_links":{"self":[{"href":"https:\/\/blog.uclm.es\/premiogerardocremona\/wp-json\/wp\/v2\/pages\/330","targetHints":{"allow":["GET"]}}],"collection":[{"href":"https:\/\/blog.uclm.es\/premiogerardocremona\/wp-json\/wp\/v2\/pages"}],"about":[{"href":"https:\/\/blog.uclm.es\/premiogerardocremona\/wp-json\/wp\/v2\/types\/page"}],"author":[{"embeddable":true,"href":"https:\/\/blog.uclm.es\/premiogerardocremona\/wp-json\/wp\/v2\/users\/316"}],"replies":[{"embeddable":true,"href":"https:\/\/blog.uclm.es\/premiogerardocremona\/wp-json\/wp\/v2\/comments?post=330"}],"version-history":[{"count":0,"href":"https:\/\/blog.uclm.es\/premiogerardocremona\/wp-json\/wp\/v2\/pages\/330\/revisions"}],"wp:attachment":[{"href":"https:\/\/blog.uclm.es\/premiogerardocremona\/wp-json\/wp\/v2\/media?parent=330"}],"curies":[{"name":"wp","href":"https:\/\/api.w.org\/{rel}","templated":true}]}}

<p>&nbsp;</p>
<p><img loading="lazy" decoding="async" class="  wp-image-80 aligncenter" src="https://blog.uclm.es/premiogerardocremona/wp-content/uploads/sites/244/2016/03/med21.jpg" alt="med21" width="198" height="154" /></p>
<p>&nbsp;</p>
<p style="text-align:justify"><img loading="lazy" decoding="async" class="  wp-image-87 alignleft" src="https://blog.uclm.es/premiogerardocremona/wp-content/uploads/sites/244/2016/03/premios-med1-145x1024.jpg" alt="premios med1" width="132" height="932" /><img loading="lazy" decoding="async" class="  wp-image-132 alignright" src="https://blog.uclm.es/premiogerardocremona/wp-content/uploads/sites/244/2016/03/premios-med2-151x1024.jpg" alt="premios med2" width="138" height="939" />Lancé à Rome en 2010, le Programme MED 21 est un reseau regroupant, à l&#8217;heure actuelle, 12 prix (dont, ci-contre, les logos) destinés à promouvoir l&#8217;excellence et la coopération en Méditerranée.</p>
<p style="text-align:justify">Les prix qui composent ce réseau distinguent des personnes physiques ou morales ayant contribué, de manière significative, au renforcement de la coopération méditerranéenne dans des domaines aussie variés que la philosophie, les sciences humaines, l&#8217;économie, l&#8217;architecture, l&#8217;urbanisme, la traduction, la musique, le journalisme, la littérature et les sciences exactes. </p>
<p style="text-align:justify">Les prix MED 21 portent, en général, des noms de personnalités ayant marqué l&#8217;historie de la Méditerranée reliant ainsi les préoccupations du présent et les aspirations de l&#8217;avenir aux racines du passé et bâtissant, de la sorte, des embarcadères pour de nouvelles navigations à la recherche de confluences nouvelles si nécessaires en ces temps marqués par la montée des intolérances et des inégalités.</p>
<p style="text-align:justify">Les prix MED 21 sont implantés, à l&#8217;heure actuelle, dans 10 pays méditerranéens et accueillis dans de nombreuses villes d&#8217;Istanbul à Tolède, et de Casablanca à Palerme en passant par Alger, Tunis, Marseille, Blegrade, Vérone, Gênes, Podgorica, etc.</p>
<p style="text-align:justify">Le Programme MED 21, fondé et présidé par le Porf. Mohamed Nadir Aziza, dispose d&#8217;un organe de coordination actuellement installé à Paris.</p>
<p style="text-align:justify">

<p>&nbsp; &nbsp; Lancé à Rome en 2010, le Programme MED 21 est un reseau regroupant, à l&#8217;heure actuelle, 12 prix (dont, ci-contre, les logos) destinés à promouvoir l&#8217;excellence et la coopération en Méditerranée. Les prix qui composent ce réseau distinguent des personnes physiques ou morales ayant contribué, de manière significative, au renforcement de la coopération [&hellip;]</p>
