{"id":32,"date":"2018-05-07T09:26:59","date_gmt":"2018-05-07T08:26:59","guid":{"rendered":"http:\/\/blogdev.uclm.es\/pablohigueras\/?page_id=32"},"modified":"2023-01-13T15:13:04","modified_gmt":"2023-01-13T14:13:04","slug":"actividad-universitaria","status":"publish","type":"page","link":"https:\/\/blog.uclm.es\/pablohigueras\/investigacion-2\/actividad-universitaria\/","title":{"rendered":"Actividad Universitaria"},"content":{"rendered":"<p>Profesor Titular de Escuela Universitaria desde marzo de 1991 hasta diciembre de 1997<\/p>\n<hr \/>\n<p>Tesis Doctoral le\u00edda en noviembre de 1994 (Universidad de Granada)<\/p>\n<hr \/>\n<p>Coordinador de COU (\u00e1rea de Geolog\u00eda) desde febrero de 1995<\/p>\n<hr \/>\n<p>Catedr\u00e1tico de Escuela Universitaria desde enero de 1998<\/p>\n<hr \/>\n<p>Director Acad\u00e9mico del Centro de Estudios Universitarios de Puertollano (UCLM) desde octubre de 2000<\/p>\n","protected":false},"excerpt":{"rendered":"<p>Profesor Titular de Escuela Universitaria desde marzo de 1991 hasta diciembre de 1997 Tesis Doctoral le\u00edda en noviembre de 1994 (Universidad de Granada) Coordinador de COU (\u00e1rea de Geolog\u00eda) desde febrero de 1995 Catedr\u00e1tico de Escuela Universitaria desde enero de 1998 Director Acad\u00e9mico del Centro de Estudios Universitarios de Puertollano (UCLM) desde octubre de 2000<\/p>\n","protected":false},"author":109,"featured_media":0,"parent":21,"menu_order":0,"comment_status":"closed","ping_status":"closed","template":"","meta":{"footnotes":""},"class_list":["post-32","page","type-page","status-publish","hentry"],"_links":{"self":[{"href":"https:\/\/blog.uclm.es\/pablohigueras\/wp-json\/wp\/v2\/pages\/32","targetHints":{"allow":["GET"]}}],"collection":[{"href":"https:\/\/blog.uclm.es\/pablohigueras\/wp-json\/wp\/v2\/pages"}],"about":[{"href":"https:\/\/blog.uclm.es\/pablohigueras\/wp-json\/wp\/v2\/types\/page"}],"author":[{"embeddable":true,"href":"https:\/\/blog.uclm.es\/pablohigueras\/wp-json\/wp\/v2\/users\/109"}],"replies":[{"embeddable":true,"href":"https:\/\/blog.uclm.es\/pablohigueras\/wp-json\/wp\/v2\/comments?post=32"}],"version-history":[{"count":1,"href":"https:\/\/blog.uclm.es\/pablohigueras\/wp-json\/wp\/v2\/pages\/32\/revisions"}],"predecessor-version":[{"id":778,"href":"https:\/\/blog.uclm.es\/pablohigueras\/wp-json\/wp\/v2\/pages\/32\/revisions\/778"}],"up":[{"embeddable":true,"href":"https:\/\/blog.uclm.es\/pablohigueras\/wp-json\/wp\/v2\/pages\/21"}],"wp:attachment":[{"href":"https:\/\/blog.uclm.es\/pablohigueras\/wp-json\/wp\/v2\/media?parent=32"}],"curies":[{"name":"wp","href":"https:\/\/api.w.org\/{rel}","templated":true}]}}