{"id":30,"date":"2018-05-07T09:26:33","date_gmt":"2018-05-07T08:26:33","guid":{"rendered":"http:\/\/blogdev.uclm.es\/pablohigueras\/?page_id=30"},"modified":"2023-01-13T15:08:44","modified_gmt":"2023-01-13T14:08:44","slug":"proyectos","status":"publish","type":"page","link":"https:\/\/blog.uclm.es\/pablohigueras\/investigacion-2\/proyectos\/","title":{"rendered":"Proyectos"},"content":{"rendered":"<h3>Inmovilizaci\u00f3n de metales pesados procedentes de actividades industriales mineras.<\/h3>\n<p><em>Experiencia-piloto para el caso del mercurio en el distrito de Almad\u00e9n (1FD97-0814)\u00bb]Cofinanciado por el Plan Nacional de I+D y fondos FEDER. Presupuesto concedido: 17.032.500 <span class=\"SpellE\">ptas.<\/span>\u00a0Vigencia: Julio 1999-Julio 2001.<\/em><\/p>\n<p>Equipo de trabajo del Proyecto por parte de la UCLM: Pablo Higueras\u00a0<span class=\"SpellE\">Higueras<\/span>\u00a0(IP); Juliana Parras Armenteros (DIGM, E.U.P. Almad\u00e9n); Jos\u00e9 Mar\u00eda Monteagudo Mart\u00ednez (Departamento de Ingenier\u00eda Qu\u00edmica, E.U.P. Almad\u00e9n); Jes\u00fas M. Frades Payo (DIQ, E.U.P. Almad\u00e9n); Carlos S\u00e1nchez Jim\u00e9nez (Departamento de Qu\u00edmica F\u00edsica,\u00a0<span class=\"SpellE\">Fac<\/span>. Ciencias Qu\u00edmicas de Ciudad Real).<\/p>\n<p>Personal Contratado: Marina Urbina Fraile (Dra. en Ciencias Qu\u00edmicas, Esp. Geoqu\u00edmica, UAM) e Irene G\u00f3mez Garc\u00eda (Ingeniero Qu\u00edmico, UCLM).<\/p>\n<p>Colaboran en el proyecto: Universidad de\u00a0<span class=\"SpellE\">Erlangen<\/span>&#8211;<span class=\"SpellE\">Nuremberg<\/span>\u00a0(Prof. Dr. Roland G. Schwab) y Minas de Almad\u00e9n y Arrayanes S.A. (Ricardo Lac\u00e1mara Besc\u00f3s y Saturnino Lorenzo\u00a0<span class=\"SpellE\">Alvarez<\/span>)<\/p>\n<h3>Recuperaci\u00f3n de suelos con altos contenidos en metales pesados mediante fitorremediaci\u00f3n<\/h3>\n<p><em>Aplicaci\u00f3n a la eliminaci\u00f3n de mercurio en suelos de la zona de Almad\u00e9n (Ciudad Real) (1FD97-2033)\u00bb]<\/em><\/p>\n<p>Cofinanciado por el Plan Nacional de I+D y fondos FEDER. Presupuesto concedido: 50.160.000 ptas. Vigencia: diciembre 1999 &#8211; diciembre 2001.<\/p>\n<p>Equipo de trabajo del Proyecto por parte de la UCLM: Luis Rodr\u00edguez Romero (IP) (DIQ, E.U.P. Almad\u00e9n);\u00a0<span class=\"SpellE\">Angel<\/span>\u00a0<span class=\"SpellE\">Carnicer<\/span>\u00a0Mena (DIQ, E.U.P. Almad\u00e9n); Pablo Higueras\u00a0<span class=\"SpellE\">Higueras<\/span>; Juliana Parras Armenteros (DIGM, E.U.P. Almad\u00e9n); Javier Cabrera de la Colina (Departamento de Producci\u00f3n Vegetal y Tecnolog\u00eda Agraria,\u00a0<span class=\"SpellE\">E.U.I.T.A<\/span>, Ciudad Real),\u00a0<span class=\"SpellE\">Fco<\/span>. Javier L\u00f3pez-Bellido Garrido (DPVTA,\u00a0<span class=\"SpellE\">E.U.I.T.A<\/span>., Ciudad Real)<\/p>\n<p>Personal Contratado: Victoriano Alcalde-<span class=\"SpellE\">Mora\u00f1o<\/span>\u00a0Acedo (Ing. T\u00e9cnico de Minas)<\/p>\n<p>Colaboran en el Proyecto: Centro de Investigaciones Energ\u00e9ticas, Medioambientales y Tecnol\u00f3gicas (<a href=\"http:\/\/www.ciemat.es\/\"><u>CIEMAT<\/u><\/a>) (Juan Otero de Becerra, Fernando Recreo Jim\u00e9nez, Alberto Tallos Gonz\u00e1lez) y Minas de Almad\u00e9n y Arrayanes S.A. (Ricardo Lac\u00e1mara Besc\u00f3s).<\/p>\n<h3>Las mineralizaciones de cromo &#8211; elementos del grupo del platino del los complejos ultram\u00e1ficos del NO peninsular<\/h3>\n<p><em>Modelizaci\u00f3n metalogen\u00e9tica y aplicaciones en exploraci\u00f3n (PB98-0815)<\/em><\/p>\n<p>Programa sectorial de promoci\u00f3n general del conocimiento. Presupuesto concedido: 5.000.000 ptas. Vigencia: noviembre 1999 \u2013 noviembre 2001.<\/p>\n<p>Equipo de trabajo del Proyecto: Prof. Dr. Rosario Lunar Hern\u00e1ndez (IP) (Departamento de Cristalograf\u00eda y Mineralog\u00eda, Universidad Complutense de Madrid); Josefina Sierra L\u00f3pez (DCM, UCM); Lorena Ortega Menor (DCM, UCM); Ram\u00f3n Capote del Villar (Departamento de Geodin\u00e1mica, UCM); Seraf\u00edn\u00a0<span class=\"SpellE\">Monterrubio<\/span>\u00a0P\u00e9rez (Departamento de Geolog\u00eda, Universidad de Salamanca); Pablo Higueras\u00a0<span class=\"SpellE\">Higueras<\/span>.<\/p>\n<p><a href=\"http:\/\/tierra.rediris.es\/pro\/DGES\/CrPt\/\" target=\"_blank\" rel=\"noopener\">ENLACE AL PROYECTO<\/a><\/p>\n<h3>Ore-forming processes in dynamic magmaticsystems<\/h3>\n<p>Grupo espa\u00f1ol del Proyecto <i>Ore-f<span class=\"SpellE\">orming<\/span>\u00a0<span class=\"SpellE\">processes<\/span>\u00a0in\u00a0<span class=\"SpellE\">dynamic<\/span>\u00a0<span class=\"SpellE\">magmatic<\/span><span class=\"SpellE\">systems<\/span><\/i>, financiado por la UNESCO al trav\u00e9s del Programa Internacional de Correlaci\u00f3n Geol\u00f3gica (<a href=\"http:\/\/mirror-us.unesco.org\/science\/earthsciences\/igcp\/index.html\"><u>IGCP-UNESCO<\/u><\/a>). Responsable internacional:\u00a0<span class=\"SpellE\">C.M<\/span>.\u00a0<span class=\"SpellE\">Lesher<\/span>. Responsable en Espa\u00f1a: Fernando Gervilla Linares (Universidad de Granada).<\/p>\n<h3>Mineralog\u00eda y geoqu\u00edmica ambiental aplicada a la problem\u00e1tica de las mineralizaciones de mercurio de Almad\u00e9n (Espa\u00f1a) y Punitaqui (Chile)<\/h3>\n<p><em>an\u00e1lisis comparativo de dos casos tipo<\/em><\/p>\n<p><em>Mineralog\u00eda y geoqu\u00edmica ambiental aplicada a la problem\u00e1tica de las mineralizaciones de mercurio de Almad\u00e9n (Espa\u00f1a) y Punitaqui (Chile): an\u00e1lisis comparativo de dos casos tipo<\/em>, financiado por el Vicerrectorado de Cooperaci\u00f3n Internacional de la U.C.L.M. Presupuesto concedido:\u00a02.400.000\u00a0<span class=\"SpellE\">pts<\/span>. Vigencia: Junio de 2000 &#8211; Diciembre de 2003.<\/p>\n<p>Equipo de trabajo del Proyecto por parte de la UCLM: Pablo Higueras\u00a0<span class=\"SpellE\">Higueras<\/span>\u00a0(IP), Saturnino Lorenzo \u00c1lvarez.<\/p>\n<p>Colabora: Departamento de Minas, Universidad de La Serena (Chile): Hugo Maturana Contardo y Jorge Oyarzun Mu\u00f1oz.<\/p>\n<h3>Utilizaci\u00f3n de compuestos sorcitivos para la inmovilizaci\u00f3n de mercurio en \u00e1reas afectadas por la actividad minera extractiva de dicho elemento<\/h3>\n<p>Estudio aplicado a los distritos mineros de Punitaqui y Andacollo (Chile) y Almad\u00e9n (Espa\u00f1a)<\/p>\n<p><i>Utilizaci\u00f3n de compuestos\u00a0<span class=\"SpellE\">sorcitivos<\/span>\u00a0para la inmovilizaci\u00f3n de mercurio en \u00e1reas afectadas por la actividad minera extractiva de dicho elemento: Estudio aplicado a los distritos mineros de Punitaqui y Andacollo (Chile) y Almad\u00e9n (Espa\u00f1a)<\/i>, Financiado por el Programa de Cooperaci\u00f3n Cient\u00edfica con Iberoam\u00e9rica, Agencia Espa\u00f1ola de Cooperaci\u00f3n Internacional. Presupuesto concedido: 6.010 \u20ac. Vigencia: enero 2002 &#8211; diciembre de 2003.<\/p>\n<p>Equipo de trabajo del Proyecto: Pablo Higueras\u00a0<span class=\"SpellE\">Higueras<\/span>\u00a0(IP), Saturnino Lorenzo\u00a0<span class=\"SpellE\">Alvarez<\/span>\u00a0(UCLM), Roberto Oyarzun Mu\u00f1oz (UCM), Javier Lillo Ramos (Universidad Rey Juan Carlos), Hugo Maturana Contardo y Jorge Oyarz\u00fan Mu\u00f1oz (Universidad de La Serena). Colabora:\u00a0<span class=\"SpellE\">Angel<\/span> Pat\u00f3n Porrero (alumno de\u00a0la EUP Almad\u00e9n).<\/p>\n<h3>Estudio integrado sobre los riesgos de contaminaci\u00f3n y degradaci\u00f3n por metales pesados<\/h3>\n<p><em>el caso de la distribuci\u00f3n del mercurio en la regi\u00f3n del Distrito Minero de Almad\u00e9n<\/em><\/p>\n<p><i>Estudio integrado sobre los riesgos de contaminaci\u00f3n y degradaci\u00f3n por metales pesados: el caso de la distribuci\u00f3n del mercurio en la regi\u00f3n del Distrito Minero de Almad\u00e9n\u00a0<\/i>(REN2002-02231\/TECNO). Financiado por el Plan Nacional en I+D+I del Ministerio de Ciencia y Tecnolog\u00eda. Presupuesto concedido: 6.000 Euros (financiaci\u00f3n puente). Vigencia: noviembre de 2002-octubre de 2003.<\/p>\n<p>Equipo de trabajo del Proyecto: Pablo Higueras\u00a0<span class=\"SpellE\">Higueras<\/span> (IP), Saturnino Lorenzo \u00c1lvarez (UCLM), Juan Carlos S\u00e1nchez Hern\u00e1ndez (UCLM), Roberto Oyarzun Mu\u00f1oz (UCM), Jos\u00e9 Antonio Molina Abril (UCM), Francisco Javier Lillo Ramos (URJC).<\/p>\n<h3>Metales pesados en el medio ambiente: el caso del mercurio en Almad\u00e9n<\/h3>\n<p><em>An\u00e1lisis de tecnolog\u00edas de remediaci\u00f3n<\/em><\/p>\n<p><em>Metales pesados en el medio ambiente: el caso del mercurio en Almad\u00e9n. An\u00e1lisis de tecnolog\u00edas de remediaci\u00f3n<\/em>\u00a0(PPQ2003-01902). Financiado por el Plan Nacional en I+D+I del Ministerio de Ciencia y Tecnolog\u00eda. Presupuesto concedido: 100.050 Euros. Vigencia: diciembre de 2003 &#8211; noviembre de 2006.<\/p>\n<p>Equipo de trabajo del Proyecto: Pablo Higueras\u00a0<span class=\"SpellE\">Higueras<\/span>\u00a0(IP), Jos\u00e9 Mar\u00eda Monteagudo Mart\u00ednez (UCLM), Saturnino Lorenzo \u00c1lvarez (UCLM), Juan Carlos S\u00e1nchez Hern\u00e1ndez (UCLM), Doroteo Ver\u00e1stegui Rayo (UCLM), Roberto Oyarzun Mu\u00f1oz (UCM), Jos\u00e9 Antonio Molina Abril (UCM), Francisco Javier Lillo Ramos (URJC),\u00a0<span class=\"SpellE\">Roland<\/span>\u00a0G. Schwab (Universidad de\u00a0<span class=\"SpellE\">Erlanguen<\/span>&#8211;<span class=\"SpellE\">N\u00faremberg<\/span>, Alemania), Harald Biester (Universidad de Heidelberg, Alemania), Jos\u00e9 Miguel Rodr\u00edguez\u00a0<span class=\"SpellE\">Maroro<\/span>\u00a0(Universidad de M\u00e1laga), Francisco Garc\u00eda\u00a0<span class=\"SpellE\">Herruzo<\/span>\u00a0(Universidad de M\u00e1laga), Eduardo Mart\u00ednez Manzanares (Universidad de M\u00e1laga), Jean Jacques M\u00e9nard (Agencia Francesa de Cooperaci\u00f3n Internacional), Hugo Maturana Contardo (Universidad de La Serena, Chile).<\/p>\n<p>Personal contratado por el Proyecto: Jos\u00e9 Mar\u00eda Esbr\u00ed V\u00edctor.<\/p>\n<h3>Contribuci\u00f3n a la bioconservaci\u00f3n de los humedales costeros del norte de Chile<\/h3>\n<p><em>evaluaci\u00f3n del impacto de la contaminaci\u00f3n y propuesta de soluciones<\/em><\/p>\n<p><i>Contribuci\u00f3n a la bioconservaci\u00f3n de los humedales costeros del norte de Chile: evaluaci\u00f3n del impacto de la contaminaci\u00f3n y propuesta de soluciones<\/i>. Financiado por el Vicerrectorado de Relaciones Internacionales de\u00a0la UCLM. Presupuesto\u00a0concedido: 3.000 Euros. Vigencia: a\u00f1o 2004.<\/p>\n<p>Investigador Principal: Juan Carlos S\u00e1nchez Hern\u00e1ndez (Facultad de Ciencias del Medio Ambiente, Toledo). Entidades participantes: UCLM, Universidad de La Serena (Chile), CEAZA (Chile), CONAMA (Chile).<\/p>\n<h3>Geoqu\u00edmica ambiental de plomo y mercurio en la Sierra Morena castellano-manchega<\/h3>\n<p><i>Geoqu\u00edmica ambiental de plomo y mercurio en\u00a0la Sierra Morenacastellano-manchega<\/i>\u00a0(PCC-05-004-3). Financiado por la\u00a0<span class=\"SpellE\">Viceconsejer\u00eda<\/span>\u00a0de Universidad, Investigaci\u00f3n e Innovaci\u00f3n (Consejer\u00eda de Educaci\u00f3n y Ciencia), JCCM. Presupuesto concedido: 28.800 Euros. Vigencia: 1 de julio \u2013 31 de diciembre de 2007.<\/p>\n<p>Investigador principal del Proyecto: Pablo Higueras\u00a0<span class=\"SpellE\">Higueras<\/span><\/p>\n<h3>Metales pesados en sedimentos del drenaje de la cuenca del r\u00edo Choapa, regi\u00f3n de Coquimbo<\/h3>\n<p><em>interpretaci\u00f3n geoqu\u00edmica y riesgos ambientales<\/em><\/p>\n<p><span lang=\"ES-TRAD\"><i>Metales pesados en sedimentos del drenaje de la cuenca del r\u00edo <span class=\"SpellE\">Choapa<\/span>, regi\u00f3n de Coquimbo: interpretaci\u00f3n\u00a0\u00a0geoqu\u00edmica y riesgos ambientales<\/i>. Financiado por la Direcci\u00f3n (Vicerrectorado) de Investigaci\u00f3n de la Universidad de La Serena (Chile). Presupuesto concedido: 3.000\u00a0<span class=\"SpellE\">US$<\/span>). Vigencia: Agosto 2005 \u2013 Agosto 2006.<\/span><\/p>\n<p><span lang=\"ES-TRAD\">Investigador Principal: Hugo Maturana\u00a0<span class=\"SpellE\">Contardo<\/span>\u00a0(Departamento de Minas, Universidad de La Serena).<\/span><\/p>\n","protected":false},"excerpt":{"rendered":"<p>Inmovilizaci\u00f3n de metales pesados procedentes de actividades industriales mineras. Experiencia-piloto para el caso del mercurio en el distrito de Almad\u00e9n (1FD97-0814)\u00bb]Cofinanciado por el Plan Nacional de I+D y fondos FEDER. Presupuesto concedido: 17.032.500 ptas.\u00a0Vigencia: Julio 1999-Julio 2001. Equipo de trabajo del Proyecto por parte de la UCLM: Pablo Higueras\u00a0Higueras\u00a0(IP); Juliana Parras Armenteros (DIGM, E.U.P. Almad\u00e9n); &hellip; <a href=\"https:\/\/blog.uclm.es\/pablohigueras\/investigacion-2\/proyectos\/\" class=\"more-link\">Seguir leyendo <span class=\"screen-reader-text\">Proyectos<\/span> <span class=\"meta-nav\">&rarr;<\/span><\/a><\/p>\n","protected":false},"author":109,"featured_media":0,"parent":21,"menu_order":0,"comment_status":"closed","ping_status":"closed","template":"","meta":{"footnotes":""},"class_list":["post-30","page","type-page","status-publish","hentry"],"_links":{"self":[{"href":"https:\/\/blog.uclm.es\/pablohigueras\/wp-json\/wp\/v2\/pages\/30","targetHints":{"allow":["GET"]}}],"collection":[{"href":"https:\/\/blog.uclm.es\/pablohigueras\/wp-json\/wp\/v2\/pages"}],"about":[{"href":"https:\/\/blog.uclm.es\/pablohigueras\/wp-json\/wp\/v2\/types\/page"}],"author":[{"embeddable":true,"href":"https:\/\/blog.uclm.es\/pablohigueras\/wp-json\/wp\/v2\/users\/109"}],"replies":[{"embeddable":true,"href":"https:\/\/blog.uclm.es\/pablohigueras\/wp-json\/wp\/v2\/comments?post=30"}],"version-history":[{"count":2,"href":"https:\/\/blog.uclm.es\/pablohigueras\/wp-json\/wp\/v2\/pages\/30\/revisions"}],"predecessor-version":[{"id":777,"href":"https:\/\/blog.uclm.es\/pablohigueras\/wp-json\/wp\/v2\/pages\/30\/revisions\/777"}],"up":[{"embeddable":true,"href":"https:\/\/blog.uclm.es\/pablohigueras\/wp-json\/wp\/v2\/pages\/21"}],"wp:attachment":[{"href":"https:\/\/blog.uclm.es\/pablohigueras\/wp-json\/wp\/v2\/media?parent=30"}],"curies":[{"name":"wp","href":"https:\/\/api.w.org\/{rel}","templated":true}]}}