{"id":33,"date":"2016-02-16T11:53:38","date_gmt":"2016-02-16T10:53:38","guid":{"rendered":"http:\/\/blog.uclm.es\/oscarcontreras\/?page_id=33"},"modified":"2025-11-27T08:07:57","modified_gmt":"2025-11-27T08:07:57","slug":"resena-curricular","status":"publish","type":"page","link":"https:\/\/blog.uclm.es\/oscarcontreras\/resena-curricular\/","title":{"rendered":"RESE\u00d1A CV."},"content":{"rendered":"<p><strong>DATOS Y DIRECCI\u00d3N:<\/strong><\/p>\n<p>\u00d3scar Contreras Hern\u00e1ndez.<\/p>\n<p>Facultad de Ciencias Sociales de Cuenca. UCLM<br \/>Avda. de los Alfares, 44 &#8211; 16002 &#8211; Cuenca<br \/>Contacto: <span style=\"color: #000080\">oscar.contreras@uclm.es<\/span> \u00a0<span style=\"color: #000000\"> (+34926053552)<\/span><\/p>\n<div>\u00a0<\/div>\n<div><span style=\"color: #ffffff\">ljljljl\u00f1klhjkljhkhkjhl<\/span><\/div>\n<div><strong>\u00c1REAS DE TRABAJO:<\/strong><\/div>\n<div><span style=\"color: #ffffff\">lkjhklhk<\/span><\/div>\n<p>Profesor Contratado Doctor, miembro del \u00c1rea de Derecho del Trabajo y de la Seguridad Social de la Universidad de Castilla-La Mancha y del grupo de investigaci\u00f3n europeo <a href=\"https:\/\/hiva.kuleuven.be\/en\/news\/newsitems\/posting-stat-enhancing-collection-and-analysis-national-data-on-intra-eu-posting\">POSTING.STAT.\u00a0<\/a><\/p>\n<p>Coordinador del Grado en Relaciones Laborales en la Facultad de Ciencias Sociales de Cuenca (UCLM) y coordinador de movilidad nacional (SICUE) e internacional (ERASMUS) en esta facultad.<\/p>\n<p>M\u00e1ster en Econom\u00eda Internacional y RRLL. y M\u00e1ster en Derechos Fundamentales y Libertades P\u00fablicas. Doctor en Derecho (menci\u00f3n internacional) por la UCLM con premio extraordinario a la mejor tesis doctoral en la rama de Ciencias Sociales y Jur\u00eddicas 2019. Tiene reconocido un sexenio de investigaci\u00f3n.<\/p>\n<p>Investigador Principal UCLM en el proyecto europeo <a href=\"https:\/\/hiva.kuleuven.be\/en\/research\/theme\/welfarestate\/p\/POSTING-STAT20\"><i>POSTING.STAT 2.0 \u00abIncreasing the level of empirical evidence through the collection and analysis of national administrative data\u00bb, <\/i><\/a>financiado por la Comisi\u00f3n Europea (donde la UCLM es miembro del consorcio). Este proyecto re\u00fane a 12 universidades y 4 institutos de investigaci\u00f3n europeos.<\/p>\n<p>Ha sido Investigador Principal UCLM en el proyecto europeo <a href=\"https:\/\/hiva.kuleuven.be\/en\/news\/newsitems\/posting-stat-enhancing-collection-and-analysis-national-data-on-intra-eu-posting\"><em>\u00abPOSTING.STAT: enhancing the collection and analysis of national data on intra-EU posting\u00bb<\/em><\/a>,\u00a0financiado por la Comisi\u00f3n Europea (donde la UCLM es miembro del consorcio). Este proyecto re\u00fane a acad\u00e9micos de 10 universidades e institutos de investigaci\u00f3n europeos. IPs. coordinadores: Frederic De Wispeleaere y Jozef Pacolet. Ref. <i>(EaSI) Grant Agreement Number VS\/2020\/0499.<\/i><\/p>\n<p>Miembro del proyecto<em> \u00abMapping the rules on posting and short-term migration of third country nationals (TCNs): the legal framework and practice in the EU and EFTA countries\u00bb<\/em>, referencia 2051-103-31 y financiado por el European Trade Union Institute (ETUI).<\/p>\n<p>Miembro del equipo de trabajo del proyecto de investigaci\u00f3n nacional ID2020-113666RB-I00 titulado <em>\u201cRespuestas jur\u00eddicas a las nuevas fronteras del poder de direcci\u00f3n y control del empresario: teletrabajo, determinismo tecnol\u00f3gico, vida privada y salud laboral\u201d<\/em>, cuyas IPs son Mar\u00eda Jos\u00e9 Romero Rodenas y Amparo Merino Segovia.<\/p>\n<p>Imparte las asignaturas Derecho Sindical II, Trabajo Aut\u00f3nomo. R\u00e9gimen jur\u00eddico y protecci\u00f3n social y Derecho Social Europeo y Derecho del Trabajo II en la Facultad de Ciencias Sociales de Cuenca.<\/p>\n<p>Ha impartido las asignaturas &#8216;Trabajo Aut\u00f3nomo&#8217; y &#8216;Derecho Social Europeo&#8217; en la Facultad de RR.LL. de Albacete y la asignatura &#8216;Desigualdad y Pol\u00edticas Sociales&#8217; en la Facultad de Derecho de Albacete, en el 3\u00ba curso del grado en Criminolog\u00eda, compartiendo docencia de la asignatura Derecho del Trabajo I, en el 3\u00ba curso del grado en Derecho.<\/p>\n<p>Investigador y profesor visitante en la Facultad de Derecho de la Universidad de Nova de Lisboa, Portugal (2019) y en la Pontificia Universidade Catolica de S\u00e3o Paulo, Brasil (2017).<\/p>\n<p>\u00c1rbitro para la intervenci\u00f3n en procedimientos de impugnaci\u00f3n de elecciones sindicales para la provincia de Albacete desde 2016 hasta 2020 y, desde 2020 para la provincia de Cuenca. Dependiente de la Consejer\u00eda de Econom\u00eda, Empresas y Empleo de la JCCM. Graduado social Colegiado. 4632 en el Colegio de Graduados Sociales de Valencia desde 2012 hasta 2016.\u00a0<\/p>\n<p>Sus publicaciones cient\u00edficas (publicaciones en revistas y cap\u00edtulos de libro; libros-monograf\u00eda y otras sobre innovaci\u00f3n docente o metodolog\u00eda de la investigaci\u00f3n) abarcan distintos \u00e1mbitos del conocimiento jur\u00eddico-laboral, habi\u00e9ndose especializado en la movilidad laboral internacional (regulaci\u00f3n y efectos), Derecho Social Europeo, desplazamiento trasnacional de trabajadores y el Derecho de la Seguridad Social.<\/p>\n<p>Ha sido miembro del equipo de trabajo del proyecto de investigaci\u00f3n DER2016-75815-R financiado por el Ministerio de Econom\u00eda y Competitividad titulado \u201cInnovaciones y continuidades en la responsabilidad social de las corporaciones espa\u00f1olas en la crisis. Diagnostico comparado y an\u00e1lisis trasnacional\u201d, cuyo IP. es Antonio Baylos Grau.<\/p>\n<p>Participa como ponente en congresos, seminarios y conferencias nacionales e internacionales sobre Derecho del Trabajo, Derecho de Social Europeo, Derecho de la Seguridad Social, metodolog\u00eda de la investigaci\u00f3n y sobre innovaci\u00f3n docente.<\/p>\n<p><strong>Perfil ORCID, GOOGLE SCHOLAR y DIALNET:<\/strong><\/p>\n<div>\n<div><a style=\"vertical-align: top\" href=\"https:\/\/orcid.org\/0000-0002-8408-7179\" target=\"orcid.widget\" rel=\"me noopener noreferrer\"><img decoding=\"async\" style=\"width: 1em;margin-right: .5em\" src=\"https:\/\/orcid.org\/sites\/default\/files\/images\/orcid_16x16.png\" alt=\"ORCID iD icon\" \/>https:\/\/orcid.org\/0000-0002-8408-7179<\/a><\/div>\n<div>\u00a0<\/div>\n<\/div>\n<div><span style=\"color: #ffffff\">JJJJ<\/span><\/div>\n<div>\n<p><img loading=\"lazy\" decoding=\"async\" class=\"alignnone  wp-image-841\" src=\"https:\/\/blog.uclm.es\/oscarcontreras\/wp-content\/uploads\/sites\/57\/2022\/11\/gscholar-300x300.png\" alt=\"\" width=\"17\" height=\"17\" \/>\u00a0 <a href=\"https:\/\/scholar.google.com\/citations?user=bnnoKeMAAAAJ\" target=\"_blank\" rel=\"noopener\">https:\/\/scholar.google.com\/citations?user=bnnoKeMAAAAJ<\/a><\/p>\n<p><img loading=\"lazy\" decoding=\"async\" class=\"alignnone wp-image-842\" src=\"https:\/\/blog.uclm.es\/oscarcontreras\/wp-content\/uploads\/sites\/57\/2022\/11\/Unknown-300x150.png\" alt=\"\" width=\"70\" height=\"35\" \/>\u00a0 <a href=\"https:\/\/dialnet.unirioja.es\/servlet\/autor?codigo=3416468\" target=\"_blank\" rel=\"noopener\">https:\/\/dialnet.unirioja.es\/servlet\/autor?codigo=3416468<\/a><\/p>\n<p><img loading=\"lazy\" decoding=\"async\" class=\"alignnone  wp-image-854\" src=\"https:\/\/blog.uclm.es\/oscarcontreras\/wp-content\/uploads\/sites\/57\/2022\/11\/linkedin-2-U308352329528CG-620x349@abc-300x169.png\" alt=\"\" width=\"75\" height=\"42\" \/>\u00a0<a href=\"https:\/\/www.linkedin.com\/in\/\u00f3scar-contreras-hern\u00e1ndez-570915116\/?originalSubdomain=es\" target=\"_blank\" rel=\"noopener\">https:\/\/www.linkedin.com\/in\/\u00f3scar-contreras-hern\u00e1ndez<\/a><\/p>\n<\/div>\n\n\n<figure class=\"wp-block-image size-large is-resized\"><a href=\"https:\/\/blog.uclm.es\/oscarcontreras\/wp-content\/uploads\/sites\/57\/2024\/10\/Oscar-Contreras-1-scaled.jpg\"><img loading=\"lazy\" decoding=\"async\" width=\"1024\" height=\"684\" src=\"https:\/\/blog.uclm.es\/oscarcontreras\/wp-content\/uploads\/sites\/57\/2024\/10\/Oscar-Contreras-1-1024x684.jpg\" alt=\"Oscar Contreras\" class=\"wp-image-1099\" style=\"width:631px;height:auto\" srcset=\"https:\/\/blog.uclm.es\/oscarcontreras\/wp-content\/uploads\/sites\/57\/2024\/10\/Oscar-Contreras-1-1024x684.jpg 1024w, https:\/\/blog.uclm.es\/oscarcontreras\/wp-content\/uploads\/sites\/57\/2024\/10\/Oscar-Contreras-1-300x200.jpg 300w, https:\/\/blog.uclm.es\/oscarcontreras\/wp-content\/uploads\/sites\/57\/2024\/10\/Oscar-Contreras-1-768x513.jpg 768w, https:\/\/blog.uclm.es\/oscarcontreras\/wp-content\/uploads\/sites\/57\/2024\/10\/Oscar-Contreras-1-1536x1025.jpg 1536w, https:\/\/blog.uclm.es\/oscarcontreras\/wp-content\/uploads\/sites\/57\/2024\/10\/Oscar-Contreras-1-2048x1367.jpg 2048w\" sizes=\"auto, (max-width: 706px) 89vw, (max-width: 767px) 82vw, 740px\" \/><\/a><\/figure>\n\n\n\n<p><\/p>\n","protected":false},"excerpt":{"rendered":"<p>DATOS Y DIRECCI\u00d3N: \u00d3scar Contreras Hern\u00e1ndez. Facultad de Ciencias Sociales de Cuenca. UCLMAvda. de los Alfares, 44 &#8211; 16002 &#8211; CuencaContacto: oscar.contreras@uclm.es \u00a0 (+34926053552) \u00a0 ljljljl\u00f1klhjkljhkhkjhl \u00c1REAS DE TRABAJO: lkjhklhk Profesor Contratado Doctor, miembro del \u00c1rea de Derecho del Trabajo y de la Seguridad Social de la Universidad de Castilla-La Mancha y del grupo de &hellip; <\/p>\n<p class=\"link-more\"><a href=\"https:\/\/blog.uclm.es\/oscarcontreras\/resena-curricular\/\" class=\"more-link\">Continuar leyendo<span class=\"screen-reader-text\"> \u00abRESE\u00d1A CV.\u00bb<\/span><\/a><\/p>\n","protected":false},"author":80,"featured_media":65,"parent":0,"menu_order":0,"comment_status":"closed","ping_status":"closed","template":"","meta":{"footnotes":""},"class_list":["post-33","page","type-page","status-publish","has-post-thumbnail","hentry"],"_links":{"self":[{"href":"https:\/\/blog.uclm.es\/oscarcontreras\/wp-json\/wp\/v2\/pages\/33","targetHints":{"allow":["GET"]}}],"collection":[{"href":"https:\/\/blog.uclm.es\/oscarcontreras\/wp-json\/wp\/v2\/pages"}],"about":[{"href":"https:\/\/blog.uclm.es\/oscarcontreras\/wp-json\/wp\/v2\/types\/page"}],"author":[{"embeddable":true,"href":"https:\/\/blog.uclm.es\/oscarcontreras\/wp-json\/wp\/v2\/users\/80"}],"replies":[{"embeddable":true,"href":"https:\/\/blog.uclm.es\/oscarcontreras\/wp-json\/wp\/v2\/comments?post=33"}],"version-history":[{"count":35,"href":"https:\/\/blog.uclm.es\/oscarcontreras\/wp-json\/wp\/v2\/pages\/33\/revisions"}],"predecessor-version":[{"id":1224,"href":"https:\/\/blog.uclm.es\/oscarcontreras\/wp-json\/wp\/v2\/pages\/33\/revisions\/1224"}],"wp:featuredmedia":[{"embeddable":true,"href":"https:\/\/blog.uclm.es\/oscarcontreras\/wp-json\/wp\/v2\/media\/65"}],"wp:attachment":[{"href":"https:\/\/blog.uclm.es\/oscarcontreras\/wp-json\/wp\/v2\/media?parent=33"}],"curies":[{"name":"wp","href":"https:\/\/api.w.org\/{rel}","templated":true}]}}