{"id":691,"date":"2023-01-27T11:14:38","date_gmt":"2023-01-27T11:14:38","guid":{"rendered":"https:\/\/blog.uclm.es\/ordenesmilitaresyreligiosidad\/?page_id=691"},"modified":"2023-01-27T11:14:38","modified_gmt":"2023-01-27T11:14:38","slug":"balance-de-los-proyectos","status":"publish","type":"page","link":"https:\/\/blog.uclm.es\/ordenesmilitaresyreligiosidad\/balance-de-los-proyectos\/","title":{"rendered":"Balance de los proyectos"},"content":{"rendered":"\n<h1 class=\"alignwide has-text-align-center has-background-color has-vivid-red-background-color has-text-color has-background has-system-font-font-family wp-block-heading\" style=\"margin-top:0;margin-right:0;margin-bottom:0;margin-left:0;padding-top:var(--wp--preset--spacing--60);padding-right:var(--wp--preset--spacing--60);padding-bottom:var(--wp--preset--spacing--60);padding-left:var(--wp--preset--spacing--60)\">Balance de los proyectos<\/h1>\n\n\n\n<div class=\"wp-block-group alignwide is-layout-constrained wp-block-group-is-layout-constrained\">\n<h3 class=\"has-system-font-font-family wp-block-heading\">Proyecto nacional de I+D+i financiado por el MCIU\/AEI\/FEDER, UE (PGC2018-096531-B-100)<\/h3>\n\n\n\n<p><\/p>\n\n\n\n<p style=\"margin-top:0;margin-right:0;margin-bottom:0;margin-left:0;padding-top:0;padding-right:0;padding-bottom:0;padding-left:0\">&nbsp;El proyecto <em>\u00d3rdenes militares y religiosidad en el Occidente medieval y el Oriente Latino (siglos XII-1\/2 XVI). Ideolog\u00eda, memoria y cultura material,<\/em> integrado por 16 investigadores de 4 pa\u00edses, ha acometido el estudio de la religiosidad de los freires de las \u00f3rdenes militares y de su proyecci\u00f3n religiosa en las sociedades que estos institutos mon\u00e1stico-guerreros articularon en la Edad Media, en el marco de una cristiandad expansiva contra el Islam y los paganos desde los siglos XII y XIII. Se trata de una dimensi\u00f3n relativamente poco atendida hasta el presente, pero claramente merecedora de estudio y reflexi\u00f3n. El proyecto ha servido para contribuir al conocimiento de las propias \u00f3rdenes (en adelante, OOMM) y de las sociedades donde se implantaron en territorios de Portugal, Castilla, Francia y el Oriente Latino, si bien destaca La Mancha como espacio privilegiado de actuaci\u00f3n de las OOMM al verse defendido y organizado por ellas pol\u00edtica, social e ideol\u00f3gicamente. El an\u00e1lisis ha combinado fuentes escritas y arqueolog\u00eda, con preguntas sobre las representaciones religiosas propias de estas entidades en tanto que discursos, pr\u00e1cticas y cultura material; las preferencias devocionales de los freires de \u00f3rdenes militares, sus ritos, su patrimonio y su cultura material en cuanto a templos, conventos, enterramientos y cauces y manifestaciones de religiosidad, la evoluci\u00f3n de todo ello y su intervenci\u00f3n y proyecci\u00f3n religiosa sobre la sociedad de sus dominios. &nbsp;<\/p>\n\n\n\n<p>El enfoque integrador y global referido, de por s\u00ed innovador, se completa por otra dimensi\u00f3n igualmente novedosa cumplida en estos trabajos: muy significativamente, el proyecto ha atendido a recuperar, analizar y difundir el legado material y la memoria de las OOMM y de su religiosidad, manifestados a trav\u00e9s de restos arqueol\u00f3gicos y elementos iconogr\u00e1ficos como templos, enterramientos, pinturas, grabados, ajuares lit\u00fargicos y otros materiales arqueol\u00f3gicos. El proyecto se ha sumado con \u00e9xito al creciente inter\u00e9s por el patrimonio cultural y la arqueolog\u00eda de la religi\u00f3n y de la muerte en el \u00e1mbito medieval cristiano, poco tratado en comparaci\u00f3n con la arqueolog\u00eda isl\u00e1mica, as\u00ed como a la corriente en el Medievalismo que revaloriza actualmente los estudios de los elementos religiosos de las \u00f3rdenes militares y el valor de los an\u00e1lisis de historia social de la Iglesia para comprender el pasado medieval. El impacto acad\u00e9mico de sus resultados es evidente en cuanto avance del conocimiento cristalizado en un nutrido elenco de publicaciones y congresos, y el impacto socioecon\u00f3mico ha sido notable en el \u00e1mbito arqueol\u00f3gico por la puesta en valor de focos de turismo cultural y el cauce para el empleo en \u00e1reas rurales de La Mancha que los trabajos desarrollados han permitido.<\/p>\n\n\n\n<p>La cronolog\u00eda de los estudios realizados ha abarcado desde el periodo fundacional de las OOMM y su mayor actividad cruzadista, los siglos XII y XIII, hasta su evoluci\u00f3n bajomedieval (siglos XIV, XV y hasta mediados del XVI) como entidades aristocratizantes, se\u00f1oriales y finalmente integradas en el aparato administrativo de la Corona.<\/p>\n\n\n\n<p>Estos trabajos se acogieron a las ayudas al plan y programa estatal \u201cGeneraci\u00f3n del conocimiento\u201d; que alentaba la realizaci\u00f3n de proyectos de investigaci\u00f3n sin orientaci\u00f3n tem\u00e1tica predefinida y destinados a hacer avanzar significativamente el conocimiento, con un notable impacto socioecon\u00f3mico y de clara proyecci\u00f3n internacional, fomentando las sinergias de investigaciones en un \u00fanico equipo con alto nivel de dedicaci\u00f3n (Extracto de convocatoria de BOE de 20 de agosto de 2018, Ministerio de Ciencia, Innovaci\u00f3n y Universidades). El perfil del proyecto y sus resultados han respondido plenamente a tal orientaci\u00f3n pretendida en el citado Plan Estatal.<\/p>\n\n\n\n<h4 class=\"has-system-font-font-family wp-block-heading\">Datos cuantitativos<\/h4>\n\n\n\n<ul class=\"wp-block-list\">\n<li>Publicaciones en revistas con peer review: 51<\/li>\n\n\n\n<li>Otras revistas: 10<\/li>\n\n\n\n<li>Libros: 13<\/li>\n\n\n\n<li>Cap\u00edtulos de libro: 68<\/li>\n\n\n\n<li>Congresos internacionales: 99<\/li>\n\n\n\n<li>Congresos nacionales: 18<\/li>\n\n\n\n<li>Tesis doctorales le\u00eddas: 5<\/li>\n\n\n\n<li>Tesis doctorales en marcha: 6<\/li>\n\n\n\n<li>Contratos con la administraci\u00f3n, convenios y otros proyectos de investigaci\u00f3n: 16<\/li>\n\n\n\n<li>Contratos con empresas: 17<\/li>\n<\/ul>\n<\/div>\n","protected":false},"excerpt":{"rendered":"<p>Balance de los proyectos Proyecto nacional de I+D+i financiado por el MCIU\/AEI\/FEDER, UE (PGC2018-096531-B-100) &nbsp;El proyecto \u00d3rdenes militares y religiosidad en el Occidente medieval y el Oriente Latino (siglos XII-1\/2 XVI). Ideolog\u00eda, memoria y cultura material, integrado por 16 investigadores de 4 pa\u00edses, ha acometido el estudio de la religiosidad de los freires de las [&hellip;]<\/p>\n","protected":false},"author":381,"featured_media":0,"parent":0,"menu_order":0,"comment_status":"closed","ping_status":"closed","template":"","meta":{"footnotes":""},"class_list":["post-691","page","type-page","status-publish","hentry"],"_links":{"self":[{"href":"https:\/\/blog.uclm.es\/ordenesmilitaresyreligiosidad\/wp-json\/wp\/v2\/pages\/691","targetHints":{"allow":["GET"]}}],"collection":[{"href":"https:\/\/blog.uclm.es\/ordenesmilitaresyreligiosidad\/wp-json\/wp\/v2\/pages"}],"about":[{"href":"https:\/\/blog.uclm.es\/ordenesmilitaresyreligiosidad\/wp-json\/wp\/v2\/types\/page"}],"author":[{"embeddable":true,"href":"https:\/\/blog.uclm.es\/ordenesmilitaresyreligiosidad\/wp-json\/wp\/v2\/users\/381"}],"replies":[{"embeddable":true,"href":"https:\/\/blog.uclm.es\/ordenesmilitaresyreligiosidad\/wp-json\/wp\/v2\/comments?post=691"}],"version-history":[{"count":3,"href":"https:\/\/blog.uclm.es\/ordenesmilitaresyreligiosidad\/wp-json\/wp\/v2\/pages\/691\/revisions"}],"predecessor-version":[{"id":694,"href":"https:\/\/blog.uclm.es\/ordenesmilitaresyreligiosidad\/wp-json\/wp\/v2\/pages\/691\/revisions\/694"}],"wp:attachment":[{"href":"https:\/\/blog.uclm.es\/ordenesmilitaresyreligiosidad\/wp-json\/wp\/v2\/media?parent=691"}],"curies":[{"name":"wp","href":"https:\/\/api.w.org\/{rel}","templated":true}]}}