{"id":562,"date":"2022-10-11T07:29:39","date_gmt":"2022-10-11T07:29:39","guid":{"rendered":"https:\/\/blog.uclm.es\/ordenesmilitaresyreligiosidad\/?page_id=562"},"modified":"2023-01-27T11:01:11","modified_gmt":"2023-01-27T11:01:11","slug":"intervenciones-arqueologicas","status":"publish","type":"page","link":"https:\/\/blog.uclm.es\/ordenesmilitaresyreligiosidad\/resultados\/intervenciones-arqueologicas\/","title":{"rendered":"Intervenciones Arqueol\u00f3gicas"},"content":{"rendered":"\n<div class=\"wp-block-cover alignwide\" style=\"min-height:140px;aspect-ratio:unset;\"><span aria-hidden=\"true\" class=\"wp-block-cover__background has-vivid-red-background-color has-background-dim-100 has-background-dim\"><\/span><div class=\"wp-block-cover__inner-container is-layout-flow wp-block-cover-is-layout-flow\">\n<p class=\"has-text-align-center\" style=\"font-size:50px\"><strong>Intervenciones Arqueol\u00f3gicas<\/strong><\/p>\n<\/div><\/div>\n\n\n\n<div class=\"wp-block-group is-layout-constrained wp-block-group-is-layout-constrained\">\n<h5 class=\"has-system-font-font-family wp-block-heading\"><strong>Trabajos de prospecci\u00f3n arqueol\u00f3gica y teledetecci\u00f3n<\/strong><\/h5>\n\n\n\n<ul class=\"wp-block-list\">\n<li>Priorato de Ucl\u00e9s<\/li>\n\n\n\n<li>Campo de Montiel <\/li>\n\n\n\n<li>Campo de Calatrava<\/li>\n<\/ul>\n<\/div>\n\n\n\n<div class=\"wp-block-group is-layout-constrained wp-block-group-is-layout-constrained\">\n<h5 class=\"has-system-font-font-family wp-block-heading\"><strong><strong>Excavaciones arqueol\u00f3gicas y estudios de arqueolog\u00eda de la arquitectura<\/strong><\/strong><\/h5>\n\n\n\n<ul class=\"wp-block-list\">\n<li>Conjunto arqueol\u00f3gico del castillo de La Estrella (Montiel) de la Orden de Santiago<\/li>\n\n\n\n<li>Convento y recinto amurallado de Ucl\u00e9s de la Orden de Santiago<\/li>\n\n\n\n<li>Castillo de Salvatierra y castillo de Los Cristianos (Calzada de Calatrava) de la Orden de Calatrava<\/li>\n\n\n\n<li>Castillo de Palmela (Portugal) de la Orden de Santiago<\/li>\n\n\n\n<li>Castillo de Santa Mar\u00eda del Guadiana (Argamasilla de Alba) de la Orden de San Juan<\/li>\n\n\n\n<li>Castillo de Rochafrida en Ossa de Montiel (Orden de Santiago)<\/li>\n\n\n\n<li>Iglesia de Fuenllana de la Orden de Santiago.<\/li>\n\n\n\n<li>Castillo de Torres (Huelva) de la Orden del Hospital<\/li>\n\n\n\n<li>Muralla urbana de Toledo<\/li>\n<\/ul>\n<\/div>\n\n\n\n<div class=\"wp-block-group is-layout-constrained wp-block-group-is-layout-constrained\">\n<h5 class=\"has-system-font-font-family wp-block-heading\">lista de proyectos espec\u00edficos<\/h5>\n\n\n\n<ul class=\"wp-block-list\">\n<li>Investigaci\u00f3n arqueol\u00f3gica en el castillo de Rochafrida (Ossa de Montiel), Investigador Responsable Jes\u00fas Molero Garc\u00eda.<\/li>\n\n\n\n<li>Arqueolog\u00eda de la batalla y asedio de Montiel (II): Excavaci\u00f3n, prospecci\u00f3n y estudio poliorc\u00e9tico. en el conjunto arqueol\u00f3gico del castillo de La Estrella y su entorno, IR Jes\u00fas Molero Garc\u00eda.\u00a0<\/li>\n\n\n\n<li>Proyecto arqueol\u00f3gico de restauraci\u00f3n de la Puerta de Sicuendes. Ucl\u00e9s (Cuenca). IR: Jes\u00fas Molero Garc\u00eda, David Gallego Valle, Jaime Garc\u00eda Carpintero.<\/li>\n\n\n\n<li>Arqueolog\u00eda y paisaje. La comarca de las Lagunas de Ruidera en la Edad Media, IR Jes\u00fas Molero Garc\u00eda.<\/li>\n\n\n\n<li>De la batalla de Montiel (1369) a la de Aljubarrota (1385): intervenci\u00f3n arqueol\u00f3gica, conservaci\u00f3n y puesta en valor de un campo de batalla singular, financiado por Ministerio de Cultura y Deporte. Ayudas para proyectos arqueol\u00f3gicos en el exterior correspondientes a 2018. IR Jes\u00fas Molero Garc\u00eda.<\/li>\n\n\n\n<li>Proyecto arqueol\u00f3gico en la restauraci\u00f3n de la \u201cmuralla \u00e1rabe\u201d del conjunto amurallado del monasterio de Ucl\u00e9s (Cuenca): IR Jes\u00fas Molero Garc\u00eda, David Gallego Valle, Jaime Garc\u00eda Carpintero, Cristina Pe\u00f1a<\/li>\n\n\n\n<li>Conservaci\u00f3n preventiva de la Torre de Fuente del Pez o Castillo de San Miguel -Fase II- Palomares del Campo (Cuenca). N.\u00ba de expediente: 190969-P. A\u00f1o de 2019. Co-director: David Gallego y Jesus Molero<\/li>\n\n\n\n<li>Proyecto arqueol\u00f3gico y de conservaci\u00f3n para la rehabilitaci\u00f3n de la capilla de Santiago Ap\u00f3stol en la iglesia-castillo de Santa Catalina (Fuenllana, Ciudad Real)\u201d. N\u00ba de Expediente 18.2045. A\u00f1o 2019-2020.Dir.: David Gallego.<\/li>\n\n\n\n<li>Proyecto El patrimonio cultural calatravo como recurso dinamizador del turismo en el Campo de Calatrava: castillos de Los Cristianos y de Salvatierra (Calzada de Calatrava-Ciudad Real). 21\/10\/2019 hasta: 31\/12\/2020. Investigador participante: Jes\u00fas Molero, David Gallego<\/li>\n\n\n\n<li>Proyecto de intervenci\u00f3n arqueol\u00f3gica en el castillo de Salvatierra y su entorno (Calzada de Calatrava-Aldea del Rey, Ciudad Real)\u201d. N\u00ba de Expediente 20.0793. A\u00f1o 2020. IP: Jes\u00fas Molero Garc\u00eda y David Gallego Valle.<\/li>\n\n\n\n<li>Proyecto arqueol\u00f3gico para el estudio de la batalla y asedio de Montiel 1369. Campa\u00f1a 2020. Ref. 20.1226P 28\/07\/2020 hasta: 30\/09\/2020. \u00a0IP: Jes\u00fas Molero Garc\u00eda y David Gallego Valle.<\/li>\n\n\n\n<li>Programa RECUAL Conjunto arqueol\u00f3gico castillo de La Estrella de Montiel VI. 2020. Contrato: Direcci\u00f3n arqueol\u00f3gica y cient\u00edfica en el marco del Taller de Empleo FPRC\/2019\/013\/027: 01\/09\/2020 hasta: 28\/02\/2021. \u00a0IP: Jes\u00fas Molero Garc\u00eda, David Gallego Valle<\/li>\n\n\n\n<li>Contrato de Prestaci\u00f3n de Servicios art. 83 LOU 6\/2011 y art. 170 Estatutos. Excavaci\u00f3n arqueol\u00f3gica en el Castillo de La Estrella de Montiel. Campa\u00f1a 2020. Entidad financiadora: Ayuntamiento de Montiel. P1305700E. 31\/08\/2020 hasta 31\/12\/2020. IP: Jes\u00fas Molero Garc\u00eda.<\/li>\n\n\n\n<li>Contrato de Prestaci\u00f3n de Servicios art. 83 LOU 6\/2011 y art. 170 Estatutos. Excavaci\u00f3n e investigaci\u00f3n arqueol\u00f3gica en el Castillo de La Estrella de Montiel. Campa\u00f1a 2021. Entidad financiadora: Ayuntamiento de Montiel. P1305700E. 01\/06\/2021 hasta: 31\/12\/2021. IP: Jes\u00fas Molero Garc\u00eda y David Gallego Valle.<\/li>\n\n\n\n<li>Proyecto Arqueolog\u00eda de la batalla y asedio de Montiel (III): Excavaci\u00f3n, prospecci\u00f3n y estudio poliorc\u00e9tico. Referencia: SBPLY\/21\/180801\/000014. JCCM y UCLM. 16\/07\/2021 hasta: 31\/10\/2021. \u00a0IP: Jes\u00fas Molero Garc\u00eda.<\/li>\n\n\n\n<li>Proyecto Ucl\u00e9s, de madina isl\u00e1mica a cabecera de la Orden de Santiago. JCCM y UCLM. Fundaci\u00f3n Fernando N\u00fa\u00f1ez. 16\/07\/2021 hasta: 31\/10\/2021. IP: David Gallego Valle. Investigadores participantes: Jes\u00fas Molero, Jaime Garc\u00eda-Carpintero, Raquel Torres.<\/li>\n\n\n\n<li>Proyecto Ucl\u00e9s, de madina isl\u00e1mica a cabecera de la Orden de Santiago II. JCCM y UCLM. Fundaci\u00f3n Fernando N\u00fa\u00f1ez. Referencia: SBPLY\/22\/180801\/000013. 15\/07\/2022 hasta: 31\/10\/2022. IP: David Gallego Valle. Investigadores participantes: Jes\u00fas Molero, Jaime Garc\u00eda-Carpintero, Raquel Torres.<\/li>\n\n\n\n<li>Contrato de Prestaci\u00f3n de Servicios art. 83 LOU 6\/2011 y art. 170 Estatutos. Proyecto de investigaci\u00f3n para el estudio la batalla de Ucl\u00e9s de 1108 y la frontera en \u00e9poca almor\u00e1vide. Entidad financiadora: Fundaci\u00f3n Fernando N\u00fa\u00f1ez. G01753789. 23\/07\/2021 hasta: 23\/07\/2024. IP: Jes\u00fas Molero Garc\u00eda y David Gallego Valle.<\/li>\n\n\n\n<li>Proyecto de intervenci\u00f3n arqueol\u00f3gica y conservaci\u00f3n preventiva en el Conjunto arqueol\u00f3gico del castillo de La Estrella. Campa\u00f1a de 2021. Montiel (Ciudad Real). 01\/05\/2021 hasta: 31\/10\/2021. IP: Jes\u00fas Molero Garc\u00eda y David Gallego Valle.<\/li>\n\n\n\n<li>Proyectos de excavaci\u00f3n arqueol\u00f3gica en el yacimiento de Alarcos, Ciudad Real y Poblete. Investigador: Antonio de Juan Garc\u00eda. 17\/7\/2021 a 30\/10\/2021 y 15\/07\/2022 hasta: 30\/10\/2022<\/li>\n\n\n\n<li>Proyecto de intervenci\u00f3n arqueol\u00f3gica y conservaci\u00f3n preventiva en el Conjunto arqueol\u00f3gico del castillo de La Estrella. Campa\u00f1a de 2022. Montiel (Ciudad Real). Ref: 22.1136_P1. Entidad financiadora: Fundaci\u00f3n castillo de La Estrella; JCCM; Fondo Social Europeo. 01\/05\/2022 hasta 31\/10\/2022. IP: Jes\u00fas Molero Garc\u00eda, David Gallego Valle,<\/li>\n\n\n\n<li>Programa Recual Conjunto arqueol\u00f3gico castillo de La Estrella de Montiel VII. 2021. Direcci\u00f3n arqueol\u00f3gica y cient\u00edfica en el marco del Taller de Empleo. Fundaci\u00f3n Castillo de La Estrella. G13559042. 01\/05\/2021 hasta: 31\/10\/2021 IP: Jes\u00fas Molero Garc\u00eda y David Gallego Valle.<\/li>\n\n\n\n<li>Idem 2022. Expte: FPRC\/2021\/13\/011. 01\/05\/2022 hasta: 31\/10\/2022.<\/li>\n\n\n\n<li>Convenio marco de colaboraci\u00f3n entre la Universidad de Castilla-La Mancha y la Asociaci\u00f3n Espa\u00f1ola de Amigos de los Castillos. 13\/4\/2021 hasta la actualidad.<\/li>\n\n\n\n<li>Contrato de I + D art. 83 LOU. Investigaci\u00f3n arqueol\u00f3gica en el Castillo de La Estrella (Montiel, Ciudad Real). Campa\u00f1a 2022. Ayuntamiento de Montiel. Ref. 0054103518. 15\/06\/2022 hasta: 31\/12\/2022\u00a0\u00a0\u00a0\u00a0\u00a0\u00a0\u00a0\u00a0\u00a0\u00a0 . IP: Jes\u00fas Molero Garc\u00eda<\/li>\n\n\n\n<li>Proyecto Arqueolog\u00eda de las \u00f3rdenes militares y de la guerra en la Edad Media: el castillo y la batalla de Montiel N.\u00ba Expte: SBPLY\/22\/180801\/000009. JCCM y UCLM. 15\/07\/2022 hasta 31\/10\/2022\u00a0 IP: Jes\u00fas Molero Garc\u00eda<\/li>\n<\/ul>\n<\/div>\n","protected":false},"excerpt":{"rendered":"<p>Trabajos de prospecci\u00f3n arqueol\u00f3gica y teledetecci\u00f3n Excavaciones arqueol\u00f3gicas y estudios de arqueolog\u00eda de la arquitectura lista de proyectos espec\u00edficos<\/p>\n","protected":false},"author":6,"featured_media":0,"parent":28,"menu_order":0,"comment_status":"closed","ping_status":"closed","template":"","meta":{"footnotes":""},"class_list":["post-562","page","type-page","status-publish","hentry"],"_links":{"self":[{"href":"https:\/\/blog.uclm.es\/ordenesmilitaresyreligiosidad\/wp-json\/wp\/v2\/pages\/562","targetHints":{"allow":["GET"]}}],"collection":[{"href":"https:\/\/blog.uclm.es\/ordenesmilitaresyreligiosidad\/wp-json\/wp\/v2\/pages"}],"about":[{"href":"https:\/\/blog.uclm.es\/ordenesmilitaresyreligiosidad\/wp-json\/wp\/v2\/types\/page"}],"author":[{"embeddable":true,"href":"https:\/\/blog.uclm.es\/ordenesmilitaresyreligiosidad\/wp-json\/wp\/v2\/users\/6"}],"replies":[{"embeddable":true,"href":"https:\/\/blog.uclm.es\/ordenesmilitaresyreligiosidad\/wp-json\/wp\/v2\/comments?post=562"}],"version-history":[{"count":5,"href":"https:\/\/blog.uclm.es\/ordenesmilitaresyreligiosidad\/wp-json\/wp\/v2\/pages\/562\/revisions"}],"predecessor-version":[{"id":688,"href":"https:\/\/blog.uclm.es\/ordenesmilitaresyreligiosidad\/wp-json\/wp\/v2\/pages\/562\/revisions\/688"}],"up":[{"embeddable":true,"href":"https:\/\/blog.uclm.es\/ordenesmilitaresyreligiosidad\/wp-json\/wp\/v2\/pages\/28"}],"wp:attachment":[{"href":"https:\/\/blog.uclm.es\/ordenesmilitaresyreligiosidad\/wp-json\/wp\/v2\/media?parent=562"}],"curies":[{"name":"wp","href":"https:\/\/api.w.org\/{rel}","templated":true}]}}