{"id":28,"date":"2021-02-15T16:23:14","date_gmt":"2021-02-15T15:23:14","guid":{"rendered":"http:\/\/blog.uclm.es\/omromol\/?page_id=28"},"modified":"2022-10-13T16:46:31","modified_gmt":"2022-10-13T16:46:31","slug":"resultados","status":"publish","type":"page","link":"https:\/\/blog.uclm.es\/ordenesmilitaresyreligiosidad\/resultados\/","title":{"rendered":"Resultados"},"content":{"rendered":"\n<div class=\"wp-block-cover alignfull\" style=\"min-height:158px;aspect-ratio:unset;\"><span aria-hidden=\"true\" class=\"wp-block-cover__background has-vivid-red-background-color has-background-dim-100 has-background-dim\"><\/span><div class=\"wp-block-cover__inner-container is-layout-flow wp-block-cover-is-layout-flow\">\n<p class=\"has-text-align-center has-background-color has-text-color\" style=\"font-size:58px\"><strong>Resultados<\/strong><\/p>\n<\/div><\/div>\n\n\n\n<div class=\"wp-block-columns alignwide is-layout-flex wp-container-core-columns-is-layout-28f84493 wp-block-columns-is-layout-flex\">\n<div class=\"wp-block-column is-layout-flow wp-block-column-is-layout-flow\">\n<div class=\"wp-block-columns is-layout-flex wp-container-core-columns-is-layout-28f84493 wp-block-columns-is-layout-flex\">\n<div class=\"wp-block-column is-layout-flow wp-block-column-is-layout-flow\">\n<div class=\"wp-block-buttons is-content-justification-center is-layout-flex wp-container-core-buttons-is-layout-a89b3969 wp-block-buttons-is-layout-flex\">\n<div class=\"wp-block-button has-custom-font-size\" style=\"font-size:1.65rem\"><a class=\"wp-block-button__link has-background-color has-vivid-red-background-color has-text-color has-background\" href=\"https:\/\/blog.uclm.es\/ordenesmilitaresyreligiosidad\/resultados\/eventos\/\">Eventos<\/a><\/div>\n<\/div>\n<\/div>\n\n\n\n<div class=\"wp-block-column is-layout-flow wp-block-column-is-layout-flow\">\n<div class=\"wp-block-buttons is-content-justification-center is-layout-flex wp-container-core-buttons-is-layout-a89b3969 wp-block-buttons-is-layout-flex\">\n<div class=\"wp-block-button has-custom-font-size\" style=\"font-size:1.6rem\"><a class=\"wp-block-button__link has-background-color has-vivid-red-background-color has-text-color has-background\" href=\"https:\/\/blog.uclm.es\/ordenesmilitaresyreligiosidad\/resultados\/publicaciones\/\">Publicaciones<\/a><\/div>\n<\/div>\n<\/div>\n<\/div>\n<\/div>\n\n\n\n<div class=\"wp-block-column is-layout-flow wp-block-column-is-layout-flow\">\n<div class=\"wp-block-columns is-layout-flex wp-container-core-columns-is-layout-28f84493 wp-block-columns-is-layout-flex\">\n<div class=\"wp-block-column is-layout-flow wp-block-column-is-layout-flow\">\n<div class=\"wp-block-buttons is-content-justification-center is-layout-flex wp-container-core-buttons-is-layout-a89b3969 wp-block-buttons-is-layout-flex\">\n<div class=\"wp-block-button has-custom-font-size\" style=\"font-size:1.65rem\"><a class=\"wp-block-button__link has-background-color has-vivid-red-background-color has-text-color has-background\" href=\"https:\/\/blog.uclm.es\/ordenesmilitaresyreligiosidad\/resultados\/tesis-doctorales\/\">Tesis<\/a><\/div>\n<\/div>\n<\/div>\n\n\n\n<div class=\"wp-block-column is-layout-flow wp-block-column-is-layout-flow\">\n<div class=\"wp-block-buttons is-content-justification-center is-layout-flex wp-container-core-buttons-is-layout-a89b3969 wp-block-buttons-is-layout-flex\">\n<div class=\"wp-block-button has-custom-font-size\" style=\"font-size:1.65rem\"><a class=\"wp-block-button__link has-background-color has-vivid-red-background-color has-text-color has-background\" href=\"https:\/\/blog.uclm.es\/ordenesmilitaresyreligiosidad\/resultados\/intervenciones-arqueologicas\/\">Arqueolog\u00eda<\/a><\/div>\n<\/div>\n<\/div>\n<\/div>\n<\/div>\n<\/div>\n\n\n\n<div style=\"height:69px\" aria-hidden=\"true\" class=\"wp-block-spacer\"><\/div>\n\n\n<ul class=\"wp-block-latest-posts__list is-grid columns-3 has-dates alignwide wp-block-latest-posts\"><li><div class=\"wp-block-latest-posts__featured-image\"><a href=\"https:\/\/blog.uclm.es\/ordenesmilitaresyreligiosidad\/2026\/02\/03\/seminario-arqueologia-de-las-ordenes-militares-y-la-guerra-12-de-febrero-de-2026-facultad-de-letras-ciudad-real\/\" aria-label=\"Seminario \u00abArqueolog\u00eda de las \u00d3rdenes Militares y la Guerra\u00bb &#8211; 12 de febrero de 2026 &#8211; Facultad de Letras (Ciudad Real)\"><img loading=\"lazy\" decoding=\"async\" width=\"212\" height=\"300\" src=\"https:\/\/blog.uclm.es\/ordenesmilitaresyreligiosidad\/wp-content\/uploads\/sites\/63\/2026\/02\/cartel_AOM_2-212x300.jpg\" class=\"attachment-medium size-medium wp-post-image\" alt=\"\" style=\"\" srcset=\"https:\/\/blog.uclm.es\/ordenesmilitaresyreligiosidad\/wp-content\/uploads\/sites\/63\/2026\/02\/cartel_AOM_2-212x300.jpg 212w, https:\/\/blog.uclm.es\/ordenesmilitaresyreligiosidad\/wp-content\/uploads\/sites\/63\/2026\/02\/cartel_AOM_2-724x1024.jpg 724w, https:\/\/blog.uclm.es\/ordenesmilitaresyreligiosidad\/wp-content\/uploads\/sites\/63\/2026\/02\/cartel_AOM_2-768x1086.jpg 768w, https:\/\/blog.uclm.es\/ordenesmilitaresyreligiosidad\/wp-content\/uploads\/sites\/63\/2026\/02\/cartel_AOM_2-1086x1536.jpg 1086w, https:\/\/blog.uclm.es\/ordenesmilitaresyreligiosidad\/wp-content\/uploads\/sites\/63\/2026\/02\/cartel_AOM_2-1448x2048.jpg 1448w, https:\/\/blog.uclm.es\/ordenesmilitaresyreligiosidad\/wp-content\/uploads\/sites\/63\/2026\/02\/cartel_AOM_2-scaled.jpg 1811w\" sizes=\"auto, (max-width: 212px) 100vw, 212px\" \/><\/a><\/div><a class=\"wp-block-latest-posts__post-title\" href=\"https:\/\/blog.uclm.es\/ordenesmilitaresyreligiosidad\/2026\/02\/03\/seminario-arqueologia-de-las-ordenes-militares-y-la-guerra-12-de-febrero-de-2026-facultad-de-letras-ciudad-real\/\">Seminario \u00abArqueolog\u00eda de las \u00d3rdenes Militares y la Guerra\u00bb &#8211; 12 de febrero de 2026 &#8211; Facultad de Letras (Ciudad Real)<\/a><time datetime=\"2026-02-03T07:33:22+00:00\" class=\"wp-block-latest-posts__post-date\">3 de febrero de 2026<\/time><\/li>\n<li><div class=\"wp-block-latest-posts__featured-image\"><a href=\"https:\/\/blog.uclm.es\/ordenesmilitaresyreligiosidad\/2025\/01\/29\/coloquio-internacional-ordenes-militares-y-fenomenos-socio-religiosos-en-perspectiva-comparada-siglos-xii-1-2-xvi-6-y-7-de-marzo-de-2025\/\" aria-label=\"Coloquio Internacional \u00d3rdenes militares y fen\u00f3menos socio-religiosos en perspectiva comparada (siglos XII-1\/2 XVI) &#8211; 6 y 7 de marzo de 2025\"><img loading=\"lazy\" decoding=\"async\" width=\"212\" height=\"300\" src=\"https:\/\/blog.uclm.es\/ordenesmilitaresyreligiosidad\/wp-content\/uploads\/sites\/63\/2025\/01\/Cartel-OOMM-25_4-212x300.jpg\" class=\"attachment-medium size-medium wp-post-image\" alt=\"\" style=\"\" srcset=\"https:\/\/blog.uclm.es\/ordenesmilitaresyreligiosidad\/wp-content\/uploads\/sites\/63\/2025\/01\/Cartel-OOMM-25_4-212x300.jpg 212w, https:\/\/blog.uclm.es\/ordenesmilitaresyreligiosidad\/wp-content\/uploads\/sites\/63\/2025\/01\/Cartel-OOMM-25_4-724x1024.jpg 724w, https:\/\/blog.uclm.es\/ordenesmilitaresyreligiosidad\/wp-content\/uploads\/sites\/63\/2025\/01\/Cartel-OOMM-25_4-768x1086.jpg 768w, https:\/\/blog.uclm.es\/ordenesmilitaresyreligiosidad\/wp-content\/uploads\/sites\/63\/2025\/01\/Cartel-OOMM-25_4-1086x1536.jpg 1086w, https:\/\/blog.uclm.es\/ordenesmilitaresyreligiosidad\/wp-content\/uploads\/sites\/63\/2025\/01\/Cartel-OOMM-25_4-1448x2048.jpg 1448w, https:\/\/blog.uclm.es\/ordenesmilitaresyreligiosidad\/wp-content\/uploads\/sites\/63\/2025\/01\/Cartel-OOMM-25_4-scaled.jpg 1810w\" sizes=\"auto, (max-width: 212px) 100vw, 212px\" \/><\/a><\/div><a class=\"wp-block-latest-posts__post-title\" href=\"https:\/\/blog.uclm.es\/ordenesmilitaresyreligiosidad\/2025\/01\/29\/coloquio-internacional-ordenes-militares-y-fenomenos-socio-religiosos-en-perspectiva-comparada-siglos-xii-1-2-xvi-6-y-7-de-marzo-de-2025\/\">Coloquio Internacional \u00d3rdenes militares y fen\u00f3menos socio-religiosos en perspectiva comparada (siglos XII-1\/2 XVI) &#8211; 6 y 7 de marzo de 2025<\/a><time datetime=\"2025-01-29T14:25:00+00:00\" class=\"wp-block-latest-posts__post-date\">29 de enero de 2025<\/time><\/li>\n<li><div class=\"wp-block-latest-posts__featured-image\"><a href=\"https:\/\/blog.uclm.es\/ordenesmilitaresyreligiosidad\/2024\/10\/31\/coloquio-del-castillo-al-palacio-continuidades-y-rupturas-en-las-fortalezas-de-ordenes-militares-en-la-corona-de-castilla-siglos-xv-y-xvi\/\" aria-label=\"Coloquio \u00abDel castillo al palacio: Continuidades y rupturas en las fortalezas de \u00f3rdenes militares en la Corona de Castilla (Siglos XV y XVI)\u00bb\"><img loading=\"lazy\" decoding=\"async\" width=\"212\" height=\"300\" src=\"https:\/\/blog.uclm.es\/ordenesmilitaresyreligiosidad\/wp-content\/uploads\/sites\/63\/2024\/10\/Cartel_coloquio_castillo_palacio_1_pdf_page-0001-212x300.jpg\" class=\"attachment-medium size-medium wp-post-image\" alt=\"\" style=\"\" srcset=\"https:\/\/blog.uclm.es\/ordenesmilitaresyreligiosidad\/wp-content\/uploads\/sites\/63\/2024\/10\/Cartel_coloquio_castillo_palacio_1_pdf_page-0001-212x300.jpg 212w, https:\/\/blog.uclm.es\/ordenesmilitaresyreligiosidad\/wp-content\/uploads\/sites\/63\/2024\/10\/Cartel_coloquio_castillo_palacio_1_pdf_page-0001-724x1024.jpg 724w, https:\/\/blog.uclm.es\/ordenesmilitaresyreligiosidad\/wp-content\/uploads\/sites\/63\/2024\/10\/Cartel_coloquio_castillo_palacio_1_pdf_page-0001-768x1086.jpg 768w, https:\/\/blog.uclm.es\/ordenesmilitaresyreligiosidad\/wp-content\/uploads\/sites\/63\/2024\/10\/Cartel_coloquio_castillo_palacio_1_pdf_page-0001-1086x1536.jpg 1086w, https:\/\/blog.uclm.es\/ordenesmilitaresyreligiosidad\/wp-content\/uploads\/sites\/63\/2024\/10\/Cartel_coloquio_castillo_palacio_1_pdf_page-0001-1448x2048.jpg 1448w, https:\/\/blog.uclm.es\/ordenesmilitaresyreligiosidad\/wp-content\/uploads\/sites\/63\/2024\/10\/Cartel_coloquio_castillo_palacio_1_pdf_page-0001-scaled.jpg 1810w\" sizes=\"auto, (max-width: 212px) 100vw, 212px\" \/><\/a><\/div><a class=\"wp-block-latest-posts__post-title\" href=\"https:\/\/blog.uclm.es\/ordenesmilitaresyreligiosidad\/2024\/10\/31\/coloquio-del-castillo-al-palacio-continuidades-y-rupturas-en-las-fortalezas-de-ordenes-militares-en-la-corona-de-castilla-siglos-xv-y-xvi\/\">Coloquio \u00abDel castillo al palacio: Continuidades y rupturas en las fortalezas de \u00f3rdenes militares en la Corona de Castilla (Siglos XV y XVI)\u00bb<\/a><time datetime=\"2024-10-31T10:57:11+00:00\" class=\"wp-block-latest-posts__post-date\">31 de octubre de 2024<\/time><\/li>\n<li><div class=\"wp-block-latest-posts__featured-image\"><a href=\"https:\/\/blog.uclm.es\/ordenesmilitaresyreligiosidad\/2024\/05\/22\/celebracion-del-850-aniversario-de-la-donacion-de-ucles-a-la-orden-de-santiago-exposicion-del-tumbo-menor-de-castilla-ucles-14-a-16-de-junio\/\" aria-label=\"Celebraci\u00f3n del 850 aniversario de la donaci\u00f3n de Ucl\u00e9s a la Orden de Santiago: Exposici\u00f3n del Tumbo Menor de Castilla (Ucl\u00e9s, 14 a 16 de junio)\"><img loading=\"lazy\" decoding=\"async\" width=\"300\" height=\"233\" src=\"https:\/\/blog.uclm.es\/ordenesmilitaresyreligiosidad\/wp-content\/uploads\/sites\/63\/2024\/05\/Captura-de-pantalla-2024-05-22-174132-300x233.png\" class=\"attachment-medium size-medium wp-post-image\" alt=\"\" style=\"\" srcset=\"https:\/\/blog.uclm.es\/ordenesmilitaresyreligiosidad\/wp-content\/uploads\/sites\/63\/2024\/05\/Captura-de-pantalla-2024-05-22-174132-300x233.png 300w, https:\/\/blog.uclm.es\/ordenesmilitaresyreligiosidad\/wp-content\/uploads\/sites\/63\/2024\/05\/Captura-de-pantalla-2024-05-22-174132-768x596.png 768w, https:\/\/blog.uclm.es\/ordenesmilitaresyreligiosidad\/wp-content\/uploads\/sites\/63\/2024\/05\/Captura-de-pantalla-2024-05-22-174132.png 1020w\" sizes=\"auto, (max-width: 300px) 100vw, 300px\" \/><\/a><\/div><a class=\"wp-block-latest-posts__post-title\" href=\"https:\/\/blog.uclm.es\/ordenesmilitaresyreligiosidad\/2024\/05\/22\/celebracion-del-850-aniversario-de-la-donacion-de-ucles-a-la-orden-de-santiago-exposicion-del-tumbo-menor-de-castilla-ucles-14-a-16-de-junio\/\">Celebraci\u00f3n del 850 aniversario de la donaci\u00f3n de Ucl\u00e9s a la Orden de Santiago: Exposici\u00f3n del Tumbo Menor de Castilla (Ucl\u00e9s, 14 a 16 de junio)<\/a><time datetime=\"2024-05-22T15:44:23+00:00\" class=\"wp-block-latest-posts__post-date\">22 de mayo de 2024<\/time><\/li>\n<li><div class=\"wp-block-latest-posts__featured-image\"><a href=\"https:\/\/blog.uclm.es\/ordenesmilitaresyreligiosidad\/2024\/02\/16\/proxima-celebracion-del-coloquio-internacional-juego-de-escalas-de-lo-regional-a-lo-global-en-las-sociedades-medievales-homenaje-a-francisco-ruiz-gomez\/\" aria-label=\"Pr\u00f3xima celebraci\u00f3n del Coloquio Internacional \u00abJuego de escalas: De lo regional a lo global en las sociedades medievales. Homenaje a Francisco Ruiz G\u00f3mez\"><img loading=\"lazy\" decoding=\"async\" width=\"300\" height=\"212\" src=\"https:\/\/blog.uclm.es\/ordenesmilitaresyreligiosidad\/wp-content\/uploads\/sites\/63\/2024\/02\/Cartel_coloquio_final-300x212.jpg\" class=\"attachment-medium size-medium wp-post-image\" alt=\"\" style=\"\" srcset=\"https:\/\/blog.uclm.es\/ordenesmilitaresyreligiosidad\/wp-content\/uploads\/sites\/63\/2024\/02\/Cartel_coloquio_final-300x212.jpg 300w, https:\/\/blog.uclm.es\/ordenesmilitaresyreligiosidad\/wp-content\/uploads\/sites\/63\/2024\/02\/Cartel_coloquio_final-1024x724.jpg 1024w, https:\/\/blog.uclm.es\/ordenesmilitaresyreligiosidad\/wp-content\/uploads\/sites\/63\/2024\/02\/Cartel_coloquio_final-768x543.jpg 768w, https:\/\/blog.uclm.es\/ordenesmilitaresyreligiosidad\/wp-content\/uploads\/sites\/63\/2024\/02\/Cartel_coloquio_final-1536x1086.jpg 1536w, https:\/\/blog.uclm.es\/ordenesmilitaresyreligiosidad\/wp-content\/uploads\/sites\/63\/2024\/02\/Cartel_coloquio_final-2048x1448.jpg 2048w\" sizes=\"auto, (max-width: 300px) 100vw, 300px\" \/><\/a><\/div><a class=\"wp-block-latest-posts__post-title\" href=\"https:\/\/blog.uclm.es\/ordenesmilitaresyreligiosidad\/2024\/02\/16\/proxima-celebracion-del-coloquio-internacional-juego-de-escalas-de-lo-regional-a-lo-global-en-las-sociedades-medievales-homenaje-a-francisco-ruiz-gomez\/\">Pr\u00f3xima celebraci\u00f3n del Coloquio Internacional \u00abJuego de escalas: De lo regional a lo global en las sociedades medievales. Homenaje a Francisco Ruiz G\u00f3mez<\/a><time datetime=\"2024-02-16T10:39:27+00:00\" class=\"wp-block-latest-posts__post-date\">16 de febrero de 2024<\/time><\/li>\n<li><div class=\"wp-block-latest-posts__featured-image\"><a href=\"https:\/\/blog.uclm.es\/ordenesmilitaresyreligiosidad\/2022\/11\/08\/celebrado-el-coloquio-internacional-la-dimension-religiosa-y-el-patrimonio-cultural-de-las-ordenes-militares-un-mundo-global-en-el-medievo-de-occidente-a-tierra-santa\/\" aria-label=\"Celebrado el Coloquio Internacional: &lt;em&gt;La dimensi\u00f3n religiosa y el patrimonio cultural de las \u00f3rdenes militares. Un mundo global en el Medievo, de Occidente a Tierra Santa&lt;\/em&gt;\"><img loading=\"lazy\" decoding=\"async\" width=\"300\" height=\"225\" src=\"https:\/\/blog.uclm.es\/ordenesmilitaresyreligiosidad\/wp-content\/uploads\/sites\/63\/2022\/11\/1667910669570-300x225.jpg\" class=\"attachment-medium size-medium wp-post-image\" alt=\"\" style=\"\" srcset=\"https:\/\/blog.uclm.es\/ordenesmilitaresyreligiosidad\/wp-content\/uploads\/sites\/63\/2022\/11\/1667910669570-300x225.jpg 300w, https:\/\/blog.uclm.es\/ordenesmilitaresyreligiosidad\/wp-content\/uploads\/sites\/63\/2022\/11\/1667910669570-1024x768.jpg 1024w, https:\/\/blog.uclm.es\/ordenesmilitaresyreligiosidad\/wp-content\/uploads\/sites\/63\/2022\/11\/1667910669570-768x576.jpg 768w, https:\/\/blog.uclm.es\/ordenesmilitaresyreligiosidad\/wp-content\/uploads\/sites\/63\/2022\/11\/1667910669570-1536x1152.jpg 1536w, https:\/\/blog.uclm.es\/ordenesmilitaresyreligiosidad\/wp-content\/uploads\/sites\/63\/2022\/11\/1667910669570-2048x1536.jpg 2048w\" sizes=\"auto, (max-width: 300px) 100vw, 300px\" \/><\/a><\/div><a class=\"wp-block-latest-posts__post-title\" href=\"https:\/\/blog.uclm.es\/ordenesmilitaresyreligiosidad\/2022\/11\/08\/celebrado-el-coloquio-internacional-la-dimension-religiosa-y-el-patrimonio-cultural-de-las-ordenes-militares-un-mundo-global-en-el-medievo-de-occidente-a-tierra-santa\/\">Celebrado el Coloquio Internacional: <em>La dimensi\u00f3n religiosa y el patrimonio cultural de las \u00f3rdenes militares. Un mundo global en el Medievo, de Occidente a Tierra Santa<\/em><\/a><time datetime=\"2022-11-08T13:17:13+00:00\" class=\"wp-block-latest-posts__post-date\">8 de noviembre de 2022<\/time><\/li>\n<li><div class=\"wp-block-latest-posts__featured-image\"><a href=\"https:\/\/blog.uclm.es\/ordenesmilitaresyreligiosidad\/2022\/10\/13\/proxima-celebracion-del-coloquio-internacional-la-dimension-religiosa-y-el-patrimonio-cultural-de-las-ordenes-militares-un-mundo-global-en-el-medievo-de-occidente-a-tierra-santa\/\" aria-label=\"Pr\u00f3xima celebraci\u00f3n del Coloquio Internacional: La dimensi\u00f3n religiosa y el patrimonio cultural de las \u00d3rdenes Militares: Un mundo global en el Medievo, de Occidente a Tierra Santa\"><img loading=\"lazy\" decoding=\"async\" width=\"212\" height=\"300\" src=\"https:\/\/blog.uclm.es\/ordenesmilitaresyreligiosidad\/wp-content\/uploads\/sites\/63\/2022\/10\/Cartel-Coloquio-OOMM-2022-final-212x300.jpg\" class=\"attachment-medium size-medium wp-post-image\" alt=\"\" style=\"\" srcset=\"https:\/\/blog.uclm.es\/ordenesmilitaresyreligiosidad\/wp-content\/uploads\/sites\/63\/2022\/10\/Cartel-Coloquio-OOMM-2022-final-212x300.jpg 212w, https:\/\/blog.uclm.es\/ordenesmilitaresyreligiosidad\/wp-content\/uploads\/sites\/63\/2022\/10\/Cartel-Coloquio-OOMM-2022-final-724x1024.jpg 724w, https:\/\/blog.uclm.es\/ordenesmilitaresyreligiosidad\/wp-content\/uploads\/sites\/63\/2022\/10\/Cartel-Coloquio-OOMM-2022-final-768x1086.jpg 768w, https:\/\/blog.uclm.es\/ordenesmilitaresyreligiosidad\/wp-content\/uploads\/sites\/63\/2022\/10\/Cartel-Coloquio-OOMM-2022-final-1086x1536.jpg 1086w, https:\/\/blog.uclm.es\/ordenesmilitaresyreligiosidad\/wp-content\/uploads\/sites\/63\/2022\/10\/Cartel-Coloquio-OOMM-2022-final-1448x2048.jpg 1448w, https:\/\/blog.uclm.es\/ordenesmilitaresyreligiosidad\/wp-content\/uploads\/sites\/63\/2022\/10\/Cartel-Coloquio-OOMM-2022-final-scaled.jpg 1810w\" sizes=\"auto, (max-width: 212px) 100vw, 212px\" \/><\/a><\/div><a class=\"wp-block-latest-posts__post-title\" href=\"https:\/\/blog.uclm.es\/ordenesmilitaresyreligiosidad\/2022\/10\/13\/proxima-celebracion-del-coloquio-internacional-la-dimension-religiosa-y-el-patrimonio-cultural-de-las-ordenes-militares-un-mundo-global-en-el-medievo-de-occidente-a-tierra-santa\/\">Pr\u00f3xima celebraci\u00f3n del Coloquio Internacional: La dimensi\u00f3n religiosa y el patrimonio cultural de las \u00d3rdenes Militares: Un mundo global en el Medievo, de Occidente a Tierra Santa<\/a><time datetime=\"2022-10-13T16:40:51+00:00\" class=\"wp-block-latest-posts__post-date\">13 de octubre de 2022<\/time><\/li>\n<li><div class=\"wp-block-latest-posts__featured-image\"><a href=\"https:\/\/blog.uclm.es\/ordenesmilitaresyreligiosidad\/2022\/04\/01\/reunion-de-equipo-conferencia-de-la-profesora-paula-pinto-costa-y-planes-para-un-futuro-coloquio-internacional\/\" aria-label=\"Reuni\u00f3n de equipo, conferencia de la profesora Paula Pinto Costa, y planes para un futuro Coloquio Internacional\"><img loading=\"lazy\" decoding=\"async\" width=\"300\" height=\"225\" src=\"https:\/\/blog.uclm.es\/ordenesmilitaresyreligiosidad\/wp-content\/uploads\/sites\/63\/2022\/04\/e0dc73db-86cf-4518-b7f1-eac5a4064388-300x225.jpg\" class=\"attachment-medium size-medium wp-post-image\" alt=\"\" style=\"\" srcset=\"https:\/\/blog.uclm.es\/ordenesmilitaresyreligiosidad\/wp-content\/uploads\/sites\/63\/2022\/04\/e0dc73db-86cf-4518-b7f1-eac5a4064388-300x225.jpg 300w, https:\/\/blog.uclm.es\/ordenesmilitaresyreligiosidad\/wp-content\/uploads\/sites\/63\/2022\/04\/e0dc73db-86cf-4518-b7f1-eac5a4064388-768x576.jpg 768w, https:\/\/blog.uclm.es\/ordenesmilitaresyreligiosidad\/wp-content\/uploads\/sites\/63\/2022\/04\/e0dc73db-86cf-4518-b7f1-eac5a4064388.jpg 1024w\" sizes=\"auto, (max-width: 300px) 100vw, 300px\" \/><\/a><\/div><a class=\"wp-block-latest-posts__post-title\" href=\"https:\/\/blog.uclm.es\/ordenesmilitaresyreligiosidad\/2022\/04\/01\/reunion-de-equipo-conferencia-de-la-profesora-paula-pinto-costa-y-planes-para-un-futuro-coloquio-internacional\/\">Reuni\u00f3n de equipo, conferencia de la profesora Paula Pinto Costa, y planes para un futuro Coloquio Internacional<\/a><time datetime=\"2022-04-01T11:45:23+00:00\" class=\"wp-block-latest-posts__post-date\">1 de abril de 2022<\/time><\/li>\n<li><div class=\"wp-block-latest-posts__featured-image\"><a href=\"https:\/\/blog.uclm.es\/ordenesmilitaresyreligiosidad\/2022\/03\/02\/proxima-reunion-del-equipo-del-proyecto-el-24-de-marzo-en-la-facultad-de-letras-de-ciudad-real\/\" aria-label=\"Pr\u00f3xima reuni\u00f3n del equipo del proyecto el 24 de marzo en la Facultad de Letras de Ciudad Real\"><img loading=\"lazy\" decoding=\"async\" width=\"300\" height=\"169\" src=\"https:\/\/blog.uclm.es\/ordenesmilitaresyreligiosidad\/wp-content\/uploads\/sites\/63\/2022\/03\/IMG-20161201-WA0000-300x169.jpg\" class=\"attachment-medium size-medium wp-post-image\" alt=\"\" style=\"\" srcset=\"https:\/\/blog.uclm.es\/ordenesmilitaresyreligiosidad\/wp-content\/uploads\/sites\/63\/2022\/03\/IMG-20161201-WA0000-300x169.jpg 300w, https:\/\/blog.uclm.es\/ordenesmilitaresyreligiosidad\/wp-content\/uploads\/sites\/63\/2022\/03\/IMG-20161201-WA0000-1024x576.jpg 1024w, https:\/\/blog.uclm.es\/ordenesmilitaresyreligiosidad\/wp-content\/uploads\/sites\/63\/2022\/03\/IMG-20161201-WA0000-768x432.jpg 768w, https:\/\/blog.uclm.es\/ordenesmilitaresyreligiosidad\/wp-content\/uploads\/sites\/63\/2022\/03\/IMG-20161201-WA0000-1536x864.jpg 1536w, https:\/\/blog.uclm.es\/ordenesmilitaresyreligiosidad\/wp-content\/uploads\/sites\/63\/2022\/03\/IMG-20161201-WA0000.jpg 1599w\" sizes=\"auto, (max-width: 300px) 100vw, 300px\" \/><\/a><\/div><a class=\"wp-block-latest-posts__post-title\" href=\"https:\/\/blog.uclm.es\/ordenesmilitaresyreligiosidad\/2022\/03\/02\/proxima-reunion-del-equipo-del-proyecto-el-24-de-marzo-en-la-facultad-de-letras-de-ciudad-real\/\">Pr\u00f3xima reuni\u00f3n del equipo del proyecto el 24 de marzo en la Facultad de Letras de Ciudad Real<\/a><time datetime=\"2022-03-02T18:00:44+00:00\" class=\"wp-block-latest-posts__post-date\">2 de marzo de 2022<\/time><\/li>\n<\/ul>","protected":false},"excerpt":{"rendered":"","protected":false},"author":205,"featured_media":0,"parent":0,"menu_order":0,"comment_status":"closed","ping_status":"closed","template":"page-no-separators","meta":{"footnotes":""},"class_list":["post-28","page","type-page","status-publish","hentry"],"_links":{"self":[{"href":"https:\/\/blog.uclm.es\/ordenesmilitaresyreligiosidad\/wp-json\/wp\/v2\/pages\/28","targetHints":{"allow":["GET"]}}],"collection":[{"href":"https:\/\/blog.uclm.es\/ordenesmilitaresyreligiosidad\/wp-json\/wp\/v2\/pages"}],"about":[{"href":"https:\/\/blog.uclm.es\/ordenesmilitaresyreligiosidad\/wp-json\/wp\/v2\/types\/page"}],"author":[{"embeddable":true,"href":"https:\/\/blog.uclm.es\/ordenesmilitaresyreligiosidad\/wp-json\/wp\/v2\/users\/205"}],"replies":[{"embeddable":true,"href":"https:\/\/blog.uclm.es\/ordenesmilitaresyreligiosidad\/wp-json\/wp\/v2\/comments?post=28"}],"version-history":[{"count":7,"href":"https:\/\/blog.uclm.es\/ordenesmilitaresyreligiosidad\/wp-json\/wp\/v2\/pages\/28\/revisions"}],"predecessor-version":[{"id":624,"href":"https:\/\/blog.uclm.es\/ordenesmilitaresyreligiosidad\/wp-json\/wp\/v2\/pages\/28\/revisions\/624"}],"wp:attachment":[{"href":"https:\/\/blog.uclm.es\/ordenesmilitaresyreligiosidad\/wp-json\/wp\/v2\/media?parent=28"}],"curies":[{"name":"wp","href":"https:\/\/api.w.org\/{rel}","templated":true}]}}