{"id":37,"date":"2021-12-04T14:07:10","date_gmt":"2021-12-04T13:07:10","guid":{"rendered":"https:\/\/blog.uclm.es\/operamed\/?page_id=37"},"modified":"2021-12-04T14:07:10","modified_gmt":"2021-12-04T13:07:10","slug":"articulos","status":"publish","type":"page","link":"https:\/\/blog.uclm.es\/operamed\/articulos\/","title":{"rendered":"Art\u00edculos"},"content":{"rendered":"\n<p>\u2013 M. Teresa Santamar\u00eda Hern\u00e1ndez, \u201cL\u00e9xico incomprendido en la&nbsp;<em>Mulomedicina<\/em>&nbsp;<em>Chironis<\/em>:&nbsp;an\u00e1lisis de conjeturas y propuesta de enmiendas<em>\u201d<\/em>,<em>&nbsp;Commentaria Classica<\/em>, 5 (2018), n. spec, 1-25.<br \/>\u2013 M. Teresa Santamar\u00eda Hern\u00e1ndez, \u201cLa pol\u00e9mica sobre los purgantes en el&nbsp;<em>De catharticis<\/em>&nbsp;pseudogal\u00e9nico: un comentario latino sobre doctrina m\u00e9dica griega\u201d,&nbsp;<em>Medicina nei Secoli<\/em>, 29\/3 (2017), 971-998.<br \/>\u2013 M. Teresa Santamar\u00eda Hern\u00e1ndez, \u201cUna acepci\u00f3n medieval de&nbsp;<em>uermis<\/em>&nbsp;en Medicina humana y veterinaria a partir del&nbsp;<em>morbus farciminosus<\/em>&nbsp;tardoantiguo\u201d,&nbsp;<a href=\"http:\/\/www.aibl.fr\/publications\/autres-collections\/archivum-latinitatis-medii-aevi\/article\/archivum-latinitatis-medii-aevi-75?lang=fr\" target=\"_blank\" rel=\"noreferrer noopener\"><em>Archivum Latinitatis Medii Aevi<\/em>&nbsp;(<em>ALMA<\/em>), 75 (2017)<\/a>, 149-186.<br \/>\u2013 Klaus-Dietrich Fischer, \u201cMedizinische Handschriften aus Fuldas Fr\u00fchzeit\u201d., <em>Archiv f\u00fcr mittelrheinische Kirchengeschichte<\/em> 70, 2018, 387-412.<br \/>\u2013 Klaus-Dietrich Fischer, Drugs to declare. Two pharmaceutical works attributed to Galen., <em>Cuadernos de Filolog\u00eda Cl\u00e1sica. Estudios griegos e indoeuropeos<\/em> 28, 2018, 225-241.<br \/>\u2013 Klaus-Dietrich Fischer, \u2018Beifang\u2019 im lateinischen Oribasios, <em>Galenos<\/em> 12, 2018, 63-74.<br \/>&#8211; Joaqu\u00edn Pascual Barea, \u201cLa selecci\u00f3n del asno gara\u00f1\u00f3n en la Antig\u00fcedad\u201d,&nbsp;<em>Commentaria Classica<\/em>, 5 (2018), n. spec.<br \/>&#8211; Joaqu\u00edn Pascual Barea, \u201cUbicaci\u00f3n&nbsp;en el Valle de Oj\u00e9n (C\u00e1diz) del&nbsp;<em>fundus<\/em>&nbsp;<em>Ursianus<\/em>&nbsp;donde fueron ejecutados los m\u00e1rtires Servando y Germ\u00e1n\u201d, <em>Habis<\/em>, 49 (2018), 233-249.<br \/>&#8211; Joaqu\u00edn Pascual Barea, \u201cImitaci\u00f3n del poema noveno del<em>&nbsp;Corpus Priapeorum&nbsp;<\/em>en un epigrama latino de Rodrigo Morgante a Santa Helena\u201d,&nbsp;<em>Humanistica Lovaniensia<\/em>, 66 (2017), 251-269.<br \/>&#8211; Joaqu\u00edn Pascual Barea, \u201cLos \u00e9quidos en Isidoro de Sevilla (<em>Orig<\/em>. XII 1.38-61): fuentes, m\u00e9todo, contenido y estructura del pasaje\u201d,&nbsp;<em>Emerita, Revista de Ling\u00fc\u00edstica y Filolog\u00eda Cl\u00e1sica<\/em>, 85.1 (2017),&nbsp;117-140.<br \/>&#8211; Joaqu\u00edn Pascual Barea, \u201cEl cap\u00edtulo sobre Minerva del libro de Rodrigo Caro&nbsp;<em>Veterum Hispaniae deorum manes sive reliquiae<\/em>: edici\u00f3n, traducci\u00f3n y comentario\u201d,&nbsp;<em>Minerva,<\/em>&nbsp;29&nbsp;(2016), 245-267.&nbsp;<br \/>&#8211; Joaqu\u00edn Pascual Barea, \u201cCatulo 5 en el epigrama latino de Juan G\u00f3mez a Santa Helena (1555)\u201d,&nbsp;<em>Cuadernos de Filolog\u00eda Cl\u00e1sica. Estudios Latinos<\/em>, 36.2 (2016), 291-310.<br \/>&#8211; Joaqu\u00edn Pascual Barea, \u201c<em>Asinus<\/em>&nbsp;y&nbsp;<em>asellus<\/em>: los dos tipos de asno dom\u00e9stico en lat\u00edn cl\u00e1sico\u201d, <em>Pallas<\/em>, 101 (2016), 279-291.&nbsp;<br \/>&#8211; Joaqu\u00edn Pascual Barea, \u201cOrigen de la comparaci\u00f3n&nbsp;\u00abComo el gallo de Mor\u00f3n, sin pluma y cacareando\u00bb\u00bb,&nbsp;<em>Paremia<\/em>, 25 (2016), 183-196.<br \/>&#8211; Joaqu\u00edn Pascual Barea, \u201cLos veinte nombres de colores de caballos en Isidoro de Sevilla (<em>orig<\/em>. 12,1,48-55)\u201d, S<em>tudia Philologica Valentina<\/em>, 17&nbsp;(2015), 81-110.<br \/>&#8211; Joaqu\u00edn Pascual Barea, \u201cEl epigrama de Fernando Bravo a Santa Helena en la justa hispalense de junio de 1555\u201d,&nbsp;<em>Calamus Renascens<\/em>, 15 (2014), 229-242.<br \/>&#8211; Mart\u00ednez Prieto, R., \u201cEl \u00abGaleno arabizado\u00bb frente a las pr\u00e1cticas humanistas: referencias directas al m\u00e9dico pergameno en el <em>Antidotarium<\/em> (ms. 97-10, Catedral de Toledo, s. XVI?) de \u00c1lvaro de Castro\u201d, <em>Studia Philologica Valentina<\/em>, 19, 2017, pp. 43-58. ISSN: 1135-9560.<br \/>&#8211; S. FORTUNA, \u201cNiccol\u00f2 da Reggio e la traduzione del commento di Galeno al Prognostico di Ippocrate\u201d, <em>MEDICINA NEI SECOLI<\/em>, 2018, pp.&nbsp;243-274.<br \/>&#8211; S. FORTUNA,&nbsp;\u201cHippocrates\u2019 <em>Law <\/em>in the Middle Ages with the Edition of the Latin Translation and the Revision\u201d,&nbsp;<em>EARLY SCIENCE AND MEDICINE<\/em>, 23, 2018, pp. 299-329.<br \/>&#8211; S. FORTUNA, \u201cNiccol\u00f2 da Reggio e l&#8217;Articella: nuova attribuzione della traduzione del Regimen acutorum (Vat. lat. 2369)\u201d, <em>GALENOS<\/em>, 11, 2017, pp. 177-192.<br \/>&#8211; S. FORTUNA, O. MERISALO, \u201cThe First Latin Translation of Sextus Empiricus, Outlines of Phyrronism (I)\u201d, <em>SCRIPTA<\/em>, 10, 2017, pp. 57- 67.<br \/>&#8211; S. FORTUNA (ed.), \u201cControversie nella medicina antica\u201d, <em>MEDICINA NEI SECOLI<\/em>, 29, 2017.<br \/>&#8211; Irene Cal\u00e0. \u2018The Textual Interest of the Syriac Versions of Galen\u2019s Simples\u2019, <em>Manuscript Studies: A Journal of the Schoeneberg Institute for Manuscript Studies<\/em> 3.1 (2018), pp. 186-207. (with Robert hawley and 6 Jimmy Daccache).<br \/>&#8211; Irene Cal\u00e0, \u2018Transliteration versus Translation of Greek Plant Names in the Syriac Medical Writings of Sergius of Re\u0161 \u02bfAyn\u0101: On the Tables of Contents in bl Add. 14,661\u2019, <em>Aramaic Studies<\/em> 15, (2017), pp. 155\u2013 182. (with Robert Hawley).<br \/>\u2013&nbsp;Antonio Ricciardetto,&nbsp;Techniques d\u2019\u00e9levage et soins r\u00e9serv\u00e9s aux chevaux dans les archives de Z\u00e9non (IIIe si\u00e8cle av. J.-C.). <em>Commentaria Classica<\/em> 2018.<br \/><a href=\"http:\/\/hdl.handle.net\/2268\/224069\" target=\"_blank\" rel=\"noreferrer noopener\">\u2013&nbsp;Antonio Ricciardetto,&nbsp;Gourevitch, D.&nbsp;(2018).&nbsp;\u201cMoi, T\u00e9reus enceinte et battue\u201d.&nbsp;Revue du Praticien, 68(6), 690-694.<\/a><a href=\"http:\/\/hdl.handle.net\/2268\/209832\" target=\"_blank\" rel=\"noreferrer noopener\">\u2013&nbsp;Antonio Ricciardetto,&nbsp;(2017).&nbsp;\u201cLes r\u00e9f\u00e9rences \u00e0 la maladie et \u00e0 son traitement dans les archives de Z\u00e9non\u201d.&nbsp;Histoire des Sciences M\u00e9dicales, LI(2), 153-162.<\/a>&#8211; Justo Pedro Hern\u00e1ndez Gonz\u00e1lez, \u201c<a href=\"https:\/\/dialnet.unirioja.es\/servlet\/articulo?codigo=5968132\" target=\"_blank\" rel=\"noreferrer noopener\">Reflejos de un Bolet\u00edn de Pediatr\u00eda dorado<\/a>\u201d, <a href=\"https:\/\/dialnet.unirioja.es\/servlet\/revista?codigo=8174\" target=\"_blank\" rel=\"noreferrer noopener\">Canarias Pedi\u00e1trica<\/a>,&nbsp;<a href=\"https:\/\/dialnet.unirioja.es\/ejemplar\/458643\" target=\"_blank\" rel=\"noreferrer noopener\">Vol. 41, N\u00ba. 1, 2017<\/a>.<br \/>&#8211; Justo Pedro Hern\u00e1ndez Gonz\u00e1lez, \u201c<a href=\"https:\/\/dialnet.unirioja.es\/servlet\/articulo?codigo=6186301\" target=\"_blank\" rel=\"noreferrer noopener\">Luis Mercado (1532 \u2010 1611) y el paso pulmonar de la sangre<\/a>:&nbsp;Nuevas perspectivas\u201d, <a href=\"https:\/\/dialnet.unirioja.es\/servlet\/revista?codigo=945\" target=\"_blank\" rel=\"noreferrer noopener\"><em>Minerva: Revista de filolog\u00eda cl\u00e1sica<\/em><\/a>,&nbsp;ISSN&nbsp;0213-9634,&nbsp;<a href=\"https:\/\/dialnet.unirioja.es\/ejemplar\/472661\" target=\"_blank\" rel=\"noreferrer noopener\">N\u00ba 30, 2017<\/a>,&nbsp;p\u00e1gs.&nbsp;265-280.<br \/>&#8211; Justo Pedro Hern\u00e1ndez Gonz\u00e1lez, \u201cEl doctor Chanca (1450-1515 y el toque regio\u201d, <em>IACOBVS<\/em>, 35-36 (2017), 165-170.<br \/>&#8211; Justo Pedro Hern\u00e1ndez Gonz\u00e1lez, \u201cDe animal a hombre: el acta fundacional de la primera estaci\u00f3n primatol\u00f3gica del mundo (Puerto de la Cruz, Tenerife, 1912)\u201d, <em>Estudios Canarios. Anuario del IECan<\/em>, n\u00ba 61 (2017), pp 11-22.<br \/>&#8211; M\u00aa Luisa De La C\u00e1mara Garc\u00eda, \u201cDescartes: \u00bfAbstencionista o pensador pol\u00edtico?\u201d, <em>Revista Ingenium<\/em>, vol 11, 2017, pp. 57-72.<br \/>&#8211; M\u00aa Luisa De La C\u00e1mara Garc\u00eda, \u201cLa teor\u00eda de Spinoza sobre la autoridad\u201d, <em>Araucaria. Revista Iberoamericana de Filosof\u00eda Pol\u00edtica,<\/em> vol 39, 2018, pp. 227-250.<br \/>&#8211; Ignacio J. Garc\u00eda Pinilla, \u201cPaz religiosa, libertad religiosa: la apuesta por el pacifismo de Pedro Xim\u00e9nez en el <em>Dialogus de pace<\/em> (1579)\u201d, <em>Hispania Sacra<\/em> 70 (2018) 39-50.<br \/>&#8211; Ignacio J. Garc\u00eda Pinilla &#8211; Juli\u00e1n Solana Pujalte, \u00abJuan Gin\u00e9s de Sep\u00falveda frente a Le\u00f3n de Castro: una carta in\u00e9dita en defensa de su traducci\u00f3n latina de la <em>Pol\u00edtica <\/em>de Arist\u00f3teles\u00bb, <em>Cuadernos de Filolog\u00eda Cl\u00e1sica &#8211; Estudios Griegos e Indoeuropeos<\/em> 27 (2017), 163-195. [Art\u00edculo]<br \/>&#8211; Ignacio J. Garc\u00eda Pinilla, \u00abLos primeros testimonios de la influencia de Lutero en Espa\u00f1a\u00bb <em>Anales Valentinos &#8211; Escritos del Vedat<\/em> N. S. IV, 7 (2017) 85-105. [Art\u00edculo]<br \/>&#8211; Ignacio J\n. Garcia Pinilla, \u201cEscritura y reescritura del relato de la orden dominica sobre el doctor Constantino de la Fuente\u201d, <em>Cahiers d\u2019\u00e9tudes des cultures ib\u00e9riques et latino-am\u00e9ricaines\u2013 CECIL<\/em> 4 (2018). Disponible en Internet en: &lt;http:\/\/cecil-univ.eu\/c4_6\/&gt;. ISSN 2428-7245. [Art\u00edculo]<\/p>\n","protected":false},"excerpt":{"rendered":"<p>\u2013 M. Teresa Santamar\u00eda Hern\u00e1ndez, \u201cL\u00e9xico incomprendido en la&nbsp;Mulomedicina&nbsp;Chironis:&nbsp;an\u00e1lisis de conjeturas y propuesta de enmiendas\u201d,&nbsp;Commentaria Classica, 5 (2018), n. spec, 1-25.\u2013 M. Teresa Santamar\u00eda Hern\u00e1ndez, \u201cLa pol\u00e9mica sobre los purgantes en el&nbsp;De catharticis&nbsp;pseudogal\u00e9nico: un comentario latino sobre doctrina m\u00e9dica griega\u201d,&nbsp;Medicina &hellip; <a href=\"https:\/\/blog.uclm.es\/operamed\/articulos\/\">Sigue leyendo <span class=\"meta-nav\">&rarr;<\/span><\/a><\/p>\n","protected":false},"author":164,"featured_media":0,"parent":0,"menu_order":0,"comment_status":"closed","ping_status":"closed","template":"","meta":{"footnotes":""},"class_list":["post-37","page","type-page","status-publish","hentry"],"_links":{"self":[{"href":"https:\/\/blog.uclm.es\/operamed\/wp-json\/wp\/v2\/pages\/37","targetHints":{"allow":["GET"]}}],"collection":[{"href":"https:\/\/blog.uclm.es\/operamed\/wp-json\/wp\/v2\/pages"}],"about":[{"href":"https:\/\/blog.uclm.es\/operamed\/wp-json\/wp\/v2\/types\/page"}],"author":[{"embeddable":true,"href":"https:\/\/blog.uclm.es\/operamed\/wp-json\/wp\/v2\/users\/164"}],"replies":[{"embeddable":true,"href":"https:\/\/blog.uclm.es\/operamed\/wp-json\/wp\/v2\/comments?post=37"}],"version-history":[{"count":0,"href":"https:\/\/blog.uclm.es\/operamed\/wp-json\/wp\/v2\/pages\/37\/revisions"}],"wp:attachment":[{"href":"https:\/\/blog.uclm.es\/operamed\/wp-json\/wp\/v2\/media?parent=37"}],"curies":[{"name":"wp","href":"https:\/\/api.w.org\/{rel}","templated":true}]}}