{"id":3,"date":"2021-11-26T12:15:11","date_gmt":"2021-11-26T12:15:11","guid":{"rendered":"https:\/\/blog.uclm.es\/operamed\/?page_id=2"},"modified":"2021-11-26T12:15:11","modified_gmt":"2021-11-26T12:15:11","slug":"presentacion","status":"publish","type":"page","link":"https:\/\/blog.uclm.es\/operamed\/","title":{"rendered":"Presentaci\u00f3n"},"content":{"rendered":"\n<p><strong><em>Red de Excelencia<\/em>&nbsp;\u201c<em>Opera Medica<\/em>: Recuperaci\u00f3n del Patrimonio Textual Grecolatino de la Medicina Europea\u201d (FFI2016-81769-REDT), MINECO, 01\/07\/2017 \u2013 30\/06\/2019. IP: Mar\u00eda Teresa Santamar\u00eda Hern\u00e1ndez.<\/strong><\/p>\n\n\n\n<p>Esta red re\u00fane grupos investigadores sobre los textos m\u00e9dicos grecolatinos antiguos, medievales y modernos, con la actual perspectiva de la recuperaci\u00f3n del patrimonio textual.<\/p>\n\n\n\n<p><strong>Objetivos<\/strong>: 1. Reunir a los grupos e investigadores espa\u00f1oles y europeos de este campo. 2. Incluir esta l\u00ednea de investigaci\u00f3n en el \u00e1mbito de la recuperaci\u00f3n y conservaci\u00f3n del patrimonio textual, afianzando en ella el papel de los fil\u00f3logos. 3. Facilitar la colaboraci\u00f3n entre los centros y grupos de la red, y con otros grupos de investigaci\u00f3n internacionales. 4. Analizar v\u00edas de creaci\u00f3n de una red de investigaci\u00f3n internacional. 5. Determinar temas pendientes de investigaci\u00f3n, nuevas y emergentes l\u00edneas de estudio, temas de investigaci\u00f3n de frontera, y carencias y errores existentes, para fijar los retos prioritarios de la investigaci\u00f3n a nivel internacional. 6. Difundir en foros internacionales los proyectos espa\u00f1oles y los resultados de sus investigadores. 7. Proyectar la recuperaci\u00f3n del patrimonio textual de la Medicina europea hacia otras \u00e1reas cient\u00edficas. 8. Contribuir a la valoraci\u00f3n social del patrimonio textual de la Medicina europea como bien cultural com\u00fan y elemento de identidad. 9. Apoyar con las TIC la difusi\u00f3n de los resultados de la red.<\/p>\n\n\n\n<p><strong>Relevancia<\/strong>: La red contribuir\u00e1 a interpretar la cultura e identidad europeas con procedimientos filol\u00f3gicos.<\/p>\n","protected":false},"excerpt":{"rendered":"<p>Red de Excelencia&nbsp;\u201cOpera Medica: Recuperaci\u00f3n del Patrimonio Textual Grecolatino de la Medicina Europea\u201d (FFI2016-81769-REDT), MINECO, 01\/07\/2017 \u2013 30\/06\/2019. IP: Mar\u00eda Teresa Santamar\u00eda Hern\u00e1ndez. Esta red re\u00fane grupos investigadores sobre los textos m\u00e9dicos grecolatinos antiguos, medievales y modernos, con la actual &hellip; <a href=\"https:\/\/blog.uclm.es\/operamed\/\">Sigue leyendo <span class=\"meta-nav\">&rarr;<\/span><\/a><\/p>\n","protected":false},"author":31,"featured_media":0,"parent":0,"menu_order":0,"comment_status":"closed","ping_status":"open","template":"","meta":{"footnotes":""},"class_list":["post-3","page","type-page","status-publish","hentry"],"_links":{"self":[{"href":"https:\/\/blog.uclm.es\/operamed\/wp-json\/wp\/v2\/pages\/3","targetHints":{"allow":["GET"]}}],"collection":[{"href":"https:\/\/blog.uclm.es\/operamed\/wp-json\/wp\/v2\/pages"}],"about":[{"href":"https:\/\/blog.uclm.es\/operamed\/wp-json\/wp\/v2\/types\/page"}],"author":[{"embeddable":true,"href":"https:\/\/blog.uclm.es\/operamed\/wp-json\/wp\/v2\/users\/31"}],"replies":[{"embeddable":true,"href":"https:\/\/blog.uclm.es\/operamed\/wp-json\/wp\/v2\/comments?post=3"}],"version-history":[{"count":0,"href":"https:\/\/blog.uclm.es\/operamed\/wp-json\/wp\/v2\/pages\/3\/revisions"}],"wp:attachment":[{"href":"https:\/\/blog.uclm.es\/operamed\/wp-json\/wp\/v2\/media?parent=3"}],"curies":[{"name":"wp","href":"https:\/\/api.w.org\/{rel}","templated":true}]}}