{"id":27,"date":"2016-04-21T18:30:35","date_gmt":"2016-04-21T17:30:35","guid":{"rendered":"http:\/\/blog.uclm.es\/miguelredondo\/?page_id=27"},"modified":"2016-04-21T18:30:35","modified_gmt":"2016-04-21T17:30:35","slug":"publicaciones-docentes","status":"publish","type":"page","link":"https:\/\/blog.uclm.es\/miguelredondo\/publicaciones-docentes\/","title":{"rendered":"Publicaciones docentes"},"content":{"rendered":"<h3>Publicaciones relevantes en el \u00e1mbito&nbsp;de la docencia<\/h3>\n<table border=\"0\">\n<tbody>\n<tr>\n<td align=\"center\" bgcolor=\"#E0FFFF\" width=\"60 pixels\"><strong>Tramo 4<\/strong><\/td>\n<td bgcolor=\"#E0FFFF\">\n<ul>\n<li>\n\tLacave, C., Molina, A. I., Fern\u00e1ndez, M., &amp; <b>Redondo, M. A.<\/b> (2015). <i>An\u00e1lis de la validez y fiabilidad de un cuestionario docente.<\/i> Paper presented at the XXI Jornadas de Ense\u00f1anza Universitaria de la Inform\u00e1tica JENUI 2015, Andorra la Vella (Andorra).<\/li>\n<li>\n    Molina, A. I., Lacave, C., <b>Redondo, M. A.<\/b>, Ortega, M., &amp; Navarro, C. X. (2013). An experience for assessing the application of EHEA methods in a Computer Science HCI subject. <i>International Magazine on Advances in Computer Science and Telecommunications<\/i>, 4(2), 53-60.<\/li>\n<li>\n\tNavarro, \u00d3., Molina, A. I., Lacruz, M., &amp; <b>Redondo, M. A.<\/b> (2012). <i>Utilizaci\u00f3n de t\u00e9cnicas de seguimiento ocular (Eye Tracking) en alumnos con problemas de aprendizaje.<\/i> Paper presented at the Congreso Nacional de Dificultades Espec\u00edficas de Aprendizaje y VII Congreso Nacional de Tecnolog\u00eda Educativa y Atenci\u00f3n a la Diversidad, Cartagena.<\/li>\n<li>\n    Moya, F., Gonz\u00e1lez, C., Villa, D., P\u00e9rez, S., <b>Redondo, M. A.<\/b>, Mora, C., . . . Garc\u00eda, M. (2012). <i>Desarrollo de Videojuegos. T\u00e9cnicas Avanzadas (Vol. 3)<\/i>: Bubok (Edici\u00f3n f\u00edsica) y LibroVirtual.org (Edici\u00f3n electr\u00f3nica).<\/li>\n<li>\n\tMolina, A. I., Lacave, C., <b>Redondo, M. A.<\/b>, &amp; Ortega, M. (2012). <i>Assessing EHEA methods in the HCI1 subject at the College of Computer Science at the University of Castilla-La Mancha (Spain): an experience in the Promotion to Degree Course.<\/i> Paper presented at the Federated Conference on Computer Science and Information System, Poland.<\/li>\n<li>\n\tMolina, A. I., Lacave, C., <b>Redondo, M. A.<\/b>, &amp; Ortega, M. (2012). <i>Evaluando los m\u00e9todos del EEES en la asignatura IPO-I en la Escuela Superior de Inform\u00e1tica de la UCLM: la experiencia en el Curso de Adaptaci\u00f3n al Grado.<\/i> Paper presented at the XV Jornadas de Ense\u00f1anza Universitaria de la Inform\u00e1tica JENUI 2012, Ciudad Real (Spain).<\/li>\n<li>\n\tJim\u00e9nez, L., Genero, M., &amp; <b>Redondo, M. A.<\/b> (Eds.). (2012). <i>Libro de Actas de las Jornadas de Ense\u00f1anza Universitaria de la Inform\u00e1tica (JENUI)<\/i>.<\/li>\n<li>\n\tJim\u00e9nez, L., Genero, M., &amp; <b>Redondo, M. A.<\/b> (Eds.). (2012). <i>Libro de Actas del taller  Jornadas de Ense\u00f1anza Universitaria de la Inform\u00e1tica (JENUI)<\/i>.<\/li>\n<li>\n\tCastro-Schez, J. J., Albusac, J., Vallejo, D., &amp; <b>Redondo, M. A.<\/b> (2012). <i>Enfoque de dise\u00f1o de herramientas inform\u00e1ticas educativas para metodolog\u00edas activas de aprendizaje.<\/i> Paper presented at the XV Jornadas de Ense\u00f1anza Universitaria de la Inform\u00e1tica JENUI 2012, Ciudad Real (Spain).<\/li>\n<\/ul>\n<\/td>\n<\/tr>\n<tr>\n<td align=\"center\" bgcolor=\"#EEFFFF\" width=\"60 pixels\"><strong>Tramo 3<\/strong><\/td>\n<td bgcolor=\"#EEFFFF\">\n<ul>\n<li>Castro-Schez, J. J., Albusac, J., Vallejo, D., &amp;&nbsp;<strong>Redondo, M. A.<\/strong>&nbsp;(2012).&nbsp;<em>Enfoque de dise\u00f1o de herramientas inform\u00e1ticas educativas para metodolog\u00edas activas de aprendizaje.<\/em>&nbsp;Paper presented at the XV Jornadas de Ense\u00f1anza Universitaria de la Inform\u00e1tica JENUI 2012, Ciudad Real (Spain).<\/li>\n<li>Jim\u00e9nez, L., Genero, M., &amp;&nbsp;<strong>Redondo, M. A.<\/strong>&nbsp;(Eds.). (2012).&nbsp;<em>Libro de Actas de las Jornadas de Ense\u00f1anza Universitaria de la Inform\u00e1tica (JENUI)<\/em>.<\/li>\n<li>Jim\u00e9nez, L., Genero, M., &amp;&nbsp;<strong>Redondo, M. A.<\/strong>&nbsp;(Eds.). (2012).&nbsp;<em>Libro de Actas del taller&nbsp; Jornadas de Ense\u00f1anza Universitaria de la Inform\u00e1tica (JENUI)<\/em>.<\/li>\n<li>Molina, A. I., Lacave, C.,&nbsp;<strong>Redondo, M. A.<\/strong>, &amp; Ortega, M. (2012).&nbsp;<em>Evaluando los m\u00e9todos del EEES en la asignatura IPO-I en la Escuela Superior de Inform\u00e1tica de la UCLM: la experiencia en el Curso de Adaptaci\u00f3n al Grado.<\/em>&nbsp;Paper presented at the XV Jornadas de Ense\u00f1anza Universitaria de la Inform\u00e1tica JENUI 2012, Ciudad Real (Spain).<\/li>\n<li>Moya, F., Gonz\u00e1lez, C., Villa, D., P\u00e9rez, S.,&nbsp;<strong>Redondo, M. A.<\/strong>, Mora, C., et al. (2012).&nbsp;<em>Desarrollo de Videojuegos. T\u00e9cnicas Avanzadas<\/em>&nbsp;(Vol. 3): Bubok (Edici\u00f3n f\u00edsica) y LibroVirtual.org (Edici\u00f3n electr\u00f3nica).<\/li>\n<li>Espinosa, J. L., Garc\u00eda-R\u00f3denas, R.,&nbsp;<strong>Redondo, M. A.<\/strong>, &amp; Anguno, E. (2011).&nbsp;<em>Un m\u00e9todo estad\u00edstico de estimaci\u00f3n de la carga ECTS de las ense\u00f1anzas universitarias adaptadas al Espacio Europeo de Educaci\u00f3n Superior.<\/em>&nbsp;Paper presented at the Multidisciplinary Symposium on the Design and Evaluation of Digital Content for Education SPDECE-2011, Ciudad Real (Spain).<\/li>\n<li><strong>Redondo, M. A.<\/strong>, Ortega, M., Molina, A. I., Bravo, C., &amp; S\u00e1nchez, P. P. (2008).&nbsp;<em>HCI curricula in the Faculty of Computer Science and Engineering at Castilla-La Mancha University (Spain): overview and new proposal.<\/em>&nbsp;Paper presented at the HCIED&#8217;2008, Roma (Italy).<\/li>\n<li><strong>Redondo, M. A.<\/strong>, Ortega, M., Molina, A. I., Bravo, C., &amp; S\u00e1nchez, P. P. (2008). HCI curricula in the Faculty of Computer Science and Engineering at Castilla-La Mancha University (Spain): overview and new proposal.&nbsp;<em>Magazine of Interaction Design and Architecture(s), 3 &amp; 4<\/em>, 67-72.<\/li>\n<\/ul>\n<\/td>\n<\/tr>\n<tr>\n<td align=\"center\" bgcolor=\"#E0FFFF\" width=\"60 pixels\"><strong>Tramo 2<\/strong><\/td>\n<td bgcolor=\"#E0FFFF\">\n<ul>\n<li>Bravo, C., &amp;&nbsp;<strong>Redondo, M. A.<\/strong>&nbsp;(Eds.). (2005).&nbsp;<em>Sistemas Interactivos y Colaborativos en la Web<\/em>. Cuenca: Servicio de Publicaciones de la Universidad de Castilla &#8211; La Mancha.<\/li>\n<li>Bravo, C.,&nbsp;<strong>Redondo, M. A.<\/strong>, &amp; Molina, A. I. (2005). Herramientas y T\u00e9cnicas para la Construcci\u00f3n de Sistemas Colaborativos. In C. Bravo &amp; M. A. Redondo (Eds.),&nbsp;<em>Sistemas Interactivos y Colaborativos en la Web<\/em>&nbsp;(pp. 51-70). Cuenca (Spain): Servicio de Publicaciones de la Univ. de Castilla-La Mancha.<\/li>\n<li>Mendes, A. J., Gomes, A., Esteves, M., Bravo, C., Marcelino, M. J., &amp;&nbsp;<strong>Redondo, M. A.<\/strong>&nbsp;(2005). Using simulation and collaboration in CS1 and CS2.&nbsp;<em>The SIGCSE Bulletin of ACM, 37<\/em>(3), 193-197.<\/li>\n<li>Mendes, A. J., Gomes, A., Esteves, M., Bravo, C., Marcelino, M. J., &amp;&nbsp;<strong>Redondo, M. A.<\/strong>&nbsp;(2005).&nbsp;<em>Using simulation and collaboration in CS1 and CS2.<\/em>&nbsp;Paper presented at the 10th Annual Conference on Innovation and Technology in Computer Science Education (ITiCSE 2005), Lisboa.<\/li>\n<li>Ortega, M.,&nbsp;<strong>Redondo, M. A.<\/strong>, Bravo, C., Bravo, J., &amp; Molina, A. I. (2005).&nbsp;<em>El perfil de Tecnolog\u00edas Interactivas en la UCLM.<\/em>&nbsp;Paper presented at the Jornadas de Trabajo sobre Ense\u00f1anza de CHI (CHIJOTE\u20192005). Presente y Futuro de la Docencia e Investigaci\u00f3n en Interacci\u00f3n Persona-Ordenador, Puertollano.<\/li>\n<li><strong>Redondo, M. A.<\/strong>&nbsp;(2005).&nbsp;<em>An\u00e1lisis de acciones e inter-acciones en sistemas colaborativos.<\/em>&nbsp;Paper presented at the Jornadas de Trabajo sobre Ense\u00f1anza de CHI (CHIJOTE\u20192005). Presente y Futuro de la Docencia e Investigaci\u00f3n en Interacci\u00f3n Persona-Ordenador, Puertollano.<\/li>\n<li><strong>Redondo, M. A.<\/strong>, &amp; Bravo, C. (Eds.). (2005).&nbsp;<em>Presente y Futuro de la Docencia e Investigaci\u00f3n en Interacci\u00f3n Persona-Ordenador<\/em>. Puertollano: Comit\u00e9 de Organizaci\u00f3n de las I Jornadas de Trabajo sobre Ense\u00f1anza de CHI (CHIJOTE\u20192005).<\/li>\n<li><strong>Redondo, M. A.<\/strong>, Bravo, C., &amp; Molina, A. I. (2005). Tecnolog\u00edas para el Desarrollo de Aplicaciones Web de Soporte al Trabajo en Grupo. In C. Bravo &amp; M. A. Redondo (Eds.),&nbsp;<em>Sistemas Interactivos y Colaborativos en la Web<\/em>&nbsp;(pp. 71-90). Cuenca (Spain): Servicio de Publicaciones de la Univ. de Castilla-La Mancha.<\/li>\n<li>Molina, A. I., Ortega, M.,&nbsp;<strong>Redondo, M. A.<\/strong>, &amp; Anti\u00f1olo, A. (2003).&nbsp;<em>EVALAB: Evaluaci\u00f3n de pr\u00e1cticas de laboratorio usando PDA.<\/em>&nbsp;Paper presented at the III Challenges y 5\u00ba Simposio Internacional de Inform\u00e1tica Educativa, Braga.<\/li>\n<\/ul>\n<\/td>\n<\/tr>\n<tr>\n<td align=\"center\" bgcolor=\"#EEFFFF\" width=\"60 pixels\"><strong>Tramo 1<\/strong><\/td>\n<td bgcolor=\"#EEFFFF\">\n<ul>\n<li>Bravo, C.,&nbsp;<strong>Redondo, M. A.<\/strong>, Bravo, J., &amp; Ortega, M. (2000). Aprendizaje a distancia mediante estrategias de colaboraci\u00f3n basadas en computadora. In M. Ortega &amp; J. Bravo (Eds.),&nbsp;<em>Sistemas de Interacci\u00f3n Persona-Computador<\/em>&nbsp;(pp. 337-349). Cuenta: Servicio de Publicaciones de la Universidad de Castilla &#8211; La Mancha.<\/li>\n<li>Bravo, J., Ortega, M.,&nbsp;<strong>Redondo, M. A.<\/strong>, &amp; Bravo, C. (2000). Estrategias de apoyo al aprendiz en entornos de simulaci\u00f3n a distancia. In J. Bravo &amp; M. Ortega (Eds.),&nbsp;<em>L\u00edneas de Investigaci\u00f3n en Inform\u00e1tica<\/em>&nbsp;(pp. 111-127). Cuenta: Servicio de Publicaciones de la Universidad de Castilla &#8211; La Mancha.<\/li>\n<li>Bravo, J., Ortega, M.,&nbsp;<strong>Redondo, M. A.<\/strong>, &amp; Bravo, C. (2000). Estrategias de apoyo al aprendizaje en la educaci\u00f3n a distancia. In M. Ortega &amp; J. Bravo (Eds.),&nbsp;<em>Sistemas de Interacci\u00f3n Persona-Computador<\/em>&nbsp;(pp. 303-311). Cuenta: Servicio de Publicaciones de la Universidad de Castilla &#8211; La Mancha.<\/li>\n<li>Lacruz, M., Bravo, C., &amp;&nbsp;<strong>Redondo, M. A.<\/strong>&nbsp;(2000). Educaci\u00f3n y nuevas tecnolog\u00edas ante el siglo XXI.&nbsp;<em>Primeras Noticias de Comunicaci\u00f3n y Pedagog\u00eda, 164<\/em>, 25-39.<\/li>\n<li>Ortega, M., Bravo, J., Lacruz, M., S\u00e1nchez, P. P.,&nbsp;<strong>Redondo, M. A.<\/strong>, Bravo, C., et al. (2000). Entornos Hipertexto Colaborativos. In M. Ortega &amp; J. Bravo (Eds.),&nbsp;<em>Sistemas de Interacci\u00f3n Persona-Computador<\/em>&nbsp;(pp. 285-301). Cuenta: Servicio de Publicaciones de la Universidad de Castilla &#8211; La Mancha.<\/li>\n<li>Ortega, M., Mu\u00f1oz, J. J., Bravo, C., Bravo, J., &amp;&nbsp;<strong>Redondo, M. A.<\/strong>&nbsp;(2000). Andamiaje y T\u00e9cnicas de Planificaci\u00f3n en Educaci\u00f3n a Distancia. Un caso de estudio en Estad\u00edstica. In J. Bravo &amp; M. Ortega (Eds.),&nbsp;<em>L\u00edneas de Investigaci\u00f3n en Inform\u00e1tica<\/em>&nbsp;(pp. 215-221). Cuenta: Servicio de Publicaciones de la Universidad de Castilla &#8211; La Mancha.<\/li>\n<li><strong>Redondo, M. A.<\/strong>, Bravo, C., Bravo, J., &amp; Ortega, M. (2000). Intranet: marco para la implantaci\u00f3n de entornos virtuales de ense\u00f1anza\/aprendizaje. In M. Ortega &amp; J. Bravo (Eds.),&nbsp;<em>Sistemas de Interacci\u00f3n Persona-Computador<\/em>&nbsp;(pp. 351-373). Cuenta: Servicio de Publicaciones de la Universidad de Castilla &#8211; La Mancha.<\/li>\n<li><strong>Redondo, M. A.<\/strong>, Bravo, C., &amp; Lacruz, M. (2000). Tecnolog\u00eda de red intranet: soporte para entornos educativos presenciales y a distancia.&nbsp;<em>Primeras Noticias de Comunicaci\u00f3n y Pedagog\u00eda, 167<\/em>, 48-56.<\/li>\n<li><strong>Redondo, M. A.<\/strong>, Bravo, J., Ortega, M., &amp; Bravo, C. (2000). Herramientas para Simulaci\u00f3n y Educaci\u00f3n a Distancia. In J. Bravo &amp; M. Ortega (Eds.),&nbsp;<em>L\u00edneas de Investigaci\u00f3n en Inform\u00e1tica<\/em>&nbsp;(pp. 197-214). Cuenta: Servicio de Publicaciones de la Universidad de Castilla &#8211; La Mancha.<\/li>\n<li>Bravo, C.,&nbsp;<strong>Redondo, M. A.<\/strong>, Bravo, J., &amp; Ortega, M. (1999).&nbsp;<em>Entorno colaborativo para el aprendizaje a distancia en el dise\u00f1o dom\u00f3tico mediante simulaci\u00f3n.<\/em>&nbsp;Paper presented at the EDUTEC\u201999 Nuevas Tecnolog\u00edas en la Formaci\u00f3n Flexible y a Distancia, Sevilla.<\/li>\n<li>Garz\u00e1s, J.,&nbsp;<strong>Redondo, M. A.<\/strong>, &amp; Bravo, C. (1999). Herramientas Inform\u00e1ticas de Apoyo a la Pedagog\u00eda: Resoluci\u00f3n de Ecuaciones a Distancia y Entorno Colaborativo para la Tutorizaci\u00f3n Profesor &#8211; Alumno.&nbsp;<em>Revista de Ense\u00f1anza y Tecnolog\u00eda, 13<\/em>, 41-45.<\/li>\n<li><strong>Redondo, M. A.<\/strong>, Garz\u00e1s, J., Bravo, C., Bravo, J., &amp; Ortega, M. (1999).&nbsp;<em>Colaboraci\u00f3n en entornos telem\u00e1ticos de aprendizaje a distancia: Un caso de estudio en matem\u00e1ticas.<\/em>&nbsp;Paper presented at the EDUTEC\u201999 Nuevas Tecnolog\u00edas en la Formaci\u00f3n Flexible y a Distancia, Sevilla.<\/li>\n<li>Garc\u00eda, L., Mart\u00ednez, F., &amp;&nbsp;<strong>Redondo, M. A.<\/strong>&nbsp;(1998).&nbsp;<em>Sistemas Operativos<\/em>. Ja\u00e9n: Servicio de Publicaciones e Intercambio Cient\u00edfico de la Universidad de Ja\u00e9n.<\/li>\n<li>Ortega, M., Mu\u00f1oz, J. J., Bravo, C., Bravo, J., &amp;&nbsp;<strong>Redondo, M. A.<\/strong>&nbsp;(1998).&nbsp;<em>Scaffolding and Planning Techniques in Distance Education: A case Study in Statistics.<\/em>&nbsp;Paper presented at the ONLINE EDUCA BERLIN. 4th International Conference on Technology Supported Learning, Berl\u00edn.<\/li>\n<li><strong>Redondo, M. A.<\/strong>&nbsp;(1998). Una biblioteca de clases en Java para simulaci\u00f3n y apoyo al estudio de sistemas de control.&nbsp;<em>Revista de Ense\u00f1anza y Tecnolog\u00eda, 10<\/em>, 44-52.<\/li>\n<li><strong>Redondo, M. A.<\/strong>, Bravo, C., Bravo, J., &amp; Ortega, M. (1998). Intranet: Soporte para Entornos de Aprendizaje.&nbsp;<em>Revista de Ense\u00f1anza y Tecnolog\u00eda, 11<\/em>, 47-55.<\/li>\n<\/ul>\n<\/td>\n<\/tr>\n<\/tbody>\n<\/table>\n<p>&nbsp;<\/p>\n","protected":false},"excerpt":{"rendered":"<p>Publicaciones relevantes en el \u00e1mbito&nbsp;de la docencia Tramo 4 Lacave, C., Molina, A. I., Fern\u00e1ndez, M., &amp; Redondo, M. A. (2015). An\u00e1lis de la validez y fiabilidad de un cuestionario docente. Paper presented at the XXI Jornadas de Ense\u00f1anza Universitaria de la Inform\u00e1tica JENUI 2015, Andorra la Vella (Andorra). Molina, A. I., Lacave, C., Redondo, [&hellip;]<\/p>\n","protected":false},"author":67,"featured_media":0,"parent":0,"menu_order":0,"comment_status":"closed","ping_status":"closed","template":"","meta":{"footnotes":""},"class_list":["post-27","page","type-page","status-publish","hentry"],"_links":{"self":[{"href":"https:\/\/blog.uclm.es\/miguelredondo\/wp-json\/wp\/v2\/pages\/27","targetHints":{"allow":["GET"]}}],"collection":[{"href":"https:\/\/blog.uclm.es\/miguelredondo\/wp-json\/wp\/v2\/pages"}],"about":[{"href":"https:\/\/blog.uclm.es\/miguelredondo\/wp-json\/wp\/v2\/types\/page"}],"author":[{"embeddable":true,"href":"https:\/\/blog.uclm.es\/miguelredondo\/wp-json\/wp\/v2\/users\/67"}],"replies":[{"embeddable":true,"href":"https:\/\/blog.uclm.es\/miguelredondo\/wp-json\/wp\/v2\/comments?post=27"}],"version-history":[{"count":0,"href":"https:\/\/blog.uclm.es\/miguelredondo\/wp-json\/wp\/v2\/pages\/27\/revisions"}],"wp:attachment":[{"href":"https:\/\/blog.uclm.es\/miguelredondo\/wp-json\/wp\/v2\/media?parent=27"}],"curies":[{"name":"wp","href":"https:\/\/api.w.org\/{rel}","templated":true}]}}