{"id":10,"date":"2016-04-21T17:23:22","date_gmt":"2016-04-21T16:23:22","guid":{"rendered":"http:\/\/blog.uclm.es\/miguelredondo\/?page_id=10"},"modified":"2025-06-27T07:12:22","modified_gmt":"2025-06-27T07:12:22","slug":"curriculum","status":"publish","type":"page","link":"https:\/\/blog.uclm.es\/miguelredondo\/curriculum\/","title":{"rendered":"Curr\u00edculum"},"content":{"rendered":"<h3>Titulaci\u00f3n acad\u00e9mica<\/h3>\n<ul>\n<li>Doctor en Ingenier\u00eda Inform\u00e1tica por la\u00a0<a href=\"http:\/\/www.uclm.es\/\">Universidad de Castilla &#8211; La Mancha<\/a>\u00a0(2002)<\/li>\n<li>Licenciado en Inform\u00e1tica por la\u00a0<a href=\"http:\/\/www.ugr.es\/\">Universidad de Granada<\/a>\u00a0(1997)<\/li>\n<li>Ingeniero T\u00e9cnico en Inform\u00e1tica de Sistemas por la\u00a0<a href=\"http:\/\/www.uclm.es\/\">Universidad de Castilla &#8211; La Mancha<\/a>\u00a0(1995)<\/li>\n<\/ul>\n<h3>Puesto de trabajo actual<\/h3>\n<ul>\n<li>Catedr\u00e1tico de Universidad en la\u00a0<a href=\"http:\/\/www.esi.uclm.es\/\">Escuela Superior de Inform\u00e1tica<\/a>\u00a0de la\u00a0<a href=\"http:\/\/www.uclm.es\/\">Universidad de Castilla &#8211; La Mancha<\/a><\/li>\n<li>Director de la <a href=\"http:\/\/blog.uclm.es\/telefonica\/\">C\u00e1tedra \u00ab<em>Sistemas Avanzados de Interacci\u00f3n para Educaci\u00f3n Digital e inclusiva<\/em>\u00ab<\/a> de Telef\u00f3nica M\u00f3viles Espa\u00f1a y la <a href=\"http:\/\/www.uclm.es\">Universidad de Castilla &#8211; La Macha<\/a><\/li>\n<\/ul>\n<h3>Otros puestos de trabajo anteriores<\/h3>\n<ul>\n<li>Profesor Titular de Universidad en la\u00a0<a href=\"http:\/\/www.esi.uclm.es\/\">Escuela Superior de Inform\u00e1tica<\/a>\u00a0de la\u00a0<a href=\"http:\/\/www.uclm.es\/\">Universidad de Castilla &#8211; La Mancha<\/a><\/li>\n<li>Secretario del <em><a href=\"http:\/\/www.cedv.es\">Curso de Experto en Desarrollo de Videojuegos<\/a><\/em> de la UCLM.<\/li>\n<li>Director de\u00a0la\u00a0<a href=\"http:\/\/www.esi.uclm.es\/\">Escuela Superior de Inform\u00e1tica<\/a>\u00a0de la\u00a0<a href=\"http:\/\/www.uclm.es\/\">Universidad de Castilla &#8211; La Mancha<\/a><\/li>\n<li>Subdirector T\u00e9cnico y de Relaciones Externas de la\u00a0<a href=\"http:\/\/www.esi.uclm.es\/\">Escuela Superior de Inform\u00e1tica<\/a>\u00a0de la\u00a0<a href=\"http:\/\/www.uclm.es\/\">Universidad de Castilla &#8211; La Mancha<\/a><\/li>\n<li>Subdirector\u00a0de Extensi\u00f3n Universitaria\u00a0de la\u00a0<a href=\"http:\/\/www.esi.uclm.es\/\">Escuela Superior de Inform\u00e1tica<\/a>\u00a0de la\u00a0<a href=\"http:\/\/www.uclm.es\/\">Universidad de Castilla &#8211; La Mancha<\/a><\/li>\n<li>Profesor Contratado Doctor en la\u00a0<a href=\"http:\/\/www.esi.uclm.es\/\">Escuela Superior de Inform\u00e1tica<\/a>\u00a0de la\u00a0<a href=\"http:\/\/www.uclm.es\/\">Universidad de Castilla &#8211; La Mancha<\/a><\/li>\n<li>Profesor Asociado del\u00a0<a title=\"TSI\" href=\"http:\/\/tsi.uclm.es\/\">Departamento de Inform\u00e1tica<\/a>\u00a0de la\u00a0<a title=\"UCLM\" href=\"http:\/\/www.uclm.es\/\">Universidad de Castilla &#8211; La Mancha<\/a><\/li>\n<li>Profesor Ayudante del\u00a0<a href=\"http:\/\/wwwdi.ujaen.es\/\">Departamento de Inform\u00e1tica<\/a>\u00a0de la\u00a0<a href=\"http:\/\/www.ujaen.es\/\">Universidad de Ja\u00e9n<\/a><\/li>\n<li>Becario de investigaci\u00f3n de la\u00a0<a href=\"http:\/\/www.ugr.es\/\">Universidad de Granada<\/a><\/li>\n<li>Becario de investigaci\u00f3n del Centro de Instrumentaci\u00f3n Cient\u00edfica, An\u00e1lisis y Tecnolog\u00eda (CICAT) de la\u00a0<a href=\"http:\/\/www.uclm.es\/\">Universidad de Castilla &#8211; La Mancha<\/a><\/li>\n<li>Colaboraci\u00f3n con\u00a0varias empresas y organismos (Repsol, Campsa, Enagas, Renfe, Talgo, Philips, Direcci\u00f3n General de Tr\u00e1fico, Aeropuerto de Barajas e Ingenier\u00eda y Control Remoto) en diversos proyectos<\/li>\n<\/ul>\n","protected":false},"excerpt":{"rendered":"<p>Titulaci\u00f3n acad\u00e9mica Doctor en Ingenier\u00eda Inform\u00e1tica por la\u00a0Universidad de Castilla &#8211; La Mancha\u00a0(2002) Licenciado en Inform\u00e1tica por la\u00a0Universidad de Granada\u00a0(1997) Ingeniero T\u00e9cnico en Inform\u00e1tica de Sistemas por la\u00a0Universidad de Castilla &#8211; La Mancha\u00a0(1995) Puesto de trabajo actual Catedr\u00e1tico de Universidad en la\u00a0Escuela Superior de Inform\u00e1tica\u00a0de la\u00a0Universidad de Castilla &#8211; La Mancha Director de la C\u00e1tedra [&hellip;]<\/p>\n","protected":false},"author":67,"featured_media":0,"parent":0,"menu_order":0,"comment_status":"closed","ping_status":"closed","template":"","meta":{"footnotes":""},"class_list":["post-10","page","type-page","status-publish","hentry"],"_links":{"self":[{"href":"https:\/\/blog.uclm.es\/miguelredondo\/wp-json\/wp\/v2\/pages\/10","targetHints":{"allow":["GET"]}}],"collection":[{"href":"https:\/\/blog.uclm.es\/miguelredondo\/wp-json\/wp\/v2\/pages"}],"about":[{"href":"https:\/\/blog.uclm.es\/miguelredondo\/wp-json\/wp\/v2\/types\/page"}],"author":[{"embeddable":true,"href":"https:\/\/blog.uclm.es\/miguelredondo\/wp-json\/wp\/v2\/users\/67"}],"replies":[{"embeddable":true,"href":"https:\/\/blog.uclm.es\/miguelredondo\/wp-json\/wp\/v2\/comments?post=10"}],"version-history":[{"count":1,"href":"https:\/\/blog.uclm.es\/miguelredondo\/wp-json\/wp\/v2\/pages\/10\/revisions"}],"predecessor-version":[{"id":67,"href":"https:\/\/blog.uclm.es\/miguelredondo\/wp-json\/wp\/v2\/pages\/10\/revisions\/67"}],"wp:attachment":[{"href":"https:\/\/blog.uclm.es\/miguelredondo\/wp-json\/wp\/v2\/media?parent=10"}],"curies":[{"name":"wp","href":"https:\/\/api.w.org\/{rel}","templated":true}]}}