{"id":94,"date":"2019-10-08T08:00:28","date_gmt":"2019-10-08T07:00:28","guid":{"rendered":"http:\/\/blog.uclm.es\/mediacom\/?page_id=94"},"modified":"2022-11-03T17:45:00","modified_gmt":"2022-11-03T17:45:00","slug":"publicaciones","status":"publish","type":"page","link":"https:\/\/blog.uclm.es\/mediacom\/publicaciones\/","title":{"rendered":"Publicaciones"},"content":{"rendered":"\n<p>En esta secci\u00f3n puedes consultar las publicaciones del grupo. Se agrupan en torno a tres categor\u00edas:<\/p>\n\n\n\n<ul class=\"wp-block-list\"><li><a href=\"https:\/\/blog.uclm.es\/mediacom\/articulos\/\">Art\u00edculos<\/a>.<\/li><li><a href=\"https:\/\/blog.uclm.es\/mediacom\/libros-y-capitulos\/\">Libros y cap\u00edtulos.<\/a><\/li><li><a href=\"https:\/\/blog.uclm.es\/mediacom\/participacion-en-congresos\/\">Participaci\u00f3n en congresos.<\/a><\/li><\/ul>\n","protected":false},"excerpt":{"rendered":"<p>En esta secci\u00f3n puedes consultar las publicaciones del grupo. Se agrupan en torno a tres categor\u00edas: Art\u00edculos. Libros y cap\u00edtulos. Participaci\u00f3n en congresos.<\/p>\n","protected":false},"author":299,"featured_media":0,"parent":0,"menu_order":0,"comment_status":"closed","ping_status":"closed","template":"","meta":{"footnotes":""},"class_list":["post-94","page","type-page","status-publish","hentry"],"_links":{"self":[{"href":"https:\/\/blog.uclm.es\/mediacom\/wp-json\/wp\/v2\/pages\/94","targetHints":{"allow":["GET"]}}],"collection":[{"href":"https:\/\/blog.uclm.es\/mediacom\/wp-json\/wp\/v2\/pages"}],"about":[{"href":"https:\/\/blog.uclm.es\/mediacom\/wp-json\/wp\/v2\/types\/page"}],"author":[{"embeddable":true,"href":"https:\/\/blog.uclm.es\/mediacom\/wp-json\/wp\/v2\/users\/299"}],"replies":[{"embeddable":true,"href":"https:\/\/blog.uclm.es\/mediacom\/wp-json\/wp\/v2\/comments?post=94"}],"version-history":[{"count":4,"href":"https:\/\/blog.uclm.es\/mediacom\/wp-json\/wp\/v2\/pages\/94\/revisions"}],"predecessor-version":[{"id":630,"href":"https:\/\/blog.uclm.es\/mediacom\/wp-json\/wp\/v2\/pages\/94\/revisions\/630"}],"wp:attachment":[{"href":"https:\/\/blog.uclm.es\/mediacom\/wp-json\/wp\/v2\/media?parent=94"}],"curies":[{"name":"wp","href":"https:\/\/api.w.org\/{rel}","templated":true}]}}