{"id":423,"date":"2022-04-04T19:52:21","date_gmt":"2022-04-04T18:52:21","guid":{"rendered":"https:\/\/blog.uclm.es\/mediacom\/?page_id=423"},"modified":"2022-11-03T18:31:29","modified_gmt":"2022-11-03T18:31:29","slug":"libros-y-capitulos","status":"publish","type":"page","link":"https:\/\/blog.uclm.es\/mediacom\/libros-y-capitulos\/","title":{"rendered":"Libros y cap\u00edtulos"},"content":{"rendered":"\n<div class=\"wp-block-columns is-layout-flex wp-container-core-columns-is-layout-9d6595d7 wp-block-columns-is-layout-flex\">\n<div class=\"wp-block-column is-layout-flow wp-block-column-is-layout-flow\">\n<figure class=\"wp-block-table has-small-font-size\"><table><thead><tr><th>Cap\u00edtulo de libro: Estudio de la calidad e innovaci\u00f3n en el ciberperiodismo de proximidad<\/th><\/tr><\/thead><tbody><tr><td>En Ramos, Rub\u00e9n (coord). <br><em>Periodismo de calidad en la era digital<\/em>. Colecci\u00f3n Comunicaci\u00f3n e informaci\u00f3n digital. Madrid: Egregius Ediciones.<br>Autores: L\u00f3pez-Cepeda, Ana M; Ufarte-Ruiz, Mar\u00eda Jos\u00e9; Galletero-Campos, Bel\u00e9n (2020).<\/td><\/tr><tr><td><a href=\"https:\/\/egregius.es\/catalogo\/periodismo-de-calidad-en-la-era-digital\/\" target=\"_blank\" rel=\"noreferrer noopener\">Ver cap\u00edtulo<\/a><\/td><\/tr><\/tbody><\/table><\/figure>\n<\/div>\n\n\n\n<div class=\"wp-block-column is-layout-flow wp-block-column-is-layout-flow\">\n<figure class=\"wp-block-table has-small-font-size\"><table><thead><tr><th>Cap\u00edtulo de libro: Las emisoras municipales en Castilla-La Mancha como servicio p\u00fablico de proximidad en la era digital: obst\u00e1culos y retos<\/th><\/tr><\/thead><tbody><tr><td>En Ramos, Rub\u00e9n (coord). <em>Periodismo de calidad en la era digital.<\/em> Colecci\u00f3n Comunicaci\u00f3n e informaci\u00f3n digital. Madrid: Egregius Ediciones.<br>Autores: Peralta, Lidia; Sanz-Hernando, Clara; \u00c1lvarez-Peralta, Miguel (2020).<\/td><\/tr><tr><td><a href=\"https:\/\/egregius.es\/catalogo\/periodismo-de-calidad-en-la-era-digital\/\" target=\"_blank\" rel=\"noreferrer noopener\">Ver cap\u00edtulo<\/a><\/td><\/tr><\/tbody><\/table><\/figure>\n<\/div>\n<\/div>\n\n\n\n<div class=\"wp-block-columns is-layout-flex wp-container-core-columns-is-layout-9d6595d7 wp-block-columns-is-layout-flex\">\n<div class=\"wp-block-column is-layout-flow wp-block-column-is-layout-flow\">\n<figure class=\"wp-block-table has-small-font-size\"><table><thead><tr><th>Cap\u00edtulo de libro: Analysis of the quality of the websites of regional public television networks in the European Union. Comparative study between Spain, Germany and Belgium<\/th><\/tr><\/thead><tbody><tr><td>En T\u00fa\u00f1ez L\u00f3pez, Miguel; Campos-Freire, Francisco; Rodr\u00edguez-Castro, Marta (eds.) <em>The Values of Public Service Media in the Internet Society<\/em> (pp. 111-125) Switzerland: Springer<br>Autores: L\u00f3pez-Cepeda, Ana M.; Galletero-Campos, Bel\u00e9n; Saiz-Echezarreta, Vanesa (2021).<\/td><\/tr><tr><td><a href=\"https:\/\/www.springerprofessional.de\/analysis-of-the-quality-of-the-websites-of-regional-public-telev\/18972304\" target=\"_blank\" rel=\"noreferrer noopener\">Ver cap\u00edtulo<\/a><\/td><\/tr><\/tbody><\/table><\/figure>\n<\/div>\n\n\n\n<div class=\"wp-block-column is-layout-flow wp-block-column-is-layout-flow\">\n<figure class=\"wp-block-table has-small-font-size\"><table><thead><tr><th>Libro: Ciudades sin peri\u00f3dico: auge y declive de la prensa provincial de Castilla-La Mancha<\/th><\/tr><\/thead><tbody><tr><td>Autora: Galletero-Campos, Bel\u00e9n (2021). Madrid: Fragua.<\/td><\/tr><tr><td><a href=\"https:\/\/www.fragua.es\/producto\/ciudades-sin-periodico-auge-y-declive-de-la-prensa-provincial-de-castilla-la-mancha\" target=\"_blank\" rel=\"noreferrer noopener\">Ver libro<\/a><\/td><\/tr><\/tbody><\/table><\/figure>\n<\/div>\n<\/div>\n","protected":false},"excerpt":{"rendered":"<p>Cap\u00edtulo de libro: Estudio de la calidad e innovaci\u00f3n en el ciberperiodismo de proximidad En Ramos, Rub\u00e9n (coord). Periodismo de calidad en la era digital. Colecci\u00f3n Comunicaci\u00f3n e informaci\u00f3n digital. Madrid: Egregius Ediciones.Autores: L\u00f3pez-Cepeda, Ana M; Ufarte-Ruiz, Mar\u00eda Jos\u00e9; Galletero-Campos, Bel\u00e9n (2020). Ver cap\u00edtulo Cap\u00edtulo de libro: Las emisoras municipales en Castilla-La Mancha como servicio &hellip; <\/p>\n<p class=\"link-more\"><a href=\"https:\/\/blog.uclm.es\/mediacom\/libros-y-capitulos\/\" class=\"more-link\">Continuar leyendo<span class=\"screen-reader-text\"> \u00abLibros y cap\u00edtulos\u00bb<\/span><\/a><\/p>\n","protected":false},"author":298,"featured_media":0,"parent":0,"menu_order":0,"comment_status":"closed","ping_status":"closed","template":"","meta":{"footnotes":""},"class_list":["post-423","page","type-page","status-publish","hentry"],"_links":{"self":[{"href":"https:\/\/blog.uclm.es\/mediacom\/wp-json\/wp\/v2\/pages\/423","targetHints":{"allow":["GET"]}}],"collection":[{"href":"https:\/\/blog.uclm.es\/mediacom\/wp-json\/wp\/v2\/pages"}],"about":[{"href":"https:\/\/blog.uclm.es\/mediacom\/wp-json\/wp\/v2\/types\/page"}],"author":[{"embeddable":true,"href":"https:\/\/blog.uclm.es\/mediacom\/wp-json\/wp\/v2\/users\/298"}],"replies":[{"embeddable":true,"href":"https:\/\/blog.uclm.es\/mediacom\/wp-json\/wp\/v2\/comments?post=423"}],"version-history":[{"count":4,"href":"https:\/\/blog.uclm.es\/mediacom\/wp-json\/wp\/v2\/pages\/423\/revisions"}],"predecessor-version":[{"id":651,"href":"https:\/\/blog.uclm.es\/mediacom\/wp-json\/wp\/v2\/pages\/423\/revisions\/651"}],"wp:attachment":[{"href":"https:\/\/blog.uclm.es\/mediacom\/wp-json\/wp\/v2\/media?parent=423"}],"curies":[{"name":"wp","href":"https:\/\/api.w.org\/{rel}","templated":true}]}}