{"id":421,"date":"2022-04-04T19:52:08","date_gmt":"2022-04-04T18:52:08","guid":{"rendered":"https:\/\/blog.uclm.es\/mediacom\/?page_id=421"},"modified":"2022-11-03T19:22:16","modified_gmt":"2022-11-03T19:22:16","slug":"articulos","status":"publish","type":"page","link":"https:\/\/blog.uclm.es\/mediacom\/articulos\/","title":{"rendered":"Art\u00edculos"},"content":{"rendered":"<ul class=\"wp-block-latest-posts__list has-dates wp-block-latest-posts\"><li><a class=\"wp-block-latest-posts__post-title\" href=\"https:\/\/blog.uclm.es\/mediacom\/2022\/04\/04\/towards-a-responsible-communication-strategy-in-the-eco-social-transition-sector-the-application-of-the-eti-indicator-as-a-previous-empirical-measurement-tool\/\">Estado cr\u00edtico de las emisoras municipales en Castilla-La Mancha: su gobernanza a trav\u00e9s del Indicador de Rentabilidad Social en Comunicaci\u00f3n (IRSCOM)<\/a><time datetime=\"2022-04-04T20:09:18+00:00\" class=\"wp-block-latest-posts__post-date\">4 de abril de 2022<\/time><div class=\"wp-block-latest-posts__post-excerpt\">Autores\/as Lidia Peralta, Clara Sanz-Hernando, Miguel \u00c1lvarez-Peralta Revista Estudios del Mensaje Period\u00edstico A\u00f1o En prensa<\/div><\/li>\n<li><a class=\"wp-block-latest-posts__post-title\" href=\"https:\/\/blog.uclm.es\/mediacom\/2022\/04\/04\/indicadores-de-transicion-ecosocial-desde-una-perspectiva-ecofeminista-castilla-la-mancha-como-estudio-de-caso\/\">Indicadores de Transici\u00f3n Ecosocial desde una perspectiva ecofeminista. Castilla-La Mancha como estudio de caso<\/a><time datetime=\"2022-04-04T20:10:03+00:00\" class=\"wp-block-latest-posts__post-date\">4 de abril de 2022<\/time><div class=\"wp-block-latest-posts__post-excerpt\">Resumen Introducci\u00f3n.&nbsp;Las transiciones ecosociales, es decir aquellas que plantean modelos relacionales y de consumo circulares, solidarios, ecol\u00f3gicos, equitativos, feministas y en armon\u00eda con la naturaleza, entre otros atributos, son un sector en auge.&nbsp;Objetivos.&nbsp;Este estudio propone, desde la perspectiva del ecofeminismo, medir el funcionamiento interno de 55 proyectos de transici\u00f3n eco-social en la provincia de Castilla-La &hellip; <p class=\"link-more\"><a href=\"https:\/\/blog.uclm.es\/mediacom\/2022\/04\/04\/indicadores-de-transicion-ecosocial-desde-una-perspectiva-ecofeminista-castilla-la-mancha-como-estudio-de-caso\/\" class=\"more-link\">Continuar leyendo<span class=\"screen-reader-text\"> \u00abIndicadores de Transici\u00f3n Ecosocial desde una perspectiva ecofeminista. Castilla-La Mancha como estudio de caso\u00bb<\/span><\/a><\/p><\/div><\/li>\n<li><a class=\"wp-block-latest-posts__post-title\" href=\"https:\/\/blog.uclm.es\/mediacom\/2022\/04\/04\/emisoras-municipales-clm\/\">Las Emisoras Municipales de Castilla-La Mancha: obst\u00e1culos y retos en la era digital<\/a><time datetime=\"2022-04-04T20:10:31+00:00\" class=\"wp-block-latest-posts__post-date\">4 de abril de 2022<\/time><div class=\"wp-block-latest-posts__post-excerpt\">Autores\/as Lidia Peralta, Manuel Chaparro, Lara Espinar Revista Icono 14 A\u00f1o En prensa<\/div><\/li>\n<li><a class=\"wp-block-latest-posts__post-title\" href=\"https:\/\/blog.uclm.es\/mediacom\/2022\/04\/04\/towards-a-responsible\/\">Towards a responsible communication strategy in the eco-social transition sector: the application of the ETI Indicator as a previous empirical measurement tool<\/a><time datetime=\"2022-04-04T20:10:51+00:00\" class=\"wp-block-latest-posts__post-date\">4 de abril de 2022<\/time><div class=\"wp-block-latest-posts__post-excerpt\">\u00a0 Resumen The current transitions towards fair and sustainable models of social and economic relations represents a vital process for the maintenance of the ecosystems and the ways of inhabiting them. This paper is an empirical and epistemological study whose aim is to consider how to develop a responsible communication strategy with the eco-transitions sector. &hellip; <p class=\"link-more\"><a href=\"https:\/\/blog.uclm.es\/mediacom\/2022\/04\/04\/towards-a-responsible\/\" class=\"more-link\">Continuar leyendo<span class=\"screen-reader-text\"> \u00abTowards a responsible communication strategy in the eco-social transition sector: the application of the ETI Indicator as a previous empirical measurement tool\u00bb<\/span><\/a><\/p><\/div><\/li>\n<\/ul>","protected":false},"excerpt":{"rendered":"","protected":false},"author":298,"featured_media":0,"parent":0,"menu_order":0,"comment_status":"closed","ping_status":"closed","template":"","meta":{"footnotes":""},"class_list":["post-421","page","type-page","status-publish","hentry"],"_links":{"self":[{"href":"https:\/\/blog.uclm.es\/mediacom\/wp-json\/wp\/v2\/pages\/421","targetHints":{"allow":["GET"]}}],"collection":[{"href":"https:\/\/blog.uclm.es\/mediacom\/wp-json\/wp\/v2\/pages"}],"about":[{"href":"https:\/\/blog.uclm.es\/mediacom\/wp-json\/wp\/v2\/types\/page"}],"author":[{"embeddable":true,"href":"https:\/\/blog.uclm.es\/mediacom\/wp-json\/wp\/v2\/users\/298"}],"replies":[{"embeddable":true,"href":"https:\/\/blog.uclm.es\/mediacom\/wp-json\/wp\/v2\/comments?post=421"}],"version-history":[{"count":2,"href":"https:\/\/blog.uclm.es\/mediacom\/wp-json\/wp\/v2\/pages\/421\/revisions"}],"predecessor-version":[{"id":669,"href":"https:\/\/blog.uclm.es\/mediacom\/wp-json\/wp\/v2\/pages\/421\/revisions\/669"}],"wp:attachment":[{"href":"https:\/\/blog.uclm.es\/mediacom\/wp-json\/wp\/v2\/media?parent=421"}],"curies":[{"name":"wp","href":"https:\/\/api.w.org\/{rel}","templated":true}]}}