{"id":156,"date":"2019-10-09T09:36:14","date_gmt":"2019-10-09T08:36:14","guid":{"rendered":"http:\/\/blog.uclm.es\/mediacom\/?page_id=156"},"modified":"2022-11-03T17:39:38","modified_gmt":"2022-11-03T17:39:38","slug":"maria-jose-ufarte-ruiz","status":"publish","type":"page","link":"https:\/\/blog.uclm.es\/mediacom\/maria-jose-ufarte-ruiz\/","title":{"rendered":"Mar\u00eda Jos\u00e9 Ufarte Ruiz"},"content":{"rendered":"<p><img loading=\"lazy\" decoding=\"async\" class=\"aligncenter size-full wp-image-340\" src=\"https:\/\/blog.uclm.es\/mediacom\/wp-content\/uploads\/sites\/199\/2022\/03\/MJOSE.png\" alt=\"\" width=\"300\" height=\"300\" srcset=\"https:\/\/blog.uclm.es\/mediacom\/wp-content\/uploads\/sites\/199\/2022\/03\/MJOSE.png 300w, https:\/\/blog.uclm.es\/mediacom\/wp-content\/uploads\/sites\/199\/2022\/03\/MJOSE-150x150.png 150w, https:\/\/blog.uclm.es\/mediacom\/wp-content\/uploads\/sites\/199\/2022\/03\/MJOSE-100x100.png 100w\" sizes=\"auto, (max-width: 300px) 100vw, 300px\" \/><\/p>\n<p><span style=\"font-size: x-large\"><strong>Mar\u00eda Jos\u00e9 Ufarte Ruiz<\/strong><\/span><\/p>\n<p>Licenciada en Periodismo (2005) y doctora en Periodismo (2011) por la Universidad de Sevilla. Actualmente es Profesora Titular en la Facultad de Comunicaci\u00f3n de la Universidad de Castilla-La Mancha, donde imparte docencia en el \u00e1rea de redacci\u00f3n. Ha sido investigadora visitante en la Universidad de La Frontera (Chile) y en la Universidad de La Sapienza (Roma), ha participado en diferentes proyectos de I+D+i nacionales e internacionales y cuenta con varias estancias acad\u00e9micas de investigaci\u00f3n y docencia en centros de reconocido prestigio. Entre sus l\u00edneas de investigaci\u00f3n se encuentran la evoluci\u00f3n de los g\u00e9neros period\u00edsticos, las nuevas narrativas y tecnolog\u00edas emergentes, as\u00ed como la figura del periodista y sus condiciones de trabajo, campos que han centrado algunas de sus publicaciones en revistas cient\u00edficas de impacto. En el \u00e1mbito profesional, ha trabajado como redactora en prensa escrita y agencias de comunicaci\u00f3n.<\/p>\n<p><a href=\"https:\/\/orcid.org\/0000-0002-7713-8003\">ORCiD<\/a><\/p>\n","protected":false},"excerpt":{"rendered":"<p>Mar\u00eda Jos\u00e9 Ufarte Ruiz Licenciada en Periodismo (2005) y doctora en Periodismo (2011) por la Universidad de Sevilla. Actualmente es Profesora Titular en la Facultad de Comunicaci\u00f3n de la Universidad de Castilla-La Mancha, donde imparte docencia en el \u00e1rea de redacci\u00f3n. Ha sido investigadora visitante en la Universidad de La Frontera (Chile) y en la &hellip; <\/p>\n<p class=\"link-more\"><a href=\"https:\/\/blog.uclm.es\/mediacom\/maria-jose-ufarte-ruiz\/\" class=\"more-link\">Continuar leyendo<span class=\"screen-reader-text\"> \u00abMar\u00eda Jos\u00e9 Ufarte Ruiz\u00bb<\/span><\/a><\/p>\n","protected":false},"author":299,"featured_media":0,"parent":0,"menu_order":0,"comment_status":"closed","ping_status":"closed","template":"","meta":{"footnotes":""},"class_list":["post-156","page","type-page","status-publish","hentry"],"_links":{"self":[{"href":"https:\/\/blog.uclm.es\/mediacom\/wp-json\/wp\/v2\/pages\/156","targetHints":{"allow":["GET"]}}],"collection":[{"href":"https:\/\/blog.uclm.es\/mediacom\/wp-json\/wp\/v2\/pages"}],"about":[{"href":"https:\/\/blog.uclm.es\/mediacom\/wp-json\/wp\/v2\/types\/page"}],"author":[{"embeddable":true,"href":"https:\/\/blog.uclm.es\/mediacom\/wp-json\/wp\/v2\/users\/299"}],"replies":[{"embeddable":true,"href":"https:\/\/blog.uclm.es\/mediacom\/wp-json\/wp\/v2\/comments?post=156"}],"version-history":[{"count":1,"href":"https:\/\/blog.uclm.es\/mediacom\/wp-json\/wp\/v2\/pages\/156\/revisions"}],"predecessor-version":[{"id":623,"href":"https:\/\/blog.uclm.es\/mediacom\/wp-json\/wp\/v2\/pages\/156\/revisions\/623"}],"wp:attachment":[{"href":"https:\/\/blog.uclm.es\/mediacom\/wp-json\/wp\/v2\/media?parent=156"}],"curies":[{"name":"wp","href":"https:\/\/api.w.org\/{rel}","templated":true}]}}