{"id":117,"date":"2019-10-08T09:53:32","date_gmt":"2019-10-08T08:53:32","guid":{"rendered":"http:\/\/blog.uclm.es\/mediacom\/?page_id=117"},"modified":"2022-11-03T17:32:16","modified_gmt":"2022-11-03T17:32:16","slug":"ana-maria-lopez-cepeda","status":"publish","type":"page","link":"https:\/\/blog.uclm.es\/mediacom\/ana-maria-lopez-cepeda\/","title":{"rendered":"Ana Mar\u00eda L\u00f3pez Cepeda"},"content":{"rendered":"<div class=\"wp-block-image\"><img loading=\"lazy\" decoding=\"async\" class=\"size-full wp-image-335 aligncenter\" src=\"https:\/\/blog.uclm.es\/mediacom\/wp-content\/uploads\/sites\/199\/2022\/03\/ANA-1.png\" alt=\"\" width=\"300\" height=\"300\" srcset=\"https:\/\/blog.uclm.es\/mediacom\/wp-content\/uploads\/sites\/199\/2022\/03\/ANA-1.png 300w, https:\/\/blog.uclm.es\/mediacom\/wp-content\/uploads\/sites\/199\/2022\/03\/ANA-1-150x150.png 150w, https:\/\/blog.uclm.es\/mediacom\/wp-content\/uploads\/sites\/199\/2022\/03\/ANA-1-100x100.png 100w\" sizes=\"auto, (max-width: 300px) 100vw, 300px\" \/><\/div>\n<span style=\"font-size: x-large\"><strong>Ana Mar\u00eda L\u00f3pez Cepeda<\/strong><\/span>\n\n<strong>Investigadora principal<\/strong>\n\nLicenciada en Periodismo por la Universidad de Santiago de Compostela (USC), Licenciada en Derecho por la Universidad Nacional de Educaci\u00f3n a Distancia (UNED) y Doctora en Comunicaci\u00f3n y Periodismo por la USC -Sobresaliente Cum Laudem y Premio Extraordinario de Doctorado-. Es profesora titular e investigadora en la Facultad de Comunicaci\u00f3n de la Universidad de Castilla-La Mancha (UCLM), donde imparte clases de Pol\u00edticas de Comunicaci\u00f3n y Sistema de Medios. Sus l\u00edneas de investigaci\u00f3n se centran en las Pol\u00edticas de Comunicaci\u00f3n, Estructura de Medios y, en concreto en los medios audiovisuales de servicio p\u00fablico. Dentro de este \u00e1mbito ha realizado estancias de investigaci\u00f3n en centros de importante prestigio en Portugal, Reino Unido, Italia y Francia.\n\n<a href=\"https:\/\/orcid.org\/0000-0001-8328-9142\">ORCiD<\/a>\n\n<!-- \/wp:post-content -->","protected":false},"excerpt":{"rendered":"<p>Ana Mar\u00eda L\u00f3pez Cepeda Investigadora principal Licenciada en Periodismo por la Universidad de Santiago de Compostela (USC), Licenciada en Derecho por la Universidad Nacional de Educaci\u00f3n a Distancia (UNED) y Doctora en Comunicaci\u00f3n y Periodismo por la USC -Sobresaliente Cum Laudem y Premio Extraordinario de Doctorado-. Es profesora titular e investigadora en la Facultad de &hellip; <\/p>\n<p class=\"link-more\"><a href=\"https:\/\/blog.uclm.es\/mediacom\/ana-maria-lopez-cepeda\/\" class=\"more-link\">Continuar leyendo<span class=\"screen-reader-text\"> \u00abAna Mar\u00eda L\u00f3pez Cepeda\u00bb<\/span><\/a><\/p>\n","protected":false},"author":299,"featured_media":0,"parent":0,"menu_order":0,"comment_status":"closed","ping_status":"closed","template":"","meta":{"footnotes":""},"class_list":["post-117","page","type-page","status-publish","hentry"],"_links":{"self":[{"href":"https:\/\/blog.uclm.es\/mediacom\/wp-json\/wp\/v2\/pages\/117","targetHints":{"allow":["GET"]}}],"collection":[{"href":"https:\/\/blog.uclm.es\/mediacom\/wp-json\/wp\/v2\/pages"}],"about":[{"href":"https:\/\/blog.uclm.es\/mediacom\/wp-json\/wp\/v2\/types\/page"}],"author":[{"embeddable":true,"href":"https:\/\/blog.uclm.es\/mediacom\/wp-json\/wp\/v2\/users\/299"}],"replies":[{"embeddable":true,"href":"https:\/\/blog.uclm.es\/mediacom\/wp-json\/wp\/v2\/comments?post=117"}],"version-history":[{"count":1,"href":"https:\/\/blog.uclm.es\/mediacom\/wp-json\/wp\/v2\/pages\/117\/revisions"}],"predecessor-version":[{"id":612,"href":"https:\/\/blog.uclm.es\/mediacom\/wp-json\/wp\/v2\/pages\/117\/revisions\/612"}],"wp:attachment":[{"href":"https:\/\/blog.uclm.es\/mediacom\/wp-json\/wp\/v2\/media?parent=117"}],"curies":[{"name":"wp","href":"https:\/\/api.w.org\/{rel}","templated":true}]}}