{"id":71,"date":"2017-07-19T08:53:29","date_gmt":"2017-07-19T07:53:29","guid":{"rendered":"http:\/\/blogdev.uclm.es\/marianoamo\/?page_id=71"},"modified":"2025-05-16T12:27:46","modified_gmt":"2025-05-16T11:27:46","slug":"inicio","status":"publish","type":"page","link":"https:\/\/blog.uclm.es\/marianoamo\/","title":{"rendered":"Inicio"},"content":{"rendered":"\n<div class=\"wp-block-columns is-layout-flex wp-container-core-columns-is-layout-9d6595d7 wp-block-columns-is-layout-flex\">\n<div class=\"wp-block-column is-layout-flow wp-block-column-is-layout-flow\" style=\"flex-basis:33.33%\">\n<figure class=\"wp-block-image size-large\"><img loading=\"lazy\" decoding=\"async\" width=\"897\" height=\"1024\" src=\"https:\/\/blog.uclm.es\/marianoamo\/wp-content\/uploads\/sites\/101\/2022\/01\/foto-897x1024.jpg\" alt=\"\" class=\"wp-image-513\" srcset=\"https:\/\/blog.uclm.es\/marianoamo\/wp-content\/uploads\/sites\/101\/2022\/01\/foto-897x1024.jpg 897w, https:\/\/blog.uclm.es\/marianoamo\/wp-content\/uploads\/sites\/101\/2022\/01\/foto-263x300.jpg 263w, https:\/\/blog.uclm.es\/marianoamo\/wp-content\/uploads\/sites\/101\/2022\/01\/foto-768x877.jpg 768w, https:\/\/blog.uclm.es\/marianoamo\/wp-content\/uploads\/sites\/101\/2022\/01\/foto-1345x1536.jpg 1345w, https:\/\/blog.uclm.es\/marianoamo\/wp-content\/uploads\/sites\/101\/2022\/01\/foto-624x713.jpg 624w, https:\/\/blog.uclm.es\/marianoamo\/wp-content\/uploads\/sites\/101\/2022\/01\/foto.jpg 1619w\" sizes=\"auto, (max-width: 897px) 100vw, 897px\" \/><\/figure>\n\n\n\n<p>Dr. Mariano Amo Salas.<br>\u00c1rea Estad\u00edstica e Investigaci\u00f3n Operativa.<br>Departamento de Matem\u00e1ticas.<br>Facultad de Medicina de Ciudad Real.<br>Camino de Moledores s\/n.<br>13071, Ciudad Real.<\/p>\n\n\n\n<p>Email: Mariano.Amo@uclm.es<\/p>\n\n\n\n<figure class=\"wp-block-image size-full\"><img loading=\"lazy\" decoding=\"async\" width=\"200\" height=\"266\" src=\"https:\/\/blog.uclm.es\/marianoamo\/wp-content\/uploads\/sites\/101\/2017\/07\/catedraldeburgosvistademq6.png\" alt=\"\" class=\"wp-image-187\" \/><\/figure>\n<\/div>\n\n\n\n<div class=\"wp-block-column is-layout-flow wp-block-column-is-layout-flow\" style=\"flex-basis:66.66%\">\n<p align=\"justify\">El Dr. Mariano Amo Salas es Licenciado en Matem\u00e1ticas y Diplomado en Estad\u00edstica por la Universidad de Salamanca y Doctor Europeo en F\u00edsica y Matem\u00e1ticas por la Universidad de Castilla-La Mancha. Ha realizado el per\u00edodo europeo de investigaci\u00f3n en el Departamento de Matem\u00e1tica Aplicada y Estad\u00edstica de la Universidad Comenius en Bratislava (Eslovaquia).<\/p>\n\n\n\n<p class=\"has-text-align-justify\"><\/p>\n\n\n\n<p align=\"justify\">Catedr\u00e1tico de Universidad, su l\u00ednea principal de investigaci\u00f3n es el Dise\u00f1o \u00d3ptimo de Experimentos, centrada en el caso de observaciones correladas, \u00e1rea en el que se basa su tesis doctoral y donde cuenta con diferentes publicaciones en revistas internacionales. Adem\u00e1s, en esta misma l\u00ednea, ha codirigido tres tesis doctorales. Cuenta tambi\u00e9n con publicaciones en diferentes disciplinas cient\u00edficas surgidas de colaboraciones centradas en el an\u00e1lisis estad\u00edstico de datos. Entre estas disciplinas se encuentran, entre otras, Medicina Nuclear, Alergolog\u00eda, Agronom\u00eda, Qu\u00edmica Ambiental o Zooarqueolog\u00eda, \u00e1reas en las que la aplicaci\u00f3n de la Bioestad\u00edstica resulta fundamental.<\/p>\n\n\n\n<p align=\"justify\">Cuenta con la participaci\u00f3n oral en un n\u00famero importante de congresos nacionales e internacionales y ha sido miembro del Comit\u00e9 Organizador de varios congresos organizados por el grupo de investigaci\u00f3n al que pertenece, Optimal Experimental Design Group (OED). Adem\u00e1s, es miembro de la Sociedad Espa\u00f1ola de Investigaci\u00f3n Operativa (SEIO) de la que ha sido vocal del Consejo Acad\u00e9mico de Estad\u00edstica, del Instituto de Matem\u00e1tica Aplicada a la Ciencia e Ingenier\u00eda (IMACI) y la Red Nacional de Bioestad\u00edstica (Biostatnet). A nivel de gesti\u00f3n ha desempe\u00f1ado la funci\u00f3n de Coordinador de Relaciones Internacionales del campus de Ciudad Real y Asesor de la materia Matem\u00e1ticas Aplicadas a las Ciencias Sociales II en las pruebas de acceso a la universidad.<\/p>\n<\/div>\n<\/div>\n","protected":false},"excerpt":{"rendered":"<p>Dr. Mariano Amo Salas.\u00c1rea Estad\u00edstica e Investigaci\u00f3n Operativa.Departamento de Matem\u00e1ticas.Facultad de Medicina de Ciudad Real.Camino de Moledores s\/n.13071, Ciudad Real. Email: Mariano.Amo@uclm.es El Dr. Mariano Amo Salas es Licenciado en Matem\u00e1ticas y Diplomado en Estad\u00edstica por la Universidad de Salamanca y Doctor Europeo en F\u00edsica y Matem\u00e1ticas por la Universidad de Castilla-La Mancha. Ha realizado [&hellip;]<\/p>\n","protected":false},"author":106,"featured_media":0,"parent":0,"menu_order":0,"comment_status":"closed","ping_status":"closed","template":"page-templates\/full-width.php","meta":{"footnotes":""},"class_list":["post-71","page","type-page","status-publish","hentry"],"_links":{"self":[{"href":"https:\/\/blog.uclm.es\/marianoamo\/wp-json\/wp\/v2\/pages\/71","targetHints":{"allow":["GET"]}}],"collection":[{"href":"https:\/\/blog.uclm.es\/marianoamo\/wp-json\/wp\/v2\/pages"}],"about":[{"href":"https:\/\/blog.uclm.es\/marianoamo\/wp-json\/wp\/v2\/types\/page"}],"author":[{"embeddable":true,"href":"https:\/\/blog.uclm.es\/marianoamo\/wp-json\/wp\/v2\/users\/106"}],"replies":[{"embeddable":true,"href":"https:\/\/blog.uclm.es\/marianoamo\/wp-json\/wp\/v2\/comments?post=71"}],"version-history":[{"count":14,"href":"https:\/\/blog.uclm.es\/marianoamo\/wp-json\/wp\/v2\/pages\/71\/revisions"}],"predecessor-version":[{"id":626,"href":"https:\/\/blog.uclm.es\/marianoamo\/wp-json\/wp\/v2\/pages\/71\/revisions\/626"}],"wp:attachment":[{"href":"https:\/\/blog.uclm.es\/marianoamo\/wp-json\/wp\/v2\/media?parent=71"}],"curies":[{"name":"wp","href":"https:\/\/api.w.org\/{rel}","templated":true}]}}