{"id":56,"date":"2016-09-09T18:21:03","date_gmt":"2016-09-09T16:21:03","guid":{"rendered":"http:\/\/blog.uclm.es\/mariacarmenmata\/?page_id=56"},"modified":"2016-09-09T18:21:03","modified_gmt":"2016-09-09T16:21:03","slug":"docencia","status":"publish","type":"page","link":"https:\/\/blog.uclm.es\/mariacarmenmata\/publicaciones\/docencia\/","title":{"rendered":"Docencia"},"content":{"rendered":"<p>La mejora de los m\u00e9todos docentes depende de todos, por ello es importante compartir las experiencias docentes con otros profesores. De este modo te mantienes despierto y a la \u00faltima.<\/p>\n<p>El Congreso Universitario de Innovaci\u00f3n Educativa en las Ense\u00f1anzas T\u00e9cnicas es uno de los congresos docentes que permiten la reuni\u00f3n de m\u00faltiples expertos en docencia en las Ense\u00f1anzas T\u00e9cnicas. Llego tres a\u00f1os participando y la experiencia ha sido genial.<\/p>\n","protected":false},"excerpt":{"rendered":"<p>La mejora de los m\u00e9todos docentes depende de todos, por ello es importante compartir las experiencias docentes con otros profesores. De este modo te mantienes despierto y a la \u00faltima. El Congreso Universitario de Innovaci\u00f3n Educativa en las Ense\u00f1anzas T\u00e9cnicas es uno de los congresos docentes que permiten la reuni\u00f3n de m\u00faltiples expertos en docencia &hellip; <a href=\"https:\/\/blog.uclm.es\/mariacarmenmata\/publicaciones\/docencia\/\" class=\"more-link\">Seguir leyendo <span class=\"screen-reader-text\">Docencia<\/span> <span class=\"meta-nav\">&rarr;<\/span><\/a><\/p>\n","protected":false},"author":176,"featured_media":0,"parent":36,"menu_order":0,"comment_status":"closed","ping_status":"closed","template":"","meta":{"footnotes":""},"class_list":["post-56","page","type-page","status-publish","hentry"],"_links":{"self":[{"href":"https:\/\/blog.uclm.es\/mariacarmenmata\/wp-json\/wp\/v2\/pages\/56","targetHints":{"allow":["GET"]}}],"collection":[{"href":"https:\/\/blog.uclm.es\/mariacarmenmata\/wp-json\/wp\/v2\/pages"}],"about":[{"href":"https:\/\/blog.uclm.es\/mariacarmenmata\/wp-json\/wp\/v2\/types\/page"}],"author":[{"embeddable":true,"href":"https:\/\/blog.uclm.es\/mariacarmenmata\/wp-json\/wp\/v2\/users\/176"}],"replies":[{"embeddable":true,"href":"https:\/\/blog.uclm.es\/mariacarmenmata\/wp-json\/wp\/v2\/comments?post=56"}],"version-history":[{"count":0,"href":"https:\/\/blog.uclm.es\/mariacarmenmata\/wp-json\/wp\/v2\/pages\/56\/revisions"}],"up":[{"embeddable":true,"href":"https:\/\/blog.uclm.es\/mariacarmenmata\/wp-json\/wp\/v2\/pages\/36"}],"wp:attachment":[{"href":"https:\/\/blog.uclm.es\/mariacarmenmata\/wp-json\/wp\/v2\/media?parent=56"}],"curies":[{"name":"wp","href":"https:\/\/api.w.org\/{rel}","templated":true}]}}