{"id":44,"date":"2016-09-05T19:56:16","date_gmt":"2016-09-05T18:56:16","guid":{"rendered":"http:\/\/blog.uclm.es\/mariacarmenmata\/?page_id=44"},"modified":"2016-09-05T19:56:16","modified_gmt":"2016-09-05T18:56:16","slug":"investigacion","status":"publish","type":"page","link":"https:\/\/blog.uclm.es\/mariacarmenmata\/publicaciones\/investigacion\/","title":{"rendered":"Investigaci\u00f3n"},"content":{"rendered":"<p><strong>L\u00edneas de Investigaci\u00f3n<\/strong><\/p>\n<p>Evaluaci\u00f3n de prestaciones y emisiones de combustibles convencionales y alternativos al Di\u00e9sel en motores y veh\u00edculos Di\u00e9sel.<\/p>\n<p>Estudio de sistemas de inyecci\u00f3n con combustibles alternativos (durabilidad, comportamiento, etc.)<\/p>\n","protected":false},"excerpt":{"rendered":"<p>L\u00edneas de Investigaci\u00f3n Evaluaci\u00f3n de prestaciones y emisiones de combustibles convencionales y alternativos al Di\u00e9sel en motores y veh\u00edculos Di\u00e9sel. Estudio de sistemas de inyecci\u00f3n con combustibles alternativos (durabilidad, comportamiento, etc.)<\/p>\n","protected":false},"author":176,"featured_media":0,"parent":36,"menu_order":1,"comment_status":"closed","ping_status":"closed","template":"","meta":{"footnotes":""},"class_list":["post-44","page","type-page","status-publish","hentry"],"_links":{"self":[{"href":"https:\/\/blog.uclm.es\/mariacarmenmata\/wp-json\/wp\/v2\/pages\/44","targetHints":{"allow":["GET"]}}],"collection":[{"href":"https:\/\/blog.uclm.es\/mariacarmenmata\/wp-json\/wp\/v2\/pages"}],"about":[{"href":"https:\/\/blog.uclm.es\/mariacarmenmata\/wp-json\/wp\/v2\/types\/page"}],"author":[{"embeddable":true,"href":"https:\/\/blog.uclm.es\/mariacarmenmata\/wp-json\/wp\/v2\/users\/176"}],"replies":[{"embeddable":true,"href":"https:\/\/blog.uclm.es\/mariacarmenmata\/wp-json\/wp\/v2\/comments?post=44"}],"version-history":[{"count":0,"href":"https:\/\/blog.uclm.es\/mariacarmenmata\/wp-json\/wp\/v2\/pages\/44\/revisions"}],"up":[{"embeddable":true,"href":"https:\/\/blog.uclm.es\/mariacarmenmata\/wp-json\/wp\/v2\/pages\/36"}],"wp:attachment":[{"href":"https:\/\/blog.uclm.es\/mariacarmenmata\/wp-json\/wp\/v2\/media?parent=44"}],"curies":[{"name":"wp","href":"https:\/\/api.w.org\/{rel}","templated":true}]}}