{"id":116,"date":"2017-01-03T23:42:11","date_gmt":"2017-01-03T22:42:11","guid":{"rendered":"http:\/\/blog.uclm.es\/mariacarmenmata\/?page_id=116"},"modified":"2017-01-03T23:42:11","modified_gmt":"2017-01-03T22:42:11","slug":"mecanica-de-fluidos","status":"publish","type":"page","link":"https:\/\/blog.uclm.es\/mariacarmenmata\/asignaturas\/mecanica-de-fluidos\/","title":{"rendered":"Mec\u00e1nica de Fluidos"},"content":{"rendered":"<h2>Informaci\u00f3n Adicional<\/h2>\n<h4>Videos<\/h4>\n<ul>\n<li>Efecto Magnus.\u00a0<span style=\"color: #800000\">https:\/\/www.youtube.com\/watch?v=QtP_bh2lMXc<\/span><\/li>\n<li>Video de la Bici con Pulsorreactor. Segunda parte.\u00a0<span style=\"color: #800000\">https:\/\/www.youtube.com\/watch?v=bKHz7wOjb9w<\/span><\/li>\n<li>Pelotas de golf.\u00a0<span style=\"color: #800000\"><a style=\"color: #800000\" href=\"https:\/\/www.youtube.com\/watch?v=GqNhlpRFF8A\">https:\/\/www.youtube.com\/watch?v=GqNhlpRFF8A<\/a><\/span><\/li>\n<\/ul>\n<h2>Ex\u00e1menes resueltos<\/h2>\n<h6><span style=\"text-decoration: underline\">Examen Final Extraordinario<\/span>. 27 de Junio de 2016. Grado de Ingenier\u00eda Mec\u00e1nica y El\u00e9ctrica.<\/h6>\n<ul>\n<li>Parte de Teor\u00eda.\u00a0<a href=\"http:\/\/blog.uclm.es\/mariacarmenmata\/resolucion-de-examen-27-junio-2016\/\">http:\/\/blog.uclm.es\/mariacarmenmata\/resolucion-de-examen-27-junio-2016\/<\/a><\/li>\n<li>Parte de Ejercicios\n<ul>\n<li>Ejercicio 1.\u00a0<span style=\"color: #800000\"><a style=\"color: #800000\" href=\"http:\/\/blog.uclm.es\/mariacarmenmata\/27-junio-2016-ejercicio1\/\">http:\/\/blog.uclm.es\/mariacarmenmata\/27-junio-2016-ejercicio1\/<\/a><\/span><\/li>\n<li>Ejercicio 2.\u00a0<a href=\"http:\/\/blog.uclm.es\/mariacarmenmata\/27-junio-2016-ejercicio-2\/\">http:\/\/blog.uclm.es\/mariacarmenmata\/27-junio-2016-ejercicio-2\/<\/a><\/li>\n<\/ul>\n<\/li>\n<\/ul>\n<p>&nbsp;<\/p>\n","protected":false},"excerpt":{"rendered":"<p>Informaci\u00f3n Adicional Videos Efecto Magnus.\u00a0https:\/\/www.youtube.com\/watch?v=QtP_bh2lMXc Video de la Bici con Pulsorreactor. Segunda parte.\u00a0https:\/\/www.youtube.com\/watch?v=bKHz7wOjb9w Pelotas de golf.\u00a0https:\/\/www.youtube.com\/watch?v=GqNhlpRFF8A Ex\u00e1menes resueltos Examen Final Extraordinario. 27 de Junio de 2016. Grado de Ingenier\u00eda Mec\u00e1nica y El\u00e9ctrica. Parte de Teor\u00eda.\u00a0http:\/\/blog.uclm.es\/mariacarmenmata\/resolucion-de-examen-27-junio-2016\/ Parte de Ejercicios Ejercicio 1.\u00a0http:\/\/blog.uclm.es\/mariacarmenmata\/27-junio-2016-ejercicio1\/ Ejercicio 2.\u00a0http:\/\/blog.uclm.es\/mariacarmenmata\/27-junio-2016-ejercicio-2\/ &nbsp;<\/p>\n","protected":false},"author":176,"featured_media":0,"parent":89,"menu_order":1,"comment_status":"closed","ping_status":"closed","template":"","meta":{"footnotes":""},"class_list":["post-116","page","type-page","status-publish","hentry"],"_links":{"self":[{"href":"https:\/\/blog.uclm.es\/mariacarmenmata\/wp-json\/wp\/v2\/pages\/116","targetHints":{"allow":["GET"]}}],"collection":[{"href":"https:\/\/blog.uclm.es\/mariacarmenmata\/wp-json\/wp\/v2\/pages"}],"about":[{"href":"https:\/\/blog.uclm.es\/mariacarmenmata\/wp-json\/wp\/v2\/types\/page"}],"author":[{"embeddable":true,"href":"https:\/\/blog.uclm.es\/mariacarmenmata\/wp-json\/wp\/v2\/users\/176"}],"replies":[{"embeddable":true,"href":"https:\/\/blog.uclm.es\/mariacarmenmata\/wp-json\/wp\/v2\/comments?post=116"}],"version-history":[{"count":0,"href":"https:\/\/blog.uclm.es\/mariacarmenmata\/wp-json\/wp\/v2\/pages\/116\/revisions"}],"up":[{"embeddable":true,"href":"https:\/\/blog.uclm.es\/mariacarmenmata\/wp-json\/wp\/v2\/pages\/89"}],"wp:attachment":[{"href":"https:\/\/blog.uclm.es\/mariacarmenmata\/wp-json\/wp\/v2\/media?parent=116"}],"curies":[{"name":"wp","href":"https:\/\/api.w.org\/{rel}","templated":true}]}}