{"id":349,"date":"2013-12-11T10:50:01","date_gmt":"2013-12-11T09:50:01","guid":{"rendered":"http:\/\/blog.uclm.es\/mariacarmencastillo\/?page_id=14"},"modified":"2013-12-11T10:50:01","modified_gmt":"2013-12-11T09:50:01","slug":"investigacion-2","status":"publish","type":"page","link":"https:\/\/blog.uclm.es\/mariacarmencastillo\/investigacion-2\/","title":{"rendered":"Investigaci\u00f3n"},"content":{"rendered":"<p><strong>Publicaciones (\u00faltimas)<\/strong><\/p>\n<ul>\n<li><strong>\u00a0<\/strong>Alises, A., Molina, R., G\u00f3mez, R., Pery , P. and Castillo, C. (2014). <em>Overtopping Hazards to port activities. Application of a new methodology to risk management (POrt Risk MAnagement Tool). <\/em>Reliability Engineering &amp; System Safety 123, pp8-20<\/li>\n<li>G\u00f3mez, R., Molina, R., Castillo, E. and Castillo, C. (2013). <em>Wave analysis using rainflow information<\/em>. IEEE Journal of Oceanic Engineering Vol. 38-1, pp 12-24<\/li>\n<li>Castillo, C., Castillo, E., Fern\u00e1ndez-Canteli, A., G\u00f3mez, R. and Molina, R. (2012). <em>Rainflow Analysis in Coastal Engineering using Switching Second Order Markov Models<\/em>. Applied Mathematical Modelling 36, pp 4286-4303<\/li>\n<li>Castillo, C., Castillo, E., Fern\u00e1ndez-Canteli, A., Molina, R. and G\u00f3mez, R. (2012). <em>Stochastic model for damage accumulation i<\/em><em>n rubble-mound breakwaters based on compatibility conditions and the central limit theorem<\/em>.\u00a0 Journal of Waterway, Port, Coastal and Ocean Engineering Vol. 138-6, pp 451-463<\/li>\n<li>Castillo, E., M\u00ednguez, R., Castillo, C. and Hadi, A. S. (2012). <em>Improving parameter estimation using constrained optimization methods<\/em>. Journal of Statistical Computation and Simulation Vol. 82-10, pp1471-1499<\/li>\n<li>Castillo, C., Fern\u00e1ndez-Canteli, A., Castillo, E. and Pinto, H. (2010). <em>Building models for crack propagation under fatigue loads: Application to macrocrack growth. <\/em>Fatigue and fracture Engineering Materials and Structures 33-10,619-632.<\/li>\n<li>Castillo, E., Castillo, C., Hadi, A. S. and Sarabia, J. M.(2009). <em>Combined regression models. <\/em>Computational Statistics 24(1), 37-66.<\/li>\n<li>Castillo, E., M\u00ednguez, R. and Castillo, C. (2008). <em>Sensitivity Analysis in Optimization and Reliability Problems. <\/em>Reliability Engineering and System Safety 93, 1788-1800.<\/li>\n<li>Castillo, M. C., M\u00ednguez, R., Castillo, E, and Losada, M. A. (2006). <em>An Optimal Engineering Design Method with Failure Rate Constraints and Sensitivity Analysis. <\/em>Application to Composite Breakwaters.\u00a0 Coastal Engineering. Vol. 53, issue 1, pp. 1-25<\/li>\n<li>M\u00ednguez, R., Castillo, E., Castillo, M. C. and Losada, M. A. (2006). Optimal Cost Design with Sensitivity Analysis using Decomposition Techniques. Application to Composite Breakwaters. Structural Safety 28, pp. 321-340.<\/li>\n<\/ul>\n<p><strong>Proyectos (\u00faltimos)<\/strong><\/p>\n<ul>\n<li>CGL2014-54246-C2-2-R: Impactos medioambientales y econ\u00f3micos del cambio clim\u00e1tico sobre las costas y puertos espa\u00f1oles: sensibilidad de riesgos portuarios asociados a cambio clim\u00e1tico. Ministerio de Ciencia e innovaci\u00f3n. Presupuesto: 72600 \u20ac. I.P.: Carmen Castillo S\u00e1nchez (UCLM). Del 01\/01\/2015 al 31\/12\/2017<\/li>\n<li>BIA2009-10483: Modelos estad\u00edsticos para el an\u00e1lisis de acumulaci\u00f3n de da\u00f1o en obras mar\u00edtimas. Ministerio de Ciencia e innovaci\u00f3n. Presupuesto: 84700 \u20ac. I.P.: Carmen Castillo S\u00e1nchez (UCLM). Del 01\/01\/2010 al 30\/06\/2013<\/li>\n<li>BIA2005-07802-C02-01: An\u00e1lisis de sensibilidad. Aplicaci\u00f3n al proyecto y a la evaluaci\u00f3n de da\u00f1o en ingenier\u00eda civil. Ministerio de Ciencia y Tecnolog\u00eda. Presupuesto: 52.241 \u20ac. I.P.: Enrique Castillo Ron (UNICAN). Del 31\/12\/2005 al 30\/12\/2008<\/li>\n<li>DPI2002-04172-C04-04: <em>El m\u00e9todo combinado probabilidades de fallo-coeficientes de seguridad con an\u00e1lisis de sensibilidad. Aplicaciones a la ingenier\u00eda civil<\/em>. Ministerio de Ciencia y Tecnolog\u00eda. Presupuesto: 39.535 \u20ac. I.P.: Enrique Castillo Ron (UNICAN) y Asunci\u00f3n Baquerizo Azofra (UGR). Del 01\/12\/2002 al 30\/11\/2005<\/li>\n<\/ul>\n<p><strong>\u00a0<\/strong><strong>Congresos internacionales (\u00faltimos)<\/strong><\/p>\n<ul>\n<li><strong>\u00a0<\/strong>Campos, A., Castillo, C. and Molina, R. (2014). <em>Analysis of the influence of the different variables involved in a damage progression probability model<\/em>. 34<sup>th<\/sup> International Conference on Coastal Engineering. Se\u00fal, 15 a 20 de junio. Presentaci\u00f3n oral<\/li>\n<li>Abanades, J., Campos, A., Castillo, C. and Molina, R. (2012). <em>Vulnerability of coastal structures with fuse elements<\/em>. 33<sup>rd<\/sup> International Conference on Coastal Engineering. Santander, 1 a 6 de julio. P\u00f3ster<\/li>\n<li>Campos, A., Molina, R., Llana, A., Alises, A., G\u00f3mez, R. and Castillo, C. (2012). <em>Overtopping characterization for the elaboration of vulnerability maps in port facilities<\/em>. 33<sup>rd<\/sup> International Conference on Coastal Engineering. Santander, 1 a 6 de julio. P\u00f3ster<\/li>\n<li>Campos, A., Castillo, C. and Molina, R. (2010). <em>Optimizing Breakwater Design considering the system of failure modes. <\/em>32<sup>nd<\/sup> International Conference on Coastal Engineering. Shanghai (China). Presentaci\u00f3n oral<\/li>\n<li>Castillo, C., Molina, R., G\u00f3mez, R. and Castillo, E. (2010). <em>A statistical model for damage accumulation in breakwaters. <\/em>32<sup>nd<\/sup> International Conference on Coastal Engineering. Shanghai (China). P\u00f3ster<\/li>\n<li>G\u00f3mez, R., Molina, R. and Castillo, C. (2010). <em>Use of multivariated parameter analysis and videoimagery techniques for the definition of 3-D maps of vulnerability.<\/em> 32<sup>nd<\/sup> International Conference on Coastal Engineering. Shanghai (China). P\u00f3ster<\/li>\n<\/ul>\n<ul>\n<li>Miembro del comit\u00e9 cient\u00edfico del congreso internacional \u201cTenth Islamic Countries Conference on Statistical Sciences\u201d. El Cairo (Egipto), 2009.<\/li>\n<li>Miembro del Comit\u00e9 organizador del International Conference on Mathematical and Statistical Modeling. Ciudad Real 2006.<\/li>\n<\/ul>\n<p><strong>\u00a0<\/strong><strong> Congresos nacionales (\u00faltimos)<\/strong><\/p>\n<ul>\n<li>Abanades, J., G\u00f3mez, R., Castillo, C. y Molina, R. (2011). <em>Revisi\u00f3n hist\u00f3rica de las variables y modelos de evoluci\u00f3n de da\u00f1o en diques en talud y su adecuaci\u00f3n al estudio del fen\u00f3meno<\/em>. XI Jornadas espa\u00f1olas de ingenier\u00eda de costas y puertos. Las Palmas. Presentaci\u00f3n oral<\/li>\n<li>Campos, A., Castillo, C. y Molina, R. (2011). <em>Estudio de los posibles mecanismos de rotura y criterios de fallo de un espald\u00f3n fusible<\/em>. XI Jornadas espa\u00f1olas de ingenier\u00eda de costas y puertos. Las Palmas. Presentaci\u00f3n oral<\/li>\n<li>Llana, A., Molina, R., G\u00f3mez, R., Castillo, C. y L\u00f3pez, J. D. (2011). <em>Aplicaci\u00f3n de las t\u00e9cnicas de video imagen y sensores \u00f3pticos en la evaluaci\u00f3n del riesgo derivado de las acciones de rebase<\/em>. XI Jornadas espa\u00f1olas de ingenier\u00eda de costas y puertos. Las Palmas. Presentaci\u00f3n oral<\/li>\n<li>Molina, R., Cabrerizo, M., G\u00f3mez, R., Hern\u00e1ndez, A. y Castillo, C. (2011). <em>An\u00e1lisis de la reflexi\u00f3n en canales de oleaje mediante la aplicaci\u00f3n de t\u00e9cnicas de video imagen<\/em>. XI Jornadas espa\u00f1olas de ingenier\u00eda de costas y puertos. Las Palmas. Presentaci\u00f3n oral<\/li>\n<li>G\u00f3mez, R., Molina, R. y Castillo, C. (2009). <em>Metodolog\u00eda para la verificaci\u00f3n de una estructura de atraque y amarre mediante la aplicaci\u00f3n de la probabilidad condicionada. <\/em>X Jornadas Espa\u00f1olas de Ingenier\u00eda de Costas y Puertos. Santander. Presentaci\u00f3n oral<\/li>\n<li>Miembro del Comit\u00e9 organizador de las VII Jornadas Espa\u00f1olas de Ingenier\u00eda de Costas y Puertos. Almer\u00eda 2003.<\/li>\n<\/ul>\n<p>&nbsp;<\/p>\n<p><strong>Edici\u00f3n <\/strong><\/p>\n<ul>\n<li>Coeditora libro de abstracts y CD Proceedings de International Conference on Mathematical and Statistical Modeling. 2006. ISBN: 84-689-8578-3 y 84-689-8577-5<\/li>\n<li>Editora de los libros y\/o CD de res\u00famenes y art\u00edculos definitivos de las VII Jornadas Espa\u00f1olas de Ingenier\u00eda de Costas y Puertos. 2003. ISBN: 84-607-8260-3<\/li>\n<li>Coeditora Ponencias de \u201cEl agua de riego a debate\u201d. Seminario internacional. 2002. ISBN: 84-688-3641-9<\/li>\n<li>Coeditora de los libros y\/o CD de res\u00famenes y art\u00edculos definitivos de las VI Jornadas Espa\u00f1olas de Ingenier\u00eda de Costas y Puertos. 2001. ISBN: 84-607-8261-1<\/li>\n<li>Asistente del editor de la revista Ingenier\u00eda del Agua 2000-2006.<\/li>\n<\/ul>\n","protected":false},"excerpt":{"rendered":"<p>Publicaciones (\u00faltimas) \u00a0Alises, A., Molina, R., G\u00f3mez, R., Pery , P. and Castillo, C. (2014). Overtopping Hazards to port activities. Application of a new methodology to risk management (POrt Risk MAnagement Tool). Reliability Engineering &amp; System Safety 123, pp8-20 G\u00f3mez, R., Molina, R., Castillo, E. and Castillo, C. (2013). Wave analysis using rainflow information. IEEE &hellip; <a href=\"https:\/\/blog.uclm.es\/mariacarmencastillo\/investigacion-2\/\" class=\"more-link\">Continuar leyendo<span class=\"screen-reader-text\"> \u00abInvestigaci\u00f3n\u00bb<\/span><\/a><\/p>\n","protected":false},"author":46,"featured_media":0,"parent":0,"menu_order":0,"comment_status":"closed","ping_status":"open","template":"","meta":{"footnotes":""},"class_list":["post-349","page","type-page","status-publish","hentry"],"_links":{"self":[{"href":"https:\/\/blog.uclm.es\/mariacarmencastillo\/wp-json\/wp\/v2\/pages\/349","targetHints":{"allow":["GET"]}}],"collection":[{"href":"https:\/\/blog.uclm.es\/mariacarmencastillo\/wp-json\/wp\/v2\/pages"}],"about":[{"href":"https:\/\/blog.uclm.es\/mariacarmencastillo\/wp-json\/wp\/v2\/types\/page"}],"author":[{"embeddable":true,"href":"https:\/\/blog.uclm.es\/mariacarmencastillo\/wp-json\/wp\/v2\/users\/46"}],"replies":[{"embeddable":true,"href":"https:\/\/blog.uclm.es\/mariacarmencastillo\/wp-json\/wp\/v2\/comments?post=349"}],"version-history":[{"count":0,"href":"https:\/\/blog.uclm.es\/mariacarmencastillo\/wp-json\/wp\/v2\/pages\/349\/revisions"}],"wp:attachment":[{"href":"https:\/\/blog.uclm.es\/mariacarmencastillo\/wp-json\/wp\/v2\/media?parent=349"}],"curies":[{"name":"wp","href":"https:\/\/api.w.org\/{rel}","templated":true}]}}