{"id":28,"date":"2013-12-11T10:54:36","date_gmt":"2013-12-11T09:54:36","guid":{"rendered":"http:\/\/blog.uclm.es\/mariacarmencastillo\/?page_id=28"},"modified":"2013-12-11T10:54:36","modified_gmt":"2013-12-11T09:54:36","slug":"tp-modelizacion-y-gestion-de-recursos-hidricos","status":"publish","type":"page","link":"https:\/\/blog.uclm.es\/mariacarmencastillo\/tp-modelizacion-y-gestion-de-recursos-hidricos\/","title":{"rendered":"TP: Modelizaci\u00f3n y gesti\u00f3n de recursos h\u00eddricos"},"content":{"rendered":"<p>1<\/p>\n","protected":false},"excerpt":{"rendered":"<p>1<\/p>\n","protected":false},"author":46,"featured_media":0,"parent":0,"menu_order":0,"comment_status":"closed","ping_status":"open","template":"","meta":{"footnotes":""},"class_list":["post-28","page","type-page","status-publish","hentry"],"_links":{"self":[{"href":"https:\/\/blog.uclm.es\/mariacarmencastillo\/wp-json\/wp\/v2\/pages\/28","targetHints":{"allow":["GET"]}}],"collection":[{"href":"https:\/\/blog.uclm.es\/mariacarmencastillo\/wp-json\/wp\/v2\/pages"}],"about":[{"href":"https:\/\/blog.uclm.es\/mariacarmencastillo\/wp-json\/wp\/v2\/types\/page"}],"author":[{"embeddable":true,"href":"https:\/\/blog.uclm.es\/mariacarmencastillo\/wp-json\/wp\/v2\/users\/46"}],"replies":[{"embeddable":true,"href":"https:\/\/blog.uclm.es\/mariacarmencastillo\/wp-json\/wp\/v2\/comments?post=28"}],"version-history":[{"count":0,"href":"https:\/\/blog.uclm.es\/mariacarmencastillo\/wp-json\/wp\/v2\/pages\/28\/revisions"}],"wp:attachment":[{"href":"https:\/\/blog.uclm.es\/mariacarmencastillo\/wp-json\/wp\/v2\/media?parent=28"}],"curies":[{"name":"wp","href":"https:\/\/api.w.org\/{rel}","templated":true}]}}