{"id":92,"date":"2021-01-19T19:23:09","date_gmt":"2021-01-19T18:23:09","guid":{"rendered":"http:\/\/blog.uclm.es\/mariablancacaminero\/?page_id=92"},"modified":"2024-09-27T09:02:38","modified_gmt":"2024-09-27T07:02:38","slug":"trabajos-fin-de-estudios-dirigidos","status":"publish","type":"page","link":"https:\/\/blog.uclm.es\/mariablancacaminero\/docencia\/trabajos-fin-de-estudios-dirigidos\/","title":{"rendered":"Trabajos Fin de Estudios Dirigidos"},"content":{"rendered":"\n<h4 class=\"wp-block-heading\"><a>Diplomas de Estudios Avanzados<\/a><\/h4>\n\n\n\n<figure class=\"wp-block-table\"><table class=\"has-fixed-layout\"><tbody><tr><td><strong>Curso<\/strong><\/td><td><strong>T\u00edtulo del Trabajo<\/strong><\/td><td><strong>Alumno\/a<\/strong><\/td><td><strong>Nota<\/strong><\/td><\/tr><tr><td>2005\/06<\/td><td>Memoria para la obtenci\u00f3n del Diploma de Estudios Avanzados, Programa \u201cArquitectura y Gesti\u00f3n de la Informaci\u00f3n y del Conocimiento en Sistemas en Red\u201d (menci\u00f3n de calidad ref. MCD2003-00768)<\/td><td>Agust\u00edn Caminero Herr\u00e1ez<\/td><td>Apto<\/td><\/tr><\/tbody><\/table><\/figure>\n\n\n\n<h4 class=\"wp-block-heading\"><a>Proyectos Fin de Carrera (Ingenier\u00eda Inform\u00e1tica)<\/a><\/h4>\n\n\n\n<figure class=\"wp-block-table\"><table class=\"has-fixed-layout\"><tbody><tr><td><strong>Curso<\/strong><\/td><td><strong>T\u00edtulo del Trabajo<\/strong><\/td><td><strong>Alumno\/a<\/strong><\/td><td><strong>Nota<\/strong><\/td><\/tr><tr><td>2000\/01<\/td><td>Estudio de algoritmos de planificaci\u00f3n basados en prioridades en el encaminador multimedia MMR<\/td><td>Jos\u00e9 Ram\u00f3n Ros Montero<\/td><td>10<\/td><\/tr><tr><td>2002\/03<\/td><td>Estudio y modelado de pol\u00edticas de planificaci\u00f3n con soporte de QoS sobre redes conmutadas<\/td><td>Sergio S\u00e1nchez L\u00f3pez<\/td><td>9<\/td><\/tr><tr><td>2003\/04<\/td><td>Estudio de la influencia del sistema de control de admisi\u00f3n de conexiones sobre las prestaciones del tr\u00e1fico multimedia en una red de altas prestaciones sin soporte de QoS<\/td><td>Agust\u00edn Caminero Herr\u00e1ez<\/td><td>M.H.<\/td><\/tr><tr><td>2003\/04<\/td><td>Estudio de la QoS obtenida por los flujos multimedia en una red con soporte de QoS en la tarjeta de interfaz de red y conmutadores convencionales<\/td><td>Jos\u00e9 Palacios Moreno<\/td><td>10<\/td><\/tr><tr><td>2005\/06<\/td><td>Implantaci\u00f3n del sistema de gesti\u00f3n de red Ciscoworks LAN Management Solution en el laboratorio de redes de la EPSA<\/td><td>Miguel \u00c1ngel Tercero Garc\u00eda<\/td><td>9<\/td><\/tr><tr><td>2005\/06<\/td><td>Dise\u00f1o VHDL de algoritmos de planificaci\u00f3n para el encaminador multimedia (MMR)<\/td><td>Luis Andr\u00e9s Puertas Gonz\u00e1lez<\/td><td>M.H.<\/td><\/tr><tr><td>2006\/07<\/td><td>Evaluaci\u00f3n de una plataforma grid mediante benchmarks espec\u00edficos<\/td><td>Luis Tomar Bol\u00edvar<\/td><td>10<\/td><\/tr><tr><td>2007\/08<\/td><td>Implantaci\u00f3n y configuraci\u00f3n de una plataforma DiffServ basada en Linux<\/td><td>Nicol\u00e1s Jim\u00e9nez Ciller<\/td><td>10<\/td><\/tr><tr><td>2007\/08<\/td><td>Implementaci\u00f3n de un sistema grid basado en Gridway en el laboratorio RAAP del I3A<\/td><td>Iv\u00e1n Fern\u00e1ndez Hern\u00e1ndez<\/td><td>9<\/td><\/tr><tr><td>2008\/09<\/td><td>An\u00e1lisis de prestaciones de una aplicaci\u00f3n grid comercial<\/td><td>Jos\u00e9 Luis Lucas Simarro<\/td><td>9<\/td><\/tr><\/tbody><\/table><\/figure>\n\n\n\n<h4 class=\"wp-block-heading\"><a>Trabajos Fin de M\u00e1ster Universitario (Tecnolog\u00edas Inform\u00e1ticas Avanzadas)<\/a><\/h4>\n\n\n\n<figure class=\"wp-block-table\"><table class=\"has-fixed-layout\"><tbody><tr><td><strong>Curso<\/strong><\/td><td><strong>T\u00edtulo del Trabajo<\/strong><\/td><td><strong>Alumno\/a<\/strong><\/td><td><strong>Nota<\/strong><\/td><\/tr><tr><td>2008\/09<\/td><td>Metaplanificaci\u00f3n por adelantado en entornos Grid<\/td><td>Luis Tom\u00e1s Bol\u00edvar<\/td><td>9,5<\/td><\/tr><tr><td>2009\/10<\/td><td>Optimizaci\u00f3n del consumo de energ\u00eda utilizando Eucalyptus en el entorno de Cloud Computing<\/td><td>Alonso Tenorio Trigoso<\/td><td>8<\/td><\/tr><tr><td>2009\/10<\/td><td>Gesti\u00f3n de M\u00e1quinas Virtuales en Entornos Cloud<\/td><td>Rafael Alberti Rivera Hern\u00e1ndez<\/td><td>8<\/td><\/tr><tr><td>2009\/10<\/td><td>Aprovisionamiento autom\u00e1tico de recursos en entornos Cloud<\/td><td>Jos\u00e9 Luis Lucas Simarro<\/td><td>9,5<\/td><\/tr><tr><td>2010\/11<\/td><td>Sistema Multiplataforma para la Integraci\u00f3n de Grid y Cloud Computing<\/td><td>Julio Ricardo Proa\u00f1o Orellana<\/td><td>8<\/td><\/tr><tr><td>2010\/11<\/td><td>QoS en entornos Grid basado en el uso de SLAs din\u00e1micos<\/td><td>Francisco Javier Conejero Ba\u00f1\u00f3n<\/td><td>10<\/td><\/tr><tr><td>2010\/11<\/td><td>Gesti\u00f3n eficiente de datos en entornos Grid<\/td><td>Glenda Angles Machicao<\/td><td>7<\/td><\/tr><\/tbody><\/table><\/figure>\n\n\n\n<h4 class=\"wp-block-heading\"><a>Trabajos Fin de M\u00e1ster Universitario (Ingenier\u00eda Inform\u00e1tica)<\/a><\/h4>\n\n\n\n<figure class=\"wp-block-table\"><table class=\"has-fixed-layout\"><tbody><tr><td><strong>Curso<\/strong><\/td><td><strong>T\u00edtulo del Trabajo<\/strong><\/td><td><strong>Alumno\/a<\/strong><\/td><td><strong>Nota<\/strong><\/td><\/tr><tr><td>2012\/13<\/td><td>Tecnoconfort: soluci\u00f3n tecnol\u00f3gica para el cuidado de personas con dependencia<\/td><td>C\u00e9sar S\u00e1nchez-Mata Caballero<\/td><td>M.H.<\/td><\/tr><tr><td>2015\/16<\/td><td>Automatizaci\u00f3n del despliegue de infraestructuras virtuales para HPC sobre Microsoft Azure<\/td><td>Juan Jos\u00e9 Garc\u00eda L\u00f3pez<\/td><td>8,3<\/td><\/tr><tr><td>2016\/17<\/td><td>An\u00e1lisis y optimizaci\u00f3n de la configuraci\u00f3n del framework de big data Spark con software de miner\u00eda de datos<\/td><td>Francisco Javier P\u00e9rez Gil<\/td><td>10<\/td><\/tr><tr><td>2017\/18<\/td><td>Estudio y evaluaci\u00f3n de Kubernetes en la plataforma cloud de IBM<\/td><td>Jeferson Stiven Arboleda G\u00f3mez<\/td><td>8,5<\/td><\/tr><tr><td>2018\/19<\/td><td>Analizador de logs para Cloudstack basado en software libre<\/td><td>Javier Ayll\u00f3n P\u00e9rez<\/td><td>7,8<\/td><\/tr><tr><td>2021\/22<\/td><td>Integraci\u00f3n de aceleradores hardware TPU en una arquitectura de computaci\u00f3n fog\/edge<\/td><td>Iv\u00e1n Larios L\u00f3pez<\/td><td>8,2<\/td><\/tr><tr><td>2021\/22<\/td><td>Crowdfunding humanitario en la blockchain<\/td><td>Juan Manuel Lanuza Belmonte<\/td><td>8<\/td><\/tr><tr><td>2022\/23<\/td><td>Dise\u00f1o e implementaci\u00f3n de un planificador en Kubernetes para entornos de computaci\u00f3n en la niebla de bajo coste<\/td><td>Alberto G\u00f3mez Gonz\u00e1lez<\/td><td>9,2<\/td><\/tr><tr><td>2023\/24<\/td><td>Despliegue de herramientas de aprendizaje federado sobre un entorno fog de bajo coste<\/td><td>V\u00edctor Hidalgo Izquierdo<\/td><td>9,8<\/td><\/tr><\/tbody><\/table><\/figure>\n\n\n\n<h4 class=\"wp-block-heading\"><a>Trabajos Fin de M\u00e1ster Universitario (Profesor de Educaci\u00f3n Secundaria Obligatoria y Bachillerato, Formaci\u00f3n Profesional y Ense\u00f1anza de Idiomas)<\/a><\/h4>\n\n\n\n<figure class=\"wp-block-table\"><table class=\"has-fixed-layout\"><tbody><tr><td><strong>Curso<\/strong><\/td><td><strong>T\u00edtulo del Trabajo<\/strong><\/td><td><strong>Alumno\/a<\/strong><\/td><td><strong>Nota<\/strong><\/td><\/tr><tr><td>2010\/11<\/td><td>Programaci\u00f3n de Tecnolog\u00edas de 3\u00ba ESO<\/td><td>C\u00e9sar Navarro P\u00e9rez-Dusac<\/td><td>7<\/td><\/tr><tr><td>2011\/12<\/td><td>Programaci\u00f3n Did\u00e1ctica de Tecnolog\u00eda 3\u00ba E.S.O<\/td><td>Javier Fern\u00e1ndez S\u00e1nchez<\/td><td>7,5<\/td><\/tr><tr><td>2011\/12<\/td><td>TIC y Educaci\u00f3n. Basado en una Programaci\u00f3n de Inform\u00e1tica de 4\u00ba ESO.<\/td><td>Gustavo Prados S\u00e1nchez<\/td><td>8<\/td><\/tr><tr><td>2019\/20<\/td><td>Programaci\u00f3n Did\u00e1ctica de Tecnolog\u00eda de la informaci\u00f3n y la comunicaci\u00f3n de 1\u00ba de Bachillerato, con Proyecto de innovaci\u00f3n docente: \u201cHacking Craft\u201d: \u00bfQui\u00e9n es el mejor programador?<\/td><td>Luis Mendoza Montero<\/td><td>9,5<\/td><\/tr><tr><td>2021\/22<\/td><td>Programaci\u00f3n did\u00e1ctica para Tecnolog\u00eda de 4\u00ba de la E.S.O, con proyecto de innovaci\u00f3n docente: \u00abViajando desde el aula\u00bb<\/td><td>Roberto Sim\u00f3n Segovia<\/td><td>9,9<\/td><\/tr><tr><td>2022\/23<\/td><td>Programaci\u00f3n did\u00e1ctica para Tecnolog\u00eda y Digitalizaci\u00f3n de 1\u00ba de ESO, con Proyecto de Innovaci\u00f3n Docente: \u201cLa Arteria Del Agua\u201d<\/td><td>Mar\u00eda Isabel Alfaro Valero<\/td><td>9,5<\/td><\/tr><\/tbody><\/table><\/figure>\n\n\n\n<h4 class=\"wp-block-heading\"><a>Trabajos Fin de Grado (Ingenier\u00eda Inform\u00e1tica<\/a>)<\/h4>\n\n\n\n<figure class=\"wp-block-table\"><table class=\"has-fixed-layout\"><tbody><tr><td><strong>Curso<\/strong><\/td><td><strong>T\u00edtulo del Trabajo<\/strong><\/td><td><strong>Alumno\/a<\/strong><\/td><td><strong>Nota<\/strong><\/td><\/tr><tr><td>2011\/12<\/td><td>Mejora de un sistema de predicci\u00f3n aplicado a la metaplanificaci\u00f3n en entornos grid mediante algoritmos gen\u00e9ticos<\/td><td>Adri\u00e1n Hern\u00e1ndez Guerrero<\/td><td>9,5<\/td><\/tr><tr><td>2011\/12<\/td><td>Gesti\u00f3n din\u00e1mica de recursos en sistemas cloud<\/td><td>Miguel Morillo Iruela<\/td><td>9<\/td><\/tr><tr><td>2012\/13<\/td><td>An\u00e1lisis del rendimiento de un sistema inform\u00e1tico corporativo<\/td><td>Francisco Jos\u00e9 Clemente Mart\u00ednez<\/td><td>7,5<\/td><\/tr><tr><td>2012\/13<\/td><td>Migraci\u00f3n de una aplicaci\u00f3n de b\u00fasqueda de patrones al paradigma MapReduce<\/td><td>Diego Hortelano Haro<\/td><td>8,5<\/td><\/tr><tr><td>2013\/14<\/td><td>Integraci\u00f3n de Map\/Reduce y bases de datos noSQL: despliegue y casos de estudio<\/td><td>Enrique Garc\u00eda S\u00e1nchez<\/td><td>9<\/td><\/tr><tr><td>2013\/14<\/td><td>An\u00e1lisis y propuestas de mejora de la red en un IES de Castilla- La Mancha<\/td><td>Ram\u00f3n Felipe S\u00e1nchez<\/td><td>8<\/td><\/tr><tr><td>2013\/14<\/td><td>Despliegue de una infraestructura cloud basada en Xen Server para Bilib<\/td><td>Mario Gonz\u00e1lez Cifuentes<\/td><td>9<\/td><\/tr><tr><td>2013\/14<\/td><td>Aplicaci\u00f3n de la tecnolog\u00eda cloud en un IES<\/td><td>M\u00aa Teresa Olmedilla Escribano<\/td><td>9,5<\/td><\/tr><tr><td>2013\/14<\/td><td>Aplicaci\u00f3n de t\u00e9cnicas de predicci\u00f3n a la escalabilidad autom\u00e1tica en clouds<\/td><td>Miguel \u00c1ngel Portaz Collado<\/td><td>10<\/td><\/tr><tr><td>2016\/17<\/td><td>Migraci\u00f3n al paradigma MapReduce de aplicaciones para gen\u00f3mica<\/td><td>Mar\u00eda Llanos Cifuentes Caba\u00f1ero<\/td><td>6<\/td><\/tr><tr><td>2017\/18<\/td><td>Despliegue y configuraci\u00f3n de la red de un centro escolar usando la distribuci\u00f3n de Linux para PYMEs Zentyal<\/td><td>Juan Carlos Alumbreros Fresneda<\/td><td>9,6<\/td><\/tr><tr><td>2017\/18<\/td><td>Aplicaci\u00f3n Android para controlar el tiempo de uso de dispositivos m\u00f3viles por menores de forma l\u00fadica<\/td><td>Jes\u00fas Gonz\u00e1lez Camacho<\/td><td>8,5<\/td><\/tr><tr><td>2018\/19<\/td><td>Predicci\u00f3n de precios de instancias \u00abspot\u00bb en la nube de Amazon<\/td><td>Luis Mendoza Montero<\/td><td>9,2<\/td><\/tr><tr><td>2018\/19<\/td><td>Integraci\u00f3n de monitorizaci\u00f3n a nivel de aplicaci\u00f3n en un entorno Kubernetes<\/td><td>Juan Francisco S\u00e1nchez Aldeguer<\/td><td>9<\/td><\/tr><tr><td>2018\/19<\/td><td>Despliegue y evaluaci\u00f3n de un cl\u00faster de contenedores con tarjetas Raspberry Pi<\/td><td>Javier Cimas Garc\u00eda<\/td><td>9,5<\/td><\/tr><tr><td>2019\/20<\/td><td>Explorando las prestaciones de Singularity vs Docker<\/td><td>Ra\u00fal Reinosa Sim\u00f3n<\/td><td>9,2<\/td><\/tr><tr><td>2020\/21<\/td><td>Evaluaci\u00f3n de prestaciones de sistemas de virtualizaci\u00f3n multitenant basados en contenedores para entornos de computaci\u00f3n en la niebla<\/td><td>\u00c1lvaro Le\u00f3n Cebri\u00e1n<\/td><td>9<\/td><\/tr><tr><td>2020\/21<\/td><td>Exploring the capabilities of blockchain technology in low cost, fog computing environments<\/td><td>Miguel S\u00e1nchez de la Rosa<\/td><td>10<\/td><\/tr><tr><td>2020\/21<\/td><td>Explorando las capacidades del planificador de Kubernetes en entornos de computaci\u00f3n en la niebla<\/td><td>\u00c1ngel Ortega Alfaro<\/td><td>9<\/td><\/tr><tr><td>2021\/22<\/td><td>Aceleraci\u00f3n de aprendizaje autom\u00e1tico mediante Edge TPUs en Raspberry Pis<\/td><td>Pedro Jos\u00e9 G\u00f3mez Garrido<\/td><td>9<\/td><\/tr><tr><td>2021\/22<\/td><td>Prototipo de un sistema de control de la cadena de fr\u00edo sobre blockchain<\/td><td>Pedro Juan S\u00e1ez Fajardo<\/td><td>10<\/td><\/tr><tr><td>2021\/22<\/td><td>Despliegue de un orquestador de contenedores basado en kubernetes en un entorno de computaci\u00f3n edge<\/td><td>Enrique Salmer\u00f3n Garc\u00eda<\/td><td>9,8<\/td><\/tr><tr><td>2021\/22<\/td><td>Computaci\u00f3n serverless en entornos de computaci\u00f3n en la niebla de bajo coste<\/td><td>Alejandro Castro Navarro<\/td><td>9,1<\/td><\/tr><tr><td>2022\/23<\/td><td>Almacenamiento seguro de documentos basado en blockchain<\/td><td>Javier Becerra Garc\u00eda<\/td><td>9,7<\/td><\/tr><tr><td>2022\/23<\/td><td>Evaluaci\u00f3n del Intel Neural Stick en entornos Fog de bajo coste<\/td><td>V\u00edctor Hidalgo Izquierdo<\/td><td>9,5<\/td><\/tr><tr><td>2022\/23<\/td><td>Despliegue de una plataforma dom\u00f3tica utilizando Kubernetes y Helm<\/td><td>Miguel \u00c1ngel Tercero Garc\u00eda<\/td><td>9,5<\/td><\/tr><tr><td>2022\/23<\/td><td>Explorando los or\u00e1culos en blockchain<\/td><td>David Olivas Au\u00f1\u00f3n<\/td><td>9<\/td><\/tr><tr><td>2022\/23<\/td><td>Integraci\u00f3n y evaluaci\u00f3n de un nodo fog con aceleradores hardware para procesamiento de im\u00e1genes en tiempo real<\/td><td>V\u00edctor P\u00e9rez Moreno<\/td><td>9,5<\/td><\/tr><tr><td>2022\/23<\/td><td>Prototipo de una DApp basada en blockchain para hacer porras deportivas<\/td><td>\u00c1ngel Ruescas Selva<\/td><td>7,5<\/td><\/tr><tr><td>2023\/24<\/td><td>Propuesta de redise\u00f1o de la red de comunicaciones de la Residencia Universitaria Jos\u00e9 Isbert<\/td><td>Carlos Hern\u00e1ndez C\u00e1rdenas<\/td><td>8<\/td><\/tr><tr><td>2023\/24<\/td><td>An\u00e1lisis de salud de la red de comunicaciones de una red corporativa de \u00e1mbito regional<\/td><td>Juan Carlos Jim\u00e9nez R\u00f3denas<\/td><td>7,2<\/td><\/tr><tr><td>2023\/24<\/td><td>Aplicaci\u00f3n de una blockchain para la trazabilidad del sector vitivin\u00edcola de CLM<\/td><td>Juan Miguel Garc\u00eda Gonz\u00e1lez<\/td><td>9,5<\/td><\/tr><tr><td>2023\/24<\/td><td>Dise\u00f1o de la red de comunicaciones de una residencia universitaria<\/td><td>Manuel Fern\u00e1ndez Mu\u00f1oz<\/td><td>7,5<\/td><\/tr><tr><td>2023\/24<\/td><td>Explorando la integraci\u00f3n de FIWARE con IOTA para Internet de las Cosas<\/td><td>Luis Cavero Montoya<\/td><td>9<\/td><\/tr><\/tbody><\/table><\/figure>\n","protected":false},"excerpt":{"rendered":"<p>Diplomas de Estudios Avanzados Curso T\u00edtulo del Trabajo Alumno\/a Nota 2005\/06 Memoria para la obtenci\u00f3n del Diploma de Estudios Avanzados, Programa \u201cArquitectura y Gesti\u00f3n de la Informaci\u00f3n y del Conocimiento en Sistemas en Red\u201d (menci\u00f3n de calidad ref. MCD2003-00768) Agust\u00edn Caminero Herr\u00e1ez Apto Proyectos Fin de Carrera (Ingenier\u00eda Inform\u00e1tica) Curso T\u00edtulo del Trabajo Alumno\/a Nota [&hellip;]<\/p>\n","protected":false},"author":71,"featured_media":0,"parent":39,"menu_order":0,"comment_status":"closed","ping_status":"closed","template":"","meta":{"footnotes":""},"class_list":["post-92","page","type-page","status-publish","hentry"],"_links":{"self":[{"href":"https:\/\/blog.uclm.es\/mariablancacaminero\/wp-json\/wp\/v2\/pages\/92","targetHints":{"allow":["GET"]}}],"collection":[{"href":"https:\/\/blog.uclm.es\/mariablancacaminero\/wp-json\/wp\/v2\/pages"}],"about":[{"href":"https:\/\/blog.uclm.es\/mariablancacaminero\/wp-json\/wp\/v2\/types\/page"}],"author":[{"embeddable":true,"href":"https:\/\/blog.uclm.es\/mariablancacaminero\/wp-json\/wp\/v2\/users\/71"}],"replies":[{"embeddable":true,"href":"https:\/\/blog.uclm.es\/mariablancacaminero\/wp-json\/wp\/v2\/comments?post=92"}],"version-history":[{"count":3,"href":"https:\/\/blog.uclm.es\/mariablancacaminero\/wp-json\/wp\/v2\/pages\/92\/revisions"}],"predecessor-version":[{"id":165,"href":"https:\/\/blog.uclm.es\/mariablancacaminero\/wp-json\/wp\/v2\/pages\/92\/revisions\/165"}],"up":[{"embeddable":true,"href":"https:\/\/blog.uclm.es\/mariablancacaminero\/wp-json\/wp\/v2\/pages\/39"}],"wp:attachment":[{"href":"https:\/\/blog.uclm.es\/mariablancacaminero\/wp-json\/wp\/v2\/media?parent=92"}],"curies":[{"name":"wp","href":"https:\/\/api.w.org\/{rel}","templated":true}]}}