{"id":71,"date":"2021-01-19T19:12:50","date_gmt":"2021-01-19T18:12:50","guid":{"rendered":"http:\/\/blog.uclm.es\/mariablancacaminero\/?page_id=71"},"modified":"2024-09-26T10:01:38","modified_gmt":"2024-09-26T08:01:38","slug":"congresos","status":"publish","type":"page","link":"https:\/\/blog.uclm.es\/mariablancacaminero\/investigacion-2\/congresos\/","title":{"rendered":"Congresos"},"content":{"rendered":"\n<h4 class=\"wp-block-heading\">Congresos Internacionales, indexados en ranking GGS &#8211; clase 1<\/h4>\n\n\n\n<p>J. Duato, S. Yalamanchili, M. B. Caminero, D. Love and F. J. Quiles, \u00abMMR: a high-performance MultiMedia Router-architecture and design trade-offs,\u00bb Proceedings Fifth International Symposium on High-Performance Computer Architecture, Orlando, FL, USA, 1999, pp. 300-309, doi: 10.1109\/HPCA.1999.744383.<\/p>\n\n\n\n<h4 class=\"wp-block-heading\">Congresos Internacionales, indexados en ranking GGS &#8211; clase 2<\/h4>\n\n\n\n<p>L. Tom\u00e1s, B. Caminero, C. Carri\u00f3n, \u00abImproving Grid Resource Usage: Metrics for Measuring Fragmentation,\u00bb In Proceedings of the 2012 12th IEEE\/ACM International Symposium on Cluster, Cloud and Grid Computing (CCGrid 2012), Ottawa, ON, Canada, 2012, pp. 352-359, doi: 10.1109\/CCGrid.2012.63.<\/p>\n\n\n\n<p>L. Tom\u00e1s, A. C. Caminero, B. Caminero and C. Carri\u00f3n, \u00abA Strategy to Improve Resource Utilization in Grids Based on Network-Aware Meta-scheduling in Advance,\u00bb In Proceedings of the 2011 IEEE\/ACM 12th International Conference on Grid Computing, Lyon, France, 2011, pp. 50-57, doi: 10.1109\/Grid.2011.16.<\/p>\n\n\n\n<p>L. Tom\u00e1s, P. -O. \u00d6stberg, B. Caminero, C. Carrion and E. Elmroth, \u00abAn Adaptable In-advance and Fairshare Meta-scheduling Architecture to Improve Grid QoS,\u00bb (p\u00f3ster) In Proceedings of the 2011 IEEE\/ACM 12th International Conference on Grid Computing, Lyon, France, 2011, pp. 220-221, doi: 10.1109\/Grid.2011.37.<\/p>\n\n\n\n<p>L. Tom\u00e1s, C. Carri\u00f3n, B. Caminero, A. Caminero, \u00abAddressing Resource Fragmentation in Grids through Network-Aware Meta-scheduling in Advance,\u00bb (p\u00f3ster) In Proceedings of the 2011 11th IEEE\/ACM International Symposium on Cluster, Cloud and Grid Computing, Newport Beach, CA, USA, 2011, pp. 606-607, doi: 10.1109\/CCGrid.2011.75.<\/p>\n\n\n\n<p>B. Caminero, C. Carri\u00f3n, F. J. Quiles, J. Duato and S. Yalamanchili, \u00abA multimedia router architecture to provide high performance and QoS guarantees to mixed traffic,\u00bb Proceedings. IEEE International Conference on Multimedia and Expo, Lausanne, Switzerland, 2002, pp. 313-316 vol.1, doi: 10.1109\/ICME.2002.1035781.<\/p>\n\n\n\n<p>M. C. Carri\u00f3n, G. D\u00edaz and B. Caminero, \u00abPerformance issues of deterministic and adaptive ghost-packet routers,\u00bb International Conference on Parallel Processing, 2001., Valencia, Spain, 2001, pp. 33-40, doi: 10.1109\/ICPP.2001.952044.<\/p>\n\n\n\n<p>D. Love, S. Yalamanchili, J. Duato, M. B. Caminero and F. J. Quiles, \u00abSwitch scheduling in the multimedia router (MMR),\u00bb Proceedings 14th International Parallel and Distributed Processing Symposium. IPDPS 2000, Cancun, Mexico, 2000, pp. 5-11, doi: 10.1109\/IPDPS.2000.845958.<\/p>\n\n\n\n<h4 class=\"wp-block-heading\">Congresos Internacionales, indexados en ranking GGS &#8211; clase 3<\/h4>\n\n\n\n<p>J. Conejero, B. Caminero and C. Carri\u00f3n, \u00abAnalysing Hadoop performance in a multi-user IaaS Cloud,\u00bb In Proceedings of the 2014 International Conference on High Performance Computing &amp; Simulation (HPCS), Bologna, Italy, 2014, pp. 399-406, doi: 10.1109\/HPCSim.2014.6903713.<\/p>\n\n\n\n<p>L. Tom\u00e1s, B. Caminero and C. Carri\u00f3n, \u00abOpportunistic energy-aware rescheduling in desktop grid environments,\u00bb In Proceedings of the 2013 International Conference on High Performance Computing &amp; Simulation (HPCS), Helsinki, Finland, 2013, pp. 178-185, doi: 10.1109\/HPCSim.2013.6641411.<\/p>\n\n\n\n<p>L. Tom\u00e1s, A. Caminero, B., Caminero, C., Carri\u00f3n, \u201cUsing Network Information to Perform Meta-scheduling in Advance in Grids\u201d. In: D\u2019Ambra, P., Guarracino, M., Talia, D. (eds) Euro-Par 2010 &#8211; Parallel Processing. Euro-Par 2010. Lecture Notes in Computer Science, vol 6271. Springer, Berlin, Heidelberg. https:\/\/doi.org\/10.1007\/978-3-642-15277-1_41.<\/p>\n\n\n\n<p>A. Caminero, A. Sulistio, B. Caminero, C. Carri\u00f3n and R. Buyya, \u00abSimulation of Buffer Management Policies in Networks for Grids,\u00bb In Proceedings of the 41st Annual Simulation Symposium (anss-41 2008), Ottawa, ON, Canada, 2008, pp. 51-60, doi: 10.1109\/ANSS-41.2008.6.<\/p>\n\n\n\n<p>A. Caminero, A. Sulistio, B. Caminero, C. Carrion and R. Buyya, \u00abExtending GridSim with an architecture for failure detection,\u00bb In Proceedings of the 2007 International Conference on Parallel and Distributed Systems, Hsinchu, Taiwan, 2007, pp. 1-8, doi: 10.1109\/ICPADS.2007.4447756.<\/p>\n\n\n\n<p>J.M. Claver, C. Carri\u00f3n, M. Canseco, M.B. Caminero, F.J. Quiles, \u201cA New Hardware Efficient Link Scheduling Algorithm to Guarantee QoS on Clusters\u201d. In: Cunha, J.C., Medeiros, P.D. (eds) Euro-Par 2005 Parallel Processing. Euro-Par 2005. Lecture Notes in Computer Science, vol 3648. Springer, Berlin, Heidelberg. https:\/\/doi.org\/10.1007\/11549468_114.<\/p>\n\n\n\n<p>B. Caminero, C. Carri\u00f3n, F. J. Quiles, J. Duato and S. Yalamanchili, \u00abA new switch scheduling algorithm to improve QoS in the multimedia router,\u00bb in Proceedings of the 2002 IEEE Workshop on Multimedia Signal Processing, St. Thomas, VI, USA, 2002, pp. 376-379, doi: 10.1109\/MMSP.2002.1203324.<\/p>\n\n\n\n<h4 class=\"wp-block-heading\">Otros Congresos Internacionales<\/h4>\n\n\n\n<p><\/p>\n\n\n\n<p>V\u00edctor Hidalgo Izquierdo, Maria Blanca Caminero, Carmen Carrion, \u00abDeployment of Federated Learning on a Low-Cost Distributed Infrastructure\u00bb, The 2nd IEEE International Conference on Federated Learning Technologies and Applications (FLTA24), September, 2024, Valencia, Spain.<\/p>\n\n\n\n<p>M.B. Caminero, C., N\u00fa\u00f1ez-G\u00f3mez, C. Carri\u00f3n, \u201cAplicaciones de blockchain en IoT y computaci\u00f3n en la niebla\u201d. Actas Del Congreso Internacional De Ingenier\u00eda De Sistemas 2021, Lima, Per\u00fa, pp. 19-31. https:\/\/doi.org\/10.26439\/ciis2021.5548.<\/p>\n\n\n\n<p>J. Proa\u00f1o, C. Carri\u00f3n and M. B. Caminero, \u00abTowards a Green, QoS-Enabled Heterogeneous Cloud Infrastructure,\u00bb The Twenty Fifth International Heterogeneity in Computing Workshop (HCW), In Proceedings of the 2016 IEEE International Parallel and Distributed Processing Symposium Workshops (IPDPSW), Chicago, IL, USA, 2016, pp. 7-16, doi: 10.1109\/IPDPSW.2016.12.<\/p>\n\n\n\n<p>E. Arias, M.B. Caminero, M.C. Carri\u00f3n, I. Garc\u00eda-Varea, J. Mart\u00ednez, J.P. Molina, A. Zalaca\u00edn, \u00abResearching in science and engineering using open source software,\u00bb In Proceedings of the 2015 International Conference on Open Source Software Computing (OSSCOM), Amman, Jordan, 2015, pp. 1-5, doi: 10.1109\/OSSCOM.2015.7372682.<\/p>\n\n\n\n<p>J. Proa\u00f1o, M. B. Caminero and C. Carri\u00f3n, \u00abOn the Provision of SaaS-Level Quality of Service within Heterogeneous Private Clouds,\u00bb In Proceedings of the 2014 IEEE\/ACM 7th International Conference on Utility and Cloud Computing, London, UK, 2014, pp. 146-155, doi: 10.1109\/UCC.2014.23.<\/p>\n\n\n\n<p>J. Proa\u00f1o, C. Carri\u00f3n, B. Caminero. \u201cAn Open-Source Framework for Integrating Heterogeneous Resources in Private Clouds\u201d. In Proceedings of the 4th International Conference on Cloud Computing and Services Science (CLOSER 2014). Barcelona, Spain, 2014. SCITEPRESS &#8211; Science and Technology Publications, 129\u2013134. https:\/\/doi.org\/10.5220\/0004936601290134.<\/p>\n\n\n\n<p>L. Tom\u00e1s, B. Caminero and C. Carri\u00f3n, \u00abBag of Tasks Rescheduling within Real Grid Environments: Different Approaches,\u00bb In Proceedings of the 2013 21st Euromicro International Conference on Parallel, Distributed, and Network-Based Processing, Belfast, UK, 2013, pp. 213-217, doi: 10.1109\/PDP.2013.38.<\/p>\n\n\n\n<p>J. Conejero, O.F. Rana, P. Burnap, J. Morgan, C. Carri\u00f3n, B. Caminero, \u201cCharacterising the power consumption of Hadoop Clouds: A social media analysis case study\u201d. In Proceedings of the CLOSER 2013: 3rd International Conference on Cloud Computing and Services Science, Aachen, Germany, 8-10 May 2013. 10.5220\/0004373502330243.<\/p>\n\n\n\n<p>L. Tom\u00e1s, P. -O. \u00d6stberg, B. Caminero, C. Carri\u00f3n, E. Elmroth, \u00abAddressing QoS in Grids through a Fairshare Meta-scheduling In-Advance Architecture,\u00bb In Proceedings of the 2012 Seventh International Conference on P2P, Parallel, Grid, Cloud and Internet Computing, Victoria, BC, Canada, 2012, pp. 226-233, doi: 10.1109\/3PGCIC.2012.7.<\/p>\n\n\n\n<p>J. Conejero, L. Tom\u00e1s, B. Caminero, C. Carri\u00f3n, \u00abMultilevel SLA-based QoS Support in Grids,\u00bb In Proceedings of the 2012 IEEE 10th International Symposium on Parallel and Distributed Processing with Applications, Leganes, Spain, 2012, pp. 239-246, doi: 10.1109\/ISPA.2012.39.<\/p>\n\n\n\n<p>J. Conejero, L. Tom\u00e1s, B. Caminero, C. Carri\u00f3n, \u201cDifferentiated QoS in grids supported by SLAs\u201d. In Proceedings of the 9th International Workshop on Middleware for Grids, Clouds and e-Science. 2011 ACMIFIPUSENIX 12th International Middleware Conference. Association for Computing Machinery, New York, NY, USA, Article 9, 1\u20132. https:\/\/doi.org\/10.1145\/2088960.2088969.<\/p>\n\n\n\n<p>J. Conejero, L. Tom\u00e1s, B. Caminero, C. Carri\u00f3n, \u201cA SLA-based Framework with Support for Meta-scheduling in Advance for Grids\u201d, In Proceedings of the PDPTA 2011 &#8211; The 2011 International Conference on Parallel and Distributed Processing Techniques and Applications, Las Vegas (Nevada). Estados Unidos de Am\u00e9rica. PDPTA 2011 Proceedings &#8211; CSREA Press. ISBN 1-60132-193-7.<\/p>\n\n\n\n<p>A. C. Caminero, E. Huedo, O. Rana, I. M. Llorente, B. Caminero, C. Carri\u00f3n, \u00abSummary Creation for Information Discovery in Distributed Systems,\u00bb In Proceedings of the 2011 19th International Euromicro Conference on Parallel, Distributed and Network-Based Processing, Ayia Napa, Cyprus, 2011, pp. 167-171, doi: 10.1109\/PDP.2011.18.<\/p>\n\n\n\n<p>J. L. Lucas-Simarro, C. Carri\u00f3n, B. Caminero, \u201cFlexible Advance-Reservation (FAR) for Clouds\u201d, In Proceedings of the 1st International Conference on Cloud Computing and Services Science (CLOSER 2011), Noordwijkerhout, Holand, Pages 610-615, 2011.<\/p>\n\n\n\n<p>J. Conejero, L. Tom\u00e1s, B. Caminero, C. Carri\u00f3n, \u201cAn SLA-based Meta-Scheduling in Advance System to Provide QoS in Grid Environments\u201d, In Proceedings of the 5rd Iberian Grid Infrastructure Conference (IberGrid2011), Santander, Espa\u00f1a, Netbiblo. ISBN 978-84-9745-884-9.<\/p>\n\n\n\n<p>L. Tom\u00e1s, C. Carri\u00f3n, B. Caminero and A. Caminero, \u00abExponential Smoothing for Network-Aware Meta-scheduler in Advance in Grids,\u00bb In Proceedings of the Sixth International Workshop on Scheduling and Resource Management for Parallel and Distributed Systems &#8211; 2010 39th International Conference on Parallel Processing Workshops, San Diego, CA, USA, 2010, pp. 323-330, doi: 10.1109\/ICPPW.2010.52.<\/p>\n\n\n\n<p>L. Tom\u00e1s, C. Carri\u00f3n, B. Caminero and A. Caminero, \u00abMeta-scheduling in advance using red-black trees in heterogeneous Grids,\u00bb In Proceedings of the High Performance Grid Computing Workshop &#8211; 2010 IEEE International Symposium on Parallel &amp; Distributed Processing, Workshops and Phd Forum (IPDPSW), Atlanta, GA, USA, 2010, pp. 1-8, doi: 10.1109\/IPDPSW.2010.5470923.<\/p>\n\n\n\n<p>A. Caminero, O. Rana, B. Caminero and C. Carrion, \u00abA Performance Evaluation of Network-Aware Grid Meta-schedulers,\u00bb In Proceedings Fifth International Workshop on Scheduling and Resource Management for Parallel and Distributed Systems (SRMPDS) &#8211; 2009 International Conference on Parallel Processing Workshops, Vienna, Austria, 2009, pp. 282-289, doi: 10.1109\/ICPPW.2009.49.<\/p>\n\n\n\n<p>L. Tom\u00e1s, A. Caminero, B. Caminero and C. Carri\u00f3n, \u00abImproving GridWay with network information: Tuning the monitoring tool,\u00bb In Proceedings of the High Performance Grid Computing (HPCG) Workshop &#8211; 2009 IEEE International Symposium on Parallel &amp; Distributed Processing, Rome, Italy, 2009, pp. 1-8, doi: 10.1109\/IPDPS.2009.5160967.<\/p>\n\n\n\n<p>A. Caminero, O. Rana, B. Caminero and C. Carri\u00f3n, \u201cEfficient meta-scheduling for Grids\u201d, In Proceedings of the 3rd Iberian Grid Infrastructure conference proceedings (IberGrid2009), Valencia, Espa\u00f1a. Univ. Polit\u00e9cnica de Valencia and Betbiblo. ISBN 978-84-9745-406-3.<\/p>\n\n\n\n<p>A. Caminero, O. Rana, B. Caminero and C. Carri\u00f3n, \u00abImproving Grid Inter-Domain Scheduling with P2P Techniques: A Performance Evaluation,\u00bb In Proceedings of the 2008 Seventh International Conference on Grid and Cooperative Computing, Shenzhen, China, 2008, pp. 190-200, doi: 10.1109\/GCC.2008.50.<\/p>\n\n\n\n<p>A. Caminero, O. Rana, B. Caminero and C. Carri\u00f3n, \u201cNetwork-aware Peer-to-Peer Based Grid Inter-Domain Scheduling\u201d, In Proceedings of the 2008 International Conference on Grid Computing &amp; Applications (GCA 2008), Las Vegas, Nevada, USA, 2008, pp. 3-9. CSREA Press 2008, ISBN 1-60132-068-X.<\/p>\n\n\n\n<p>L. Tom\u00e1s, A. Caminero, B., Caminero, C., Carri\u00f3n, \u201cStudying the Influence of Network-Aware Grid Scheduling on the Performance Received by Users\u201d. International Conference on Grid computing, high-performAnce and Distributed Applications (GADA 08), Monterrey, M\u00e9jico, In: Meersman, R., Tari, Z. (eds) On the Move to Meaningful Internet Systems: OTM 2008. OTM 2008. Lecture Notes in Computer Science, vol 5331. Springer, Berlin, Heidelberg. https:\/\/doi.org\/10.1007\/978-3-540-88871-0_51.<\/p>\n\n\n\n<p>A. Caminero, B. Caminero, C. Carri\u00f3n, \u201cExtending a Grid Scheduler with Dynamic Network Information\u201d, in Proceedings of the Iberian Grid Infrastructure Conference 2008 (p\u00f3ster). Porto, Portugal. ISBN 978-84- 9745-288-5.<\/p>\n\n\n\n<p>A. Caminero, B. Caminero, C. Carri\u00f3n, \u201cNetwork-Aware Grid Scheduling\u201d, International Conference on Grid computing, high-performAnce and Distributed Applications (GADA 07), Algarve, Portugal. In: Meersman, R., Tari, Z., Herrero, P. (eds) On the Move to Meaningful Internet Systems 2007: OTM 2007 Workshops. OTM 2007. Lecture Notes in Computer Science, vol 4805. Springer, Berlin, Heidelberg. https:\/\/doi.org\/10.1007\/978-3-540-76888-3_17.<\/p>\n\n\n\n<p>A. Caminero, O. Rana, B. Caminero, C. Carri\u00f3n. \u201cAn autonomic network-aware scheduling architecture for grid computing\u201d. In Proceedings of the 5th international workshop on Middleware for grid computing: held at the ACM\/IFIP\/USENIX 8th International Middleware Conference (MGC &#8217;07). Association for Computing Machinery, New York, NY, USA, Article 1, 1\u20136. https:\/\/doi.org\/10.1145\/1376849.1376850.<\/p>\n\n\n\n<p>A. Caminero, C. Carri\u00f3n, B. Caminero, \u201cDesigning an entity to provide network QoS in a Grid system\u201d. In Proc. of the 1st Iberian Grid Infrastructure Conference (IberGrid), 2007, Santiago de Compostela, Espa\u00f1a. ISBN 978-84-611-6634-3.<\/p>\n\n\n\n<p>A. Caminero, C. Carri\u00f3n, B. Caminero, \u201cOn the improvement of the network QoS in a grid environment\u201d. In Proceedings of the 4th international workshop on Middleware for grid computing (MCG &#8217;06) (p\u00f3ster), Melbourne. Australia. Association for Computing Machinery, New York, NY, USA, 18. https:\/\/doi.org\/10.1145\/1186675.1186695.<\/p>\n\n\n\n<p>A. C. Caminero, B. Caminero and C. Carrion, \u00abA new lightweight CAC algorithm for high-performance multimedia networks,\u00bb In Proceedings of the 14th Euromicro International Conference on Parallel, Distributed, and Network-Based Processing (PDP&#8217;06), Montbeliard-Sochaux, France, 2006, pp. 8 pp.-, doi: 10.1109\/PDP.2006.12.<\/p>\n\n\n\n<p>B. Caminero, C. Carrion, F. J. Quiles, J. Duato and S. Yalamanchili, \u00abA solution for handling hybrid traffic in clustered environments: the MultiMedia Router MMR,\u00bb Proceedings of the Workshop on Communication Architectures for Clusters (CAC03) &#8211; International Parallel and Distributed Processing Symposium, Nice, France, 2003, pp. 8 pp.-, doi: 10.1109\/IPDPS.2003.1213362.<\/p>\n\n\n\n<p>B. Caminero, C. Carrion, F. J. Quiles, J. Duato and S. Yalamanchili ,\u201dA Hardware Approach to QoS Support in Cluster Environments: The Multimedia Router (MMR)\u201d, in Proceedings of the International Conference on Parallel and Distributed Processing Technologies and Applications (PDPTA03), Las Vegas, Nevada, EE.UU., CSREA Press (Vol. I), pags. 220-226. ISBN 1-892512-41-6.<\/p>\n\n\n\n<p>B. Caminero, C. Carrion, F. J. Quiles, J. Duato and S. Yalamanchili, \u00abInvestigating switch scheduling algorithms to support qos in the multimedia router,\u00bb In Proceedings of the Workshop on Communication Architectures for Clusters (CAC\u201902) &#8211; 16th International Parallel and Distributed Processing Symposium, Ft. Lauderdale, FL, USA, 2002, pp. 8 pp-, doi: 10.1109\/IPDPS.2002.1016561.<\/p>\n\n\n\n<p>B. Caminero, C. Carri\u00f3n, F. J. Quiles, F. J. Duato and S. Yalamanchili, \u00abTuning buffer size in the multimedia router (MMR),\u00bb In Proceedings of the Workshop on Communication Architectures for Clusters (CAC\u201901) &#8211; 15th International Parallel and Distributed Processing Symposium. IPDPS 2001, San Francisco, CA, USA, 2001, pp. 1616-1623, doi: 10.1109\/IPDPS.2001.925147.<\/p>\n\n\n\n<p>R. Casado, B. Caminero, P. Cuenca, F. Quiles, A. Garrido, J, Duato, \u201cA tool for the analysis of reconfiguration and routing algorithms in irregular networks\u201d. In: Panda, D.K., Stunkel, C.B. (eds) Network-Based Parallel Computing Communication, Architecture, and Applications. CANPC 1998. Lecture Notes in Computer Science, vol 1362. Springer, Berlin, Heidelberg. https:\/\/doi.org\/10.1007\/BFb0052215.<\/p>\n\n\n\n<p>P. Cuenca, B. Caminero, A. Garrido, F. Quiles and L. Orozco-Barbosa, \u201cQoS and statistical multiplexing performance of VBR MPEG-2 video sources over ATM networks,\u00bb Conference Proceedings. IEEE Canadian Conference on Electrical and Computer Engineering (Cat. No.98TH8341), Waterloo, ON, Canada, 1998, pp. 33-36 vol.1, doi: 10.1109\/CCECE.1998.682543.<\/p>\n","protected":false},"excerpt":{"rendered":"<p>Congresos Internacionales, indexados en ranking GGS &#8211; clase 1 J. Duato, S. Yalamanchili, M. B. Caminero, D. Love and F. J. Quiles, \u00abMMR: a high-performance MultiMedia Router-architecture and design trade-offs,\u00bb Proceedings Fifth International Symposium on High-Performance Computer Architecture, Orlando, FL, USA, 1999, pp. 300-309, doi: 10.1109\/HPCA.1999.744383. Congresos Internacionales, indexados en ranking GGS &#8211; clase 2 [&hellip;]<\/p>\n","protected":false},"author":71,"featured_media":0,"parent":94,"menu_order":0,"comment_status":"closed","ping_status":"closed","template":"","meta":{"footnotes":""},"class_list":["post-71","page","type-page","status-publish","hentry"],"_links":{"self":[{"href":"https:\/\/blog.uclm.es\/mariablancacaminero\/wp-json\/wp\/v2\/pages\/71","targetHints":{"allow":["GET"]}}],"collection":[{"href":"https:\/\/blog.uclm.es\/mariablancacaminero\/wp-json\/wp\/v2\/pages"}],"about":[{"href":"https:\/\/blog.uclm.es\/mariablancacaminero\/wp-json\/wp\/v2\/types\/page"}],"author":[{"embeddable":true,"href":"https:\/\/blog.uclm.es\/mariablancacaminero\/wp-json\/wp\/v2\/users\/71"}],"replies":[{"embeddable":true,"href":"https:\/\/blog.uclm.es\/mariablancacaminero\/wp-json\/wp\/v2\/comments?post=71"}],"version-history":[{"count":3,"href":"https:\/\/blog.uclm.es\/mariablancacaminero\/wp-json\/wp\/v2\/pages\/71\/revisions"}],"predecessor-version":[{"id":147,"href":"https:\/\/blog.uclm.es\/mariablancacaminero\/wp-json\/wp\/v2\/pages\/71\/revisions\/147"}],"up":[{"embeddable":true,"href":"https:\/\/blog.uclm.es\/mariablancacaminero\/wp-json\/wp\/v2\/pages\/94"}],"wp:attachment":[{"href":"https:\/\/blog.uclm.es\/mariablancacaminero\/wp-json\/wp\/v2\/media?parent=71"}],"curies":[{"name":"wp","href":"https:\/\/api.w.org\/{rel}","templated":true}]}}