{"id":39,"date":"2021-01-19T18:50:37","date_gmt":"2021-01-19T17:50:37","guid":{"rendered":"http:\/\/blog.uclm.es\/mariablancacaminero\/?page_id=39"},"modified":"2024-05-20T21:34:49","modified_gmt":"2024-05-20T19:34:49","slug":"docencia","status":"publish","type":"page","link":"https:\/\/blog.uclm.es\/mariablancacaminero\/docencia\/","title":{"rendered":"Docencia"},"content":{"rendered":"\n<p><a>Actividad docente desempe\u00f1ada en la UCLM<\/a><\/p>\n\n\n\n<figure class=\"wp-block-table\"><table><tbody><tr><td><strong>Curso<\/strong><\/td><td><strong>Puesto ocupado<\/strong><\/td><td><strong>Asignatura<\/strong><\/td><td><strong>Titulaci\u00f3n<\/strong><\/td><td><strong>Curso<\/strong><\/td><td><strong>Horas\/ curso<\/strong><\/td><\/tr><tr><td>1996\/97<\/td><td>BECARIA FPU<\/td><td>Arquitecturas No Cl\u00e1sicas<\/td><td>ITIS<\/td><td>3\u00ba<\/td><td>48 (P)<\/td><\/tr><tr><td>1997\/98<\/td><td>BECARIA FPU<\/td><td>Arquitecturas No Cl\u00e1sicas<\/td><td>ITIS<\/td><td>3\u00ba<\/td><td>48 (P)<\/td><\/tr><tr><td rowspan=\"2\">1998\/99<\/td><td rowspan=\"2\">AYUDANTE<\/td><td>Fundamentos de Programaci\u00f3n II<\/td><td>ITIS, ITIG, II<\/td><td>1\u00ba<\/td><td>126 (T\/P)<\/td><\/tr><tr><td>Metodolog\u00eda de la Programaci\u00f3n<\/td><td>ITIS, ITIG, II<\/td><td>2\u00ba<\/td><td>112 (T\/P)<\/td><\/tr><tr><td>1999\/00<\/td><td>AYUDANTE<\/td><td>Ampliaci\u00f3n de Redes<\/td><td>ITIS<\/td><td>2\u00ba<\/td><td>112 (T\/P)<\/td><\/tr><tr><td rowspan=\"2\">2000\/01<\/td><td rowspan=\"2\">AYUDANTE<\/td><td>Ampliaci\u00f3n de Redes<\/td><td>ITIS<\/td><td>2\u00ba<\/td><td>112 (T\/P)<\/td><\/tr><tr><td>Dise\u00f1o y Mantenimiento de Redes<\/td><td>II<\/td><td>5\u00ba<\/td><td>28 (T)<\/td><\/tr><tr><td rowspan=\"2\">2001\/02<\/td><td rowspan=\"2\">ASOC. T.C.<\/td><td>Ampliaci\u00f3n de Redes de Computadores<\/td><td>II<\/td><td>4\u00ba<\/td><td>112 (T\/P)<\/td><\/tr><tr><td>Dise\u00f1o y Mantenimiento de Redes<\/td><td>II<\/td><td>5\u00ba<\/td><td>56 (T\/P)<\/td><\/tr><tr><td rowspan=\"2\">2002\/03<\/td><td rowspan=\"2\">ASOC. T.C.<\/td><td>Ampliaci\u00f3n de Redes<\/td><td>ITIS<\/td><td>2\u00ba<\/td><td>140 (T\/P)<\/td><\/tr><tr><td>Dise\u00f1o y Mantenimiento de Redes<\/td><td>II<\/td><td>5\u00ba<\/td><td>56 (T\/P)<\/td><\/tr><tr><td rowspan=\"3\">2003\/04<\/td><td rowspan=\"3\">ASOC. T.C.<\/td><td>Ampliaci\u00f3n de Redes<\/td><td>ITIS<\/td><td>2\u00ba<\/td><td>140 (T\/P)<\/td><\/tr><tr><td>Dise\u00f1o y Mantenimiento de Redes<\/td><td>II<\/td><td>5\u00ba<\/td><td>56 (T\/P)<\/td><\/tr><tr><td>Tecnolog\u00edas de Red de Altas Prestaciones<\/td><td>P.D.&nbsp; AGICSR<\/td><td>3er ciclo<\/td><td>10 (T)<\/td><\/tr><tr><td rowspan=\"3\">2004\/05<\/td><td rowspan=\"3\">ASOC. T.C.<\/td><td>Ampliaci\u00f3n de Redes<\/td><td>ITIS<\/td><td>2\u00ba<\/td><td>112 (T\/P)<\/td><\/tr><tr><td>Ampliaci\u00f3n de Redes de Computadores<\/td><td>II<\/td><td>4\u00ba<\/td><td>28 (P)<\/td><\/tr><tr><td>Tecnolog\u00edas de Red de Altas Prestaciones<\/td><td>P.D.&nbsp; AGICSR<\/td><td>3er ciclo<\/td><td>10 (T)<\/td><\/tr><tr><td rowspan=\"3\">2005\/06<\/td><td rowspan=\"3\">ASOC. T.C.<\/td><td>Ampliaci\u00f3n de Redes<\/td><td>ITIS<\/td><td>2\u00ba<\/td><td>112 (T\/P)<\/td><\/tr><tr><td>Redes<\/td><td>II<\/td><td>4\u00ba<\/td><td>56 (T)<\/td><\/tr><tr><td>Tecnolog\u00edas de Red de Altas Prestaciones<\/td><td>P.D.&nbsp; AGICSR<\/td><td>3er ciclo<\/td><td>10 (T)<\/td><\/tr><tr><td rowspan=\"3\">2006\/07<\/td><td rowspan=\"3\">CONTR. DR.<\/td><td>Ampliaci\u00f3n de Redes<\/td><td>ITIS<\/td><td>2\u00ba<\/td><td>56 (T\/P)<\/td><\/tr><tr><td>Redes<\/td><td>ITIG<\/td><td>4\u00ba<\/td><td>56 (T\/P)<\/td><\/tr><tr><td>Tecnolog\u00edas de Red de Altas Prestaciones<\/td><td>MUTIA<\/td><td>1\u00ba<\/td><td>10 (T)<\/td><\/tr><tr><td rowspan=\"3\">2007\/08<\/td><td rowspan=\"3\">CONTR. DR.<\/td><td>Ampliaci\u00f3n de Redes<\/td><td>ITIS<\/td><td>2\u00ba<\/td><td>56 (T\/P)<\/td><\/tr><tr><td>Redes<\/td><td>ITIG<\/td><td>4\u00ba<\/td><td>56 (T\/P)<\/td><\/tr><tr><td>Tecnolog\u00edas de Red de Altas Prestaciones<\/td><td>MUTIA<\/td><td>1\u00ba<\/td><td>10 (T)<\/td><\/tr><tr><td rowspan=\"3\">2008\/09<\/td><td rowspan=\"3\">CONTR. DR.<\/td><td>Ampliaci\u00f3n de Redes<\/td><td>ITIS<\/td><td>2\u00ba<\/td><td>28 (T\/P)<\/td><\/tr><tr><td>Redes<\/td><td>ITIG<\/td><td>4\u00ba<\/td><td>56 (T\/P)<\/td><\/tr><tr><td>Tecnolog\u00edas de Red de Altas Prestaciones<\/td><td>MUTIA<\/td><td>1\u00ba<\/td><td>10 (T)<\/td><\/tr><tr><td rowspan=\"2\">2009\/10<\/td><td rowspan=\"2\">T.U.<\/td><td>Ampliaci\u00f3n de Redes<\/td><td>ITIS<\/td><td>2\u00ba<\/td><td>56 (T\/P)<\/td><\/tr><tr><td>Tecnolog\u00edas de Red de Altas Prestaciones<\/td><td>MUTIA<\/td><td>1\u00ba<\/td><td>10 (T)<\/td><\/tr><tr><td rowspan=\"2\">2010\/11<\/td><td rowspan=\"2\">T.U.<\/td><td>Redes de Computadores II<\/td><td>GII<\/td><td>2\u00ba<\/td><td>135 (T\/P)<\/td><\/tr><tr><td>Tecnolog\u00edas de Red de Altas Prestaciones<\/td><td>MUTIA<\/td><td>1\u00ba<\/td><td>10 (T)<\/td><\/tr><tr><td rowspan=\"2\">2011\/12<\/td><td rowspan=\"2\">T.U.<\/td><td>Redes de Computadores II<\/td><td>GII<\/td><td>2\u00ba<\/td><td>100 (T\/P)<\/td><\/tr><tr><td>Tecnolog\u00edas de Red de Altas Prestaciones<\/td><td>MUTIA<\/td><td>1\u00ba<\/td><td>10 (T)<\/td><\/tr><tr><td rowspan=\"3\">2012\/13<\/td><td rowspan=\"3\">T.U.<\/td><td>Planificaci\u00f3n e Integraci\u00f3n de Sistemas y Servicios<\/td><td>GII<\/td><td>4\u00ba<\/td><td>67,5 (T\/P)<\/td><\/tr><tr><td>Redes de Computadores II<\/td><td>GII<\/td><td>2\u00ba<\/td><td>67,5 (P)<\/td><\/tr><tr><td>Tecnolog\u00edas de Red de Altas Prestaciones<\/td><td>MUTIA<\/td><td>1\u00ba<\/td><td>10 (T)<\/td><\/tr><tr><td rowspan=\"2\">2013\/14<\/td><td rowspan=\"2\">T.U.<\/td><td>Dise\u00f1o de Infraestructura de Red<\/td><td>GII<\/td><td>3\u00ba<\/td><td>67,5 (T\/P)<\/td><\/tr><tr><td>Planificaci\u00f3n e Integraci\u00f3n de Sistemas y Servicios<\/td><td>GII<\/td><td>4\u00ba<\/td><td>67,5 (T\/P)<\/td><\/tr><tr><td rowspan=\"3\">2014\/15<\/td><td rowspan=\"3\">T.U.<\/td><td>Dise\u00f1o de Infraestructura de Red<\/td><td>GII<\/td><td>3\u00ba<\/td><td>67,5 (T\/P)<\/td><\/tr><tr><td>Planificaci\u00f3n e Integraci\u00f3n de Sistemas y Servicios<\/td><td>GII<\/td><td>4\u00ba<\/td><td>67,5 (T\/P)<\/td><\/tr><tr><td>Tecnolog\u00edas de Red de Altas Prestaciones<\/td><td>MUTIA<\/td><td>1\u00ba<\/td><td>10 (T)<\/td><\/tr><tr><td rowspan=\"3\">2015\/16<\/td><td rowspan=\"3\">T.U.<\/td><td>Dise\u00f1o de Infraestructura de Red<\/td><td>GII<\/td><td>3\u00ba<\/td><td>67,5 (T\/P)<\/td><\/tr><tr><td>Planificaci\u00f3n e Integraci\u00f3n de Sistemas y Servicios<\/td><td>GII<\/td><td>4\u00ba<\/td><td>67,5 (T\/P)<\/td><\/tr><tr><td>Redes de Computadores II<\/td><td>GII<\/td><td>2\u00ba<\/td><td>34 (P)<\/td><\/tr><tr><td rowspan=\"3\">2016\/17<\/td><td rowspan=\"3\">T.U.<\/td><td>Dise\u00f1o de Infraestructura de Red<\/td><td>GII<\/td><td>3\u00ba<\/td><td>67,5 (T\/P)<\/td><\/tr><tr><td>Planificaci\u00f3n e Integraci\u00f3n de Sistemas y Servicios<\/td><td>GII<\/td><td>4\u00ba<\/td><td>67,5 (T\/P)<\/td><\/tr><tr><td>Redes de Computadores II<\/td><td>GII<\/td><td>2\u00ba<\/td><td>22,5 (P)<\/td><\/tr><tr><td rowspan=\"3\">2017\/18<\/td><td rowspan=\"3\">T.U.<\/td><td>Dise\u00f1o de Infraestructura de Red<\/td><td>GII<\/td><td>3\u00ba<\/td><td>67,5 (T\/P)<\/td><\/tr><tr><td>Planificaci\u00f3n e Integraci\u00f3n de Sistemas y Servicios<\/td><td>GII<\/td><td>4\u00ba<\/td><td>67,5 (T\/P)<\/td><\/tr><tr><td>Redes de Computadores II<\/td><td>GII<\/td><td>2\u00ba<\/td><td>40 (P)<\/td><\/tr><tr><td rowspan=\"2\">2018\/19<\/td><td rowspan=\"2\">T.U.<\/td><td>Dise\u00f1o de Infraestructura de Red<\/td><td>GII<\/td><td>3\u00ba<\/td><td>67,5 (T\/P)<\/td><\/tr><tr><td>Planificaci\u00f3n e Integraci\u00f3n de Sistemas y Servicios<\/td><td>GII<\/td><td>4\u00ba<\/td><td>67,5 (T\/P)<\/td><\/tr><tr><td rowspan=\"2\">2019\/20<\/td><td rowspan=\"2\">T.U.<\/td><td>Dise\u00f1o de Infraestructura de Red<\/td><td>GII<\/td><td>3\u00ba<\/td><td>67,5 (T\/P)<\/td><\/tr><tr><td>Planificaci\u00f3n e Integraci\u00f3n de Sistemas y Servicios<\/td><td>GII<\/td><td>4\u00ba<\/td><td>67,5 (T\/P)<\/td><\/tr><tr><td rowspan=\"2\">2020\/21<\/td><td rowspan=\"2\">T.U.<\/td><td>Dise\u00f1o de Infraestructura de Red<\/td><td>GII<\/td><td>3\u00ba<\/td><td>67,5 (T\/P)<\/td><\/tr><tr><td>Planificaci\u00f3n e Integraci\u00f3n de Sistemas y Servicios<\/td><td>GII<\/td><td>4\u00ba<\/td><td>67,5 (T\/P)<\/td><\/tr><tr><td rowspan=\"2\">2021\/22<\/td><td rowspan=\"2\">T.U.<\/td><td>Dise\u00f1o de Infraestructura de Red<\/td><td>GII<\/td><td>3\u00ba<\/td><td>67,5 (T\/P)<\/td><\/tr><tr><td>Planificaci\u00f3n e Integraci\u00f3n de Sistemas y Servicios<\/td><td>GII<\/td><td>4\u00ba<\/td><td>67,5 (T\/P)<\/td><\/tr><tr><td rowspan=\"2\">2022\/23<\/td><td rowspan=\"2\">T.U.<\/td><td>Dise\u00f1o de Infraestructura de Red<\/td><td>GII<\/td><td>3\u00ba<\/td><td>67,5 (T\/P)<\/td><\/tr><tr><td>Planificaci\u00f3n e Integraci\u00f3n de Sistemas y Servicios<\/td><td>GII<\/td><td>4\u00ba<\/td><td>67,5 (T\/P)<\/td><\/tr><tr><td rowspan=\"2\">2023\/24<\/td><td rowspan=\"2\">T.U.<\/td><td>Dise\u00f1o de Infraestructura de Red<\/td><td>GII<\/td><td>3\u00ba<\/td><td>67,5 (T\/P)<\/td><\/tr><tr><td>Planificaci\u00f3n e Integraci\u00f3n de Sistemas y Servicios<\/td><td>GII<\/td><td>4\u00ba<\/td><td>67,5 (T\/P)<\/td><\/tr><\/tbody><\/table><figcaption class=\"wp-element-caption\">ITIS: Ingenier\u00eda T\u00e9cnica Inform\u00e1tica de Sistemas<br>ITIG: Ingenier\u00eda T\u00e9cnica Inform\u00e1tica de Gesti\u00f3n<br>II: Ingenier\u00eda Inform\u00e1tica<br>MUTIA: M\u00e1ster Universitario en Tecnolog\u00edas Inform\u00e1ticas Avanzadas<br>P.D.\u00a0 AGICSR: Programa de Doctorado \u201cArquitectura y Gesti\u00f3n de la Informaci\u00f3n y del Conocimiento en Sistemas en Red\u201d, con menci\u00f3n de calidad de la ANECA GII: Grado en Ingenier\u00eda Inform\u00e1tica<\/figcaption><\/figure>\n\n\n\n<p><\/p>\n","protected":false},"excerpt":{"rendered":"<p>Actividad docente desempe\u00f1ada en la UCLM Curso Puesto ocupado Asignatura Titulaci\u00f3n Curso Horas\/ curso 1996\/97 BECARIA FPU Arquitecturas No Cl\u00e1sicas ITIS 3\u00ba 48 (P) 1997\/98 BECARIA FPU Arquitecturas No Cl\u00e1sicas ITIS 3\u00ba 48 (P) 1998\/99 AYUDANTE Fundamentos de Programaci\u00f3n II ITIS, ITIG, II 1\u00ba 126 (T\/P) Metodolog\u00eda de la Programaci\u00f3n ITIS, ITIG, II 2\u00ba 112 [&hellip;]<\/p>\n","protected":false},"author":71,"featured_media":0,"parent":0,"menu_order":0,"comment_status":"closed","ping_status":"closed","template":"","meta":{"footnotes":""},"class_list":["post-39","page","type-page","status-publish","hentry"],"_links":{"self":[{"href":"https:\/\/blog.uclm.es\/mariablancacaminero\/wp-json\/wp\/v2\/pages\/39","targetHints":{"allow":["GET"]}}],"collection":[{"href":"https:\/\/blog.uclm.es\/mariablancacaminero\/wp-json\/wp\/v2\/pages"}],"about":[{"href":"https:\/\/blog.uclm.es\/mariablancacaminero\/wp-json\/wp\/v2\/types\/page"}],"author":[{"embeddable":true,"href":"https:\/\/blog.uclm.es\/mariablancacaminero\/wp-json\/wp\/v2\/users\/71"}],"replies":[{"embeddable":true,"href":"https:\/\/blog.uclm.es\/mariablancacaminero\/wp-json\/wp\/v2\/comments?post=39"}],"version-history":[{"count":1,"href":"https:\/\/blog.uclm.es\/mariablancacaminero\/wp-json\/wp\/v2\/pages\/39\/revisions"}],"predecessor-version":[{"id":136,"href":"https:\/\/blog.uclm.es\/mariablancacaminero\/wp-json\/wp\/v2\/pages\/39\/revisions\/136"}],"wp:attachment":[{"href":"https:\/\/blog.uclm.es\/mariablancacaminero\/wp-json\/wp\/v2\/media?parent=39"}],"curies":[{"name":"wp","href":"https:\/\/api.w.org\/{rel}","templated":true}]}}