{"id":400,"date":"2015-12-26T10:26:32","date_gmt":"2015-12-26T09:26:32","guid":{"rendered":"http:\/\/blog.uclm.es\/manuelvillasalero\/?page_id=400"},"modified":"2015-12-26T10:26:32","modified_gmt":"2015-12-26T09:26:32","slug":"docencia","status":"publish","type":"page","link":"https:\/\/blog.uclm.es\/manuelvillasalero\/docencia\/","title":{"rendered":"DOCENCIA"},"content":{"rendered":"<p>T\u00cdTULOS DE M\u00c1STER<br \/>\n<a href=\"http:\/\/blog.uclm.es\/manuelvillasalero\/en\/teaching\/ics\">International and corporate strategies<\/a> (6 ECTS)<\/p>\n<p>T\u00cdTULOS DE GRADO<br \/>\nGrowth strategies (6 ECTS)<\/p>\n","protected":false},"excerpt":{"rendered":"<p>T\u00cdTULOS DE M\u00c1STER International and corporate strategies (6 ECTS) T\u00cdTULOS DE GRADO Growth strategies (6 ECTS)<\/p>\n","protected":false},"author":52,"featured_media":0,"parent":0,"menu_order":0,"comment_status":"closed","ping_status":"closed","template":"page-templates\/full-width.php","meta":{"footnotes":""},"class_list":["post-400","page","type-page","status-publish","hentry"],"_links":{"self":[{"href":"https:\/\/blog.uclm.es\/manuelvillasalero\/wp-json\/wp\/v2\/pages\/400","targetHints":{"allow":["GET"]}}],"collection":[{"href":"https:\/\/blog.uclm.es\/manuelvillasalero\/wp-json\/wp\/v2\/pages"}],"about":[{"href":"https:\/\/blog.uclm.es\/manuelvillasalero\/wp-json\/wp\/v2\/types\/page"}],"author":[{"embeddable":true,"href":"https:\/\/blog.uclm.es\/manuelvillasalero\/wp-json\/wp\/v2\/users\/52"}],"replies":[{"embeddable":true,"href":"https:\/\/blog.uclm.es\/manuelvillasalero\/wp-json\/wp\/v2\/comments?post=400"}],"version-history":[{"count":0,"href":"https:\/\/blog.uclm.es\/manuelvillasalero\/wp-json\/wp\/v2\/pages\/400\/revisions"}],"wp:attachment":[{"href":"https:\/\/blog.uclm.es\/manuelvillasalero\/wp-json\/wp\/v2\/media?parent=400"}],"curies":[{"name":"wp","href":"https:\/\/api.w.org\/{rel}","templated":true}]}}