{"id":442,"date":"2024-02-18T22:52:20","date_gmt":"2024-02-18T21:52:20","guid":{"rendered":"https:\/\/blog.uclm.es\/manuelserrano\/?page_id=442"},"modified":"2024-02-19T14:19:27","modified_gmt":"2024-02-19T13:19:27","slug":"transferencia","status":"publish","type":"page","link":"https:\/\/blog.uclm.es\/manuelserrano\/transferencia\/","title":{"rendered":"Transferencia"},"content":{"rendered":"\n<h3 class=\"wp-block-heading\">Registros de Propiedad Intelectual<\/h3>\n\n\n\n<figure class=\"wp-block-table is-style-stripes\"><table><tbody><tr><td class=\"has-text-align-center\" data-align=\"center\"><font color=\"#000000\"><strong>N\u00ba Registro<\/strong><\/font><\/td><td><font color=\"#000000\"><strong>T\u00edtulo<\/strong><\/font><\/td><td><font color=\"#000000\"><strong>Explotaci\u00f3n<\/strong><\/font><\/td><\/tr><tr><td class=\"has-text-align-center\" data-align=\"center\"><font color=\"#000000\">CR-233-13<\/font><\/td><td><font color=\"#000000\">DQMETER: HERRAMIENTA PARA LA MEDICI\u00d3N DE LA CALIDAD DE DATOS DE UN PRODUCTO SOFTWARE\t<\/font><\/td><td><font color=\"#000000\">Data Quality Team S.L. <\/font><\/td><\/tr><tr><td class=\"has-text-align-center\" data-align=\"center\"><font color=\"#000000\">CR-182-2013<\/font><\/td><td><font color=\"#000000\">QUPROVIS3D<\/font><\/td><td><font color=\"#000000\">Resultados del proyecto ORIGIN, quedando en uso en INDRA SOFTWARE LABS<\/font><\/td><\/tr><\/tbody><\/table><\/figure>\n\n\n\n<h3 class=\"wp-block-heading\">Direcci\u00f3n de Contratos de Transferencia Art.83<\/h3>\n\n\n\n<figure class=\"wp-block-table is-style-stripes\"><table><tbody><tr><td><strong>Fecha<\/strong><\/td><td><strong>Referencia<\/strong><\/td><td><strong>T\u00edtulo<\/strong><\/td><td><strong>Entidad<\/strong><\/td><td><strong>Presupuesto<\/strong><\/td><\/tr><tr><td><font color=\"#000000\">2022 &#8211; 2022<\/font><\/td><td><font color=\"#000000\">220258UCTR<\/font><\/td><td><font color=\"#000000\">DESARROLLO DE NOVEDADES FUNCIONALES SOBRE LA HERRAMIENTA ONE<\/font><\/td><td><font color=\"#000000\">EQA CERTIFICADOS I+D+I<\/font><\/td><td><font color=\"#000000\">907,50 \u20ac<\/font><\/td><\/tr><tr><td><font color=\"#000000\">2022 &#8211; 2023<\/font><\/td><td><font color=\"#000000\">220611UCTR<\/font><\/td><td><font color=\"#000000\">ESEDM: Evaluaci\u00f3n de Sistemas de Explotaci\u00f3n de Datos Maestros<\/font><\/td><td><font color=\"#000000\">DATA QUALITY TEAM S.L<\/font><\/td><td><font color=\"#000000\">42.350,00 \u20ac<\/font><\/td><\/tr><tr><td><\/td><td><\/td><td><\/td><td><strong>Total<\/strong><\/td><td><strong>43.257,50 \u20ac<\/strong><\/td><\/tr><\/tbody><\/table><\/figure>\n\n\n\n<h3 class=\"wp-block-heading\">Participaci\u00f3n en Contratos de Transferencia Art.83<\/h3>\n\n\n\n<figure class=\"wp-block-table is-style-stripes\"><table><tbody><tr><td class=\"has-text-align-center\" data-align=\"center\"><font color=\"#000000\"><strong>Fecha<\/strong><\/font><\/td><td class=\"has-text-align-center\" data-align=\"center\"><font color=\"#000000\"><strong>Referencia<\/strong><\/font><\/td><td><font color=\"#000000\"><strong>T\u00edtulo<\/strong><\/font><\/td><td><font color=\"#000000\"><strong>Entidad<\/strong><\/font><\/td><td><font color=\"#000000\"><strong>Presupuesto<\/strong><\/font><\/td><\/tr><tr><td class=\"has-text-align-center\" data-align=\"center\"><font color=\"#000000\">2007 &#8211; 2009<\/font><\/td><td class=\"has-text-align-center\" data-align=\"center\"><font color=\"#000000\">UCTR070100<\/font><\/td><td><font color=\"#000000\">INNOVACION DEL ENTORNO METODOLOGICO DE DESARROLLO Y MANTENIMIENTO DEL SOFTWARE<\/font><\/td><td><font color=\"#000000\">SISTEMAS DE INFORMACI\u00d3N TERRITORIAL S.A.<\/font><\/td><td><font color=\"#000000\">130.311,04 \u20ac<\/font><\/td><\/tr><tr><td class=\"has-text-align-center\" data-align=\"center\"><font color=\"#000000\">2009 &#8211; 2013<\/font><\/td><td class=\"has-text-align-center\" data-align=\"center\"><font color=\"#000000\">UCTR090291<\/font><\/td><td><font color=\"#000000\">MEDUSAS: MEJORA Y EVALUACI\u00d3N DEL DISE\u00d1O, USABILIDAD, SEGURIDAD Y MANTENIMIENTO DE SOFTWARE<\/font><\/td><td><font color=\"#000000\">ALARCOS QUALITY CENTER<\/font><\/td><td><font color=\"#000000\">70.950,00 \u20ac<\/font><\/td><\/tr><tr><td class=\"has-text-align-center\" data-align=\"center\"><font color=\"#000000\">2010 &#8211; 2012<\/font><\/td><td class=\"has-text-align-center\" data-align=\"center\"><font color=\"#000000\">UCTR100188<\/font><\/td><td><font color=\"#000000\">ENTORNO PARA LA EVALUACI\u00d3N CONTINUA DE LA CALIDAD DE ARTEFACTOS SOFTWARE<\/font><\/td><td><font color=\"#000000\">ALARCOS QUALITY CENTER<\/font><\/td><td><font color=\"#000000\">96.566.37 \u20ac<\/font><\/td><\/tr><tr><td class=\"has-text-align-center\" data-align=\"center\"><font color=\"#000000\">2010 &#8211; 2011<\/font><\/td><td class=\"has-text-align-center\" data-align=\"center\"><font color=\"#000000\">UCTR100209<\/font><\/td><td><font color=\"#000000\">SEGMENT &#8211; SEGURIDAD PARA PYMES: GESTI\u00d3N Y MEDICI\u00d3N INTEGRAL<\/font><\/td><td><font color=\"#000000\">SICAMAN NUEVAS TECNOLOG\u00cdAS S.L.<\/font><\/td><td><font color=\"#000000\">35.105,00 \u20ac<\/font><\/td><\/tr><tr><td class=\"has-text-align-center\" data-align=\"center\"><font color=\"#000000\">2010 &#8211; 2013<\/font><\/td><td class=\"has-text-align-center\" data-align=\"center\"><font color=\"#000000\">UCTR100324<\/font><\/td><td><font color=\"#000000\">ORIGIN: ORGANIZACIONES INTELIGENTES GLOBALES INNOVADORAS<\/font><\/td><td><font color=\"#000000\">INDRA SOFTWARE LABS<\/font><\/td><td><font color=\"#000000\">951.500,00 \u20ac<\/font><\/td><\/tr><tr><td class=\"has-text-align-center\" data-align=\"center\"><font color=\"#000000\">2010 &#8211; 2012<\/font><\/td><td class=\"has-text-align-center\" data-align=\"center\"><font color=\"#000000\">UCTR100325<\/font><\/td><td><font color=\"#000000\">ORIGIN: ORGANIZACIONES INTELIGENTES GLOBALES INNOVADORAS<\/font><\/td><td><font color=\"#000000\">SIGTEL GEOMATICA<\/font><\/td><td><font color=\"#000000\">149.000,00 \u20ac<\/font><\/td><\/tr><tr><td class=\"has-text-align-center\" data-align=\"center\"><font color=\"#000000\">2014 &#8211; 2016<\/font><\/td><td class=\"has-text-align-center\" data-align=\"center\"><font color=\"#000000\">UCTR140210<\/font><\/td><td><font color=\"#000000\">SOFTWARE DEVELOPMENT GOVERNANCE AS A SERVICE<\/font><\/td><td><font color=\"#000000\">ALARCOS QUALITY CENTER<\/font><\/td><td><font color=\"#000000\">108.900,00 \u20ac<\/font><\/td><\/tr><tr><td class=\"has-text-align-center\" data-align=\"center\"><font color=\"#000000\">2014 &#8211; 2017<\/font><\/td><td class=\"has-text-align-center\" data-align=\"center\"><font color=\"#000000\">UCTR150175<\/font><\/td><td><font color=\"#000000\">LPS-BIGGER: LINEA DE PRODUCTOS SOFTWARE PARA BIG DATA A PARTIR DE APLICACIONES INNOVADORES EN ENTORNOS REALES<\/font><\/td><td><font color=\"#000000\">INDRA SOFTWARE LABS <\/font><\/td><td><font color=\"#000000\">242.000,00 \u20ac<\/font><\/td><\/tr><tr><td class=\"has-text-align-center\" data-align=\"center\"><font color=\"#000000\">2014 &#8211; 2016<\/font><\/td><td class=\"has-text-align-center\" data-align=\"center\"><font color=\"#000000\">UCTR140375<\/font><\/td><td><font color=\"#000000\">ASESORIA PARA LA EVALUACION Y CERTIFICACION DEL GOBIERNO Y LA CALIDAD DE DATOS<\/font><\/td><td><font color=\"#000000\">ALARCOS QUALITY CENTER<\/font><\/td><td><font color=\"#000000\">41.140,00 \u20ac<\/font><\/td><\/tr><tr><td class=\"has-text-align-center\" data-align=\"center\"><font color=\"#000000\">2015 &#8211; 2017<\/font><\/td><td class=\"has-text-align-center\" data-align=\"center\"><font color=\"#000000\">UCTR150479<\/font><\/td><td><font color=\"#000000\">GOBIERNO, VALOR E INGENIER\u00cdA DE NEGOCIOS PARA DEVOPS SOPORTADO POR ARQUITECTURAS EMPRESARIALES<\/font><\/td><td><font color=\"#000000\">NOVAWARE, S.L.<\/font><\/td><td><font color=\"#000000\">49.610,00 \u20ac<\/font><\/td><\/tr><tr><td class=\"has-text-align-center\" data-align=\"center\"><font color=\"#000000\">2017 &#8211; 2017<\/font><\/td><td class=\"has-text-align-center\" data-align=\"center\"><font color=\"#000000\">UCTR170092<\/font><\/td><td><font color=\"#000000\">DQC: DATA QUALITY CERTIFICATION<\/font><\/td><td><font color=\"#000000\">KYBELE CONSULTING, S.L.<\/font><\/td><td><font color=\"#000000\">16.940,00 \u20ac<\/font><\/td><\/tr><tr><td class=\"has-text-align-center\" data-align=\"center\"><font color=\"#000000\">2018 &#8211; 2019<\/font><\/td><td class=\"has-text-align-center\" data-align=\"center\"><font color=\"#000000\">CONV180393<\/font><\/td><td><font color=\"#000000\">ESTUDIO SOBRE EL PROCESO DE DESPOBLAMIENTO EN LA PROVINCIA DE CIUDAD REAL<\/font><\/td><td><font color=\"#000000\">EXCMA. DIPUTACION DE CIUDAD REAL<\/font><\/td><td><font color=\"#000000\">0,00 \u20ac<\/font><\/td><\/tr><tr><td class=\"has-text-align-center\" data-align=\"center\"><font color=\"#000000\">2019 &#8211; 2020<\/font><\/td><td class=\"has-text-align-center\" data-align=\"center\"><font color=\"#000000\">CONV190384<\/font><\/td><td><font color=\"#000000\">D2CR- DESARROLLO DE UN CUADRO DE MANDO PARA LA CONSULTA Y AN\u00c1LISIS DEL DESPOBLAMIENTO Y LA DESPOBLACI\u00d3N EN LOS MUNICIPIOS DE LA PROVINCIA DE CIUDAD REAL<\/font><\/td><td><font color=\"#000000\">EXCMA. DIPUTACION DE CIUDAD REAL<\/font><\/td><td><font color=\"#000000\">39.018,00 \u20ac<\/font><\/td><\/tr><tr><td class=\"has-text-align-center\" data-align=\"center\"><font color=\"#000000\">2020 &#8211; 2023<\/font><\/td><td class=\"has-text-align-center\" data-align=\"center\"><font color=\"#000000\">200407UCTR<\/font><\/td><td><font color=\"#000000\">PROYECTO QSALUD. \u00abFARMACOGEN\u00d3MICA CU\u00c1NTICA EN EL ENVEJECIMIENTO\u00bb<\/font><\/td><td><font color=\"#000000\">Alhambra Systems S.A.<\/font><\/td><td><font color=\"#000000\">235.950,00 \u20ac<\/font><\/td><\/tr><tr><td class=\"has-text-align-center\" data-align=\"center\"><font color=\"#000000\">2021 &#8211; 2021<\/font><\/td><td class=\"has-text-align-center\" data-align=\"center\"><font color=\"#000000\">210084UCTR<\/font><\/td><td><font color=\"#000000\">SPSE: Software Product Security Evaluation.<\/font><\/td><td><font color=\"#000000\">AQCLAB SOFWARE QUALITY, S.L.<\/font><\/td><td><font color=\"#000000\">20.570,00 \u20ac<\/font><\/td><\/tr><tr><td class=\"has-text-align-center\" data-align=\"center\"><font color=\"#000000\">2021 &#8211; 2022<\/font><\/td><td class=\"has-text-align-center\" data-align=\"center\"><font color=\"#000000\">210214CONV<\/font><\/td><td><font color=\"#000000\">MANTENIMIENTO Y ACTUALIZACI\u00d3N DEL SISTEMA WEB D2CR DESPOBLAMIENTO Y DESPOBLACI\u00d3N EN LA PROVINCIA DE CIUDAD REAL<\/font><\/td><td><font color=\"#000000\">EXCMA. DIPUTACION DE CIUDAD REAL<\/font><\/td><td><font color=\"#000000\">9.000,00 \u20ac<\/font><\/td><\/tr><tr><td class=\"has-text-align-center\" data-align=\"center\"><font color=\"#000000\">2022 &#8211; 2024<\/font><\/td><td class=\"has-text-align-center\" data-align=\"center\"><font color=\"#000000\">220295CONV<\/font><\/td><td><font color=\"#000000\">MANTENIMIENTO Y ACTUALIZACI\u00d3N DEL SISTEMA WEB DESPOBLAMIENTO Y DESPOBLACI\u00d3N EN LA PROVINCIA DE CIUDAD REAL<\/font><\/td><td><font color=\"#000000\">EXCMA. DIPUTACION DE CIUDAD REAL<\/font><\/td><td><font color=\"#000000\">18.634,00 \u20ac<\/font><\/td><\/tr><tr><td class=\"has-text-align-center\" data-align=\"center\"><font color=\"#000000\"><br><\/font><\/td><td class=\"has-text-align-center\" data-align=\"center\"><font color=\"#000000\"><br><\/font><\/td><td><font color=\"#000000\"><br><\/font><\/td><td><b><font color=\"#000000\">Total<\/font><\/b><\/td><td><b><font color=\"#000000\">2.118.628,04 \u20ac<\/font><\/b><\/td><\/tr><\/tbody><\/table><\/figure>\n","protected":false},"excerpt":{"rendered":"<p>Registros de Propiedad Intelectual N\u00ba Registro T\u00edtulo Explotaci\u00f3n CR-233-13 DQMETER: HERRAMIENTA PARA LA MEDICI\u00d3N DE LA CALIDAD DE DATOS DE UN PRODUCTO SOFTWARE Data Quality Team S.L. CR-182-2013 QUPROVIS3D Resultados del proyecto ORIGIN, quedando en uso en INDRA SOFTWARE LABS Direcci\u00f3n de Contratos de Transferencia Art.83 Fecha Referencia T\u00edtulo Entidad Presupuesto 2022 &#8211; 2022 220258UCTR &hellip; <a href=\"https:\/\/blog.uclm.es\/manuelserrano\/transferencia\/\" class=\"more-link\">Continuar leyendo<span class=\"screen-reader-text\"> \u00abTransferencia\u00bb<\/span><\/a><\/p>\n","protected":false},"author":107,"featured_media":0,"parent":0,"menu_order":0,"comment_status":"closed","ping_status":"closed","template":"","meta":{"footnotes":""},"class_list":["post-442","page","type-page","status-publish","hentry"],"_links":{"self":[{"href":"https:\/\/blog.uclm.es\/manuelserrano\/wp-json\/wp\/v2\/pages\/442","targetHints":{"allow":["GET"]}}],"collection":[{"href":"https:\/\/blog.uclm.es\/manuelserrano\/wp-json\/wp\/v2\/pages"}],"about":[{"href":"https:\/\/blog.uclm.es\/manuelserrano\/wp-json\/wp\/v2\/types\/page"}],"author":[{"embeddable":true,"href":"https:\/\/blog.uclm.es\/manuelserrano\/wp-json\/wp\/v2\/users\/107"}],"replies":[{"embeddable":true,"href":"https:\/\/blog.uclm.es\/manuelserrano\/wp-json\/wp\/v2\/comments?post=442"}],"version-history":[{"count":3,"href":"https:\/\/blog.uclm.es\/manuelserrano\/wp-json\/wp\/v2\/pages\/442\/revisions"}],"predecessor-version":[{"id":454,"href":"https:\/\/blog.uclm.es\/manuelserrano\/wp-json\/wp\/v2\/pages\/442\/revisions\/454"}],"wp:attachment":[{"href":"https:\/\/blog.uclm.es\/manuelserrano\/wp-json\/wp\/v2\/media?parent=442"}],"curies":[{"name":"wp","href":"https:\/\/api.w.org\/{rel}","templated":true}]}}