{"id":433,"date":"2024-02-18T22:38:52","date_gmt":"2024-02-18T21:38:52","guid":{"rendered":"https:\/\/blog.uclm.es\/manuelserrano\/?page_id=433"},"modified":"2024-02-18T22:38:52","modified_gmt":"2024-02-18T21:38:52","slug":"proyectos-de-innovacion-docente","status":"publish","type":"page","link":"https:\/\/blog.uclm.es\/manuelserrano\/proyectos-de-innovacion-docente\/","title":{"rendered":"Proyectos de Innovaci\u00f3n Docente"},"content":{"rendered":"\n<h3 class=\"wp-block-heading\">Proyectos Dirigidos<\/h3>\n\n\n\n<figure class=\"wp-block-table is-style-stripes\"><table><tbody><tr><td class=\"has-text-align-center\" data-align=\"center\"><font color=\"#000000\"><strong>A\u00f1os<\/strong><\/font><\/td><td><font color=\"#000000\"><strong>T\u00edtulo<\/strong><\/font><\/td><td class=\"has-text-align-center\" data-align=\"center\"><font color=\"#000000\"><strong>Responsabilidad<\/strong><\/font><\/td><\/tr><tr><td class=\"has-text-align-center\" data-align=\"center\"><font color=\"#000000\">2015 \u2013 2017<\/font><\/td><td><font color=\"#000000\">profESIonal\u00edzate: Fortalecimiento de las competencias profesionales <\/font><\/td><td class=\"has-text-align-center\" data-align=\"center\"><font color=\"#000000\">Subdirector<\/font><\/td><\/tr><tr><td class=\"has-text-align-center\" data-align=\"center\"><font color=\"#000000\">2017 \u2013 2019<\/font><\/td><td><font color=\"#000000\">Sistema de apoyo a la direcci\u00f3n de centros universitarios para la evaluaci\u00f3n temprana del rendimiento acad\u00e9mico y riesgo de abandono <\/font><\/td><td class=\"has-text-align-center\" data-align=\"center\"><font color=\"#000000\">Director<\/font><\/td><\/tr><tr><td class=\"has-text-align-center\" data-align=\"center\"><font color=\"#000000\">2019 \u2013 2021<\/font><\/td><td><font color=\"#000000\">SmartFeedBack: Smart Audience Response System for Classroom Feedback <\/font><\/td><td class=\"has-text-align-center\" data-align=\"center\"><font color=\"#000000\">Subdirector<\/font><\/td><\/tr><\/tbody><\/table><\/figure>\n\n\n\n<h3 class=\"wp-block-heading\">Participaci\u00f3n<\/h3>\n\n\n\n<figure class=\"wp-block-table is-style-stripes\"><table><tbody><tr><td class=\"has-text-align-center\" data-align=\"center\"><font color=\"#000000\"><strong>A\u00f1os<\/strong><\/font><\/td><td><font color=\"#000000\"><strong>T\u00edtulo<\/strong><\/font><\/td><td class=\"has-text-align-center\" data-align=\"center\"><font color=\"#000000\"><strong>Responsabilidad<\/strong><\/font><\/td><\/tr><tr><td class=\"has-text-align-center\" data-align=\"center\"><font color=\"#000000\">2010 &#8211; 2011<\/font><\/td><td><font color=\"#000000\">Formaci\u00f3n de Grupos de Trabajo para la Realizaci\u00f3n de Proyectos en el Contexto del Nuevo Grado Adaptado al EEES: Aplicaci\u00f3n a Asignaturas relacionadas con las Bases de Datos<\/font><\/td><td class=\"has-text-align-center\" data-align=\"center\"><font color=\"#000000\">Colaborador<\/font><\/td><\/tr><tr><td class=\"has-text-align-center\" data-align=\"center\"><font color=\"#000000\">2010 &#8211; 2011<\/font><\/td><td><font color=\"#000000\">Implantaci\u00f3n y Orquestaci\u00f3n de los Contenidos de Seguridad en el Grado en Ingenier\u00eda Inform\u00e1tica que favorezca el acercamiento a las principales Certificaciones Profesionales de Seguridad y Auditor\u00eda<\/font><\/td><td class=\"has-text-align-center\" data-align=\"center\"><font color=\"#000000\">Colaborador<\/font><\/td><\/tr><tr><td class=\"has-text-align-center\" data-align=\"center\"><font color=\"#000000\">2013 &#8211; 2014<\/font><\/td><td><font color=\"#000000\">Aseguramiento y Mejora de la calidad y Acreditaci\u00f3n Internacional del Grado Biling\u00fce y del M\u00e1ster Semipresencial de Ingenier\u00eda Inform\u00e1tica<\/font><\/td><td class=\"has-text-align-center\" data-align=\"center\"><font color=\"#000000\">Colaborador<\/font><\/td><\/tr><\/tbody><\/table><\/figure>\n","protected":false},"excerpt":{"rendered":"<p>Proyectos Dirigidos A\u00f1os T\u00edtulo Responsabilidad 2015 \u2013 2017 profESIonal\u00edzate: Fortalecimiento de las competencias profesionales Subdirector 2017 \u2013 2019 Sistema de apoyo a la direcci\u00f3n de centros universitarios para la evaluaci\u00f3n temprana del rendimiento acad\u00e9mico y riesgo de abandono Director 2019 \u2013 2021 SmartFeedBack: Smart Audience Response System for Classroom Feedback Subdirector Participaci\u00f3n A\u00f1os T\u00edtulo Responsabilidad &hellip; <a href=\"https:\/\/blog.uclm.es\/manuelserrano\/proyectos-de-innovacion-docente\/\" class=\"more-link\">Continuar leyendo<span class=\"screen-reader-text\"> \u00abProyectos de Innovaci\u00f3n Docente\u00bb<\/span><\/a><\/p>\n","protected":false},"author":107,"featured_media":0,"parent":0,"menu_order":0,"comment_status":"closed","ping_status":"closed","template":"","meta":{"footnotes":""},"class_list":["post-433","page","type-page","status-publish","hentry"],"_links":{"self":[{"href":"https:\/\/blog.uclm.es\/manuelserrano\/wp-json\/wp\/v2\/pages\/433","targetHints":{"allow":["GET"]}}],"collection":[{"href":"https:\/\/blog.uclm.es\/manuelserrano\/wp-json\/wp\/v2\/pages"}],"about":[{"href":"https:\/\/blog.uclm.es\/manuelserrano\/wp-json\/wp\/v2\/types\/page"}],"author":[{"embeddable":true,"href":"https:\/\/blog.uclm.es\/manuelserrano\/wp-json\/wp\/v2\/users\/107"}],"replies":[{"embeddable":true,"href":"https:\/\/blog.uclm.es\/manuelserrano\/wp-json\/wp\/v2\/comments?post=433"}],"version-history":[{"count":1,"href":"https:\/\/blog.uclm.es\/manuelserrano\/wp-json\/wp\/v2\/pages\/433\/revisions"}],"predecessor-version":[{"id":434,"href":"https:\/\/blog.uclm.es\/manuelserrano\/wp-json\/wp\/v2\/pages\/433\/revisions\/434"}],"wp:attachment":[{"href":"https:\/\/blog.uclm.es\/manuelserrano\/wp-json\/wp\/v2\/media?parent=433"}],"curies":[{"name":"wp","href":"https:\/\/api.w.org\/{rel}","templated":true}]}}