{"id":30,"date":"2014-09-17T21:04:04","date_gmt":"2014-09-17T20:04:04","guid":{"rendered":"http:\/\/blog.uclm.es\/manuelrodrigo\/?page_id=30"},"modified":"2025-10-13T22:44:35","modified_gmt":"2025-10-13T20:44:35","slug":"ready-to-transfer","status":"publish","type":"page","link":"https:\/\/blog.uclm.es\/manuelrodrigo\/ready-to-transfer\/","title":{"rendered":"7. Ready to transfer"},"content":{"rendered":"<p><strong>Topics<\/strong><\/p>\n<p><strong>Development of electrochemical processes for a cleaner environment<\/strong><\/p>\n<p>Electrocoagulation of industrial wastes consisting of emulsions (cutting fluids\u2026)<br \/>\nElectrocoagulation of industrial wastes consisting of suspensions (food industry,..)<br \/>\nElectrocoagulation of industrial wastes polluted with dyes.<br \/>\nRemoval of Arsenic by Electrocoagulation<br \/>\nRemoval of Phosphates by Electrocoagulation<br \/>\nConductive-diamond electrolysis of industrial wastes (for refractory pollutants within a range 2,000-20,000 ppm COD)<br \/>\nElectrokinetic flushing of soils polluted with hydrocarbons<br \/>\nDisinfection of wastewaters for reuse<\/p>\n<p><strong><br \/>\nElectrosynthesis of oxidants with Conductive-Diamond Electrolyses.<\/strong><\/p>\n<p>Production of peroxophosphates<br \/>\nProduction of peroxosulfates<br \/>\nProduction of perobromates<br \/>\nProduction of Ferrates<br \/>\nProduction in-situ of disinfectants<\/p>\n<p><strong><br \/>\nFuel cell technology <\/strong><\/p>\n<p>Synthesis of PBI membranes<br \/>\nManufacture of Catalyst for PEMFC<br \/>\nManufacture of Membrane \u2013 Electrode Assemblies for HTPEMFC<br \/>\nTesting of different fuels (hydrogen, methanol, carboxylic acids, etc.)<br \/>\nPhysical, chemical and electrochemical characterization of PEMFC<br \/>\nMeasurement of current distribution<br \/>\nSimulation of PEM fuel cells<\/p>\n<p><strong>Consultancy<\/strong><\/p>\n<p><strong>Electrochemical engineering.<\/strong> Technical consultancy about energy, industry or environmental applications of electrochemistry<\/p>\n<p><strong>Water and wastewater engineering.<\/strong> Technical consultancy about physico-chemical and biological water and wastewater treatment technologies<\/p>\n<p><strong>Chemical engineering.<\/strong> Technical consultancy about control, instrumentation and optimization of chemical processes<\/p>\n<p><strong>Technological or Innovative Contributions. <\/strong>As expected of a university professor, <strong>knowledge transfer<\/strong> has been a significant part of Prof. Rodrigo\u2019s activity, with numerous collaborations with industry. He has led <strong>23 R&amp;D contracts with companies<\/strong>, totaling <strong>\u20ac1,203,890<\/strong>, and has also participated\u2014through the <strong>Electrochemical and Environmental Engineering Laboratory (E3L)<\/strong> research group he leads\u2014in <strong>21 additional R&amp;D contracts with companies<\/strong>, amounting to <strong>\u20ac713,500<\/strong>.<\/p>\n<p>He was awarded a <strong>technology transfer evaluation period (2000\u20132007)<\/strong>, corresponding to the only call for this type of assessment held to date. He has authored <strong>over 90 technical reports for companies<\/strong>.<\/p>\n<p>Below is a list of <strong>industry projects<\/strong> carried out during the most recent six-year period (2019\u20132024):<\/p>\n<ol>\n<li><strong>230195UCTR<\/strong> \u2013 <em>Optimization of electrokinetic techniques for the remediation of silts contaminated with HCH and other organochlorine compounds in the alluvial area near the Sardas landfill (Sabi\u00f1\u00e1nigo, Huesca)<\/em><br \/>\nClient: EMGRISA | 04\/23\u201312\/24 | \u20ac30,250.00<\/li>\n<li><strong>2240458UCTR<\/strong> \u2013 <em>R&amp;D study for the optimization and improvement of liquid effluent treatment at Laboratorios Servier\u2019s Toledo plant<\/em><br \/>\nClient: Laboratorios Servier | 10\/24\u201310\/25 | \u20ac64,420.40<\/li>\n<li><strong>240208UCTR<\/strong> \u2013 <em>Final advisory service for scaling up a BES reactor for industrial wastewater treatment, achieving 90% purification and hydrogen-rich biogas production<\/em><br \/>\nProject: H2020 ULTIMATE | Client: FCC Aqualia | 09\/24\u201311\/24 | \u20ac3,513.00<\/li>\n<li><strong>210253UCTR<\/strong> \u2013 <em>Advisory service for scaling up a BES reactor for industrial wastewater treatment, achieving 90% purification and hydrogen-rich biogas production<\/em><br \/>\nClient: Aqualia Gesti\u00f3n Integral del Agua S.A. | 06\/21\u201306\/22 | \u20ac8,784.60<\/li>\n<li><strong>200412UCTR<\/strong> \u2013 <em>Validation and design of electrokinetic techniques for the remediation of silts near the Sardas landfill (Sabi\u00f1\u00e1nigo-Huesca), contaminated with HCH and other organochlorine compounds<\/em><br \/>\n12\/20\u201309\/22 | \u20ac30,250.00<\/li>\n<li><strong>UCTR190427<\/strong> \u2013 <em>Removal of HCH and other organochlorine compounds from silts at the Sardas landfill using electrokinetic procedures<\/em><br \/>\n12\/19\u201305\/20 | \u20ac19,595.95<\/li>\n<li><strong>UCTR190175<\/strong> \u2013 <em>Implementation of a continuous process for the synthesis phase of butamine HCL (ethyl derivative)<\/em><br \/>\nClient: Laboratorios Servier | 05\/19\u201312\/19 | \u20ac82,794.86<\/li>\n<\/ol>\n<p>Although <strong>patent commercialization<\/strong> is challenging in this field\u2014where patents are often used to support research contracts\u2014<strong>six patents<\/strong> have been registered:<\/p>\n<ol>\n<li><strong>ES2967558B2<\/strong> \u2013 <em>Electro-absorption unit for the removal of volatile organic compounds and odorous substances from gaseous streams<\/em><\/li>\n<li><strong>ES2395586A1<\/strong> \u2013 <em>Water disinfection process using diamond electrodes<\/em><\/li>\n<li><strong>ES2402244A1<\/strong> \u2013 <em>Combined electrocoagulation and electroflotation reactor for wastewater treatment<\/em><\/li>\n<li><strong>ES2395458A1<\/strong> \u2013 <em>Electrocoagulation process for the regeneration of treated water<\/em><\/li>\n<li><strong>ES2246162A1<\/strong> \u2013 <em>Electrochemical synthesis of peroxidiphosphate salts using diamond electrodes<\/em><\/li>\n<li><strong>WO2008102036A1<\/strong> \u2013 <em>Method for obtaining a freeze-dried, stable extract from plants of the Allium genus<\/em><\/li>\n<\/ol>\n<p>Prof. Rodrigo has led a <strong>Proof of Concept project<\/strong> funded by the Spanish Research Agency (AEI):<br \/>\n<strong>Getting on top of Sustainable electrochemical remediation technologies for chlorinated hydrocarbons pollution associated to industrial activities<\/strong> (PDC2021-121105-I00)<br \/>\n12\/21\u201311\/23 | \u20ac149,500.00<\/p>\n<p>He has specialized in <strong>process scalability and integration<\/strong>, within his research line focused on <strong>electrochemical technology applications for environmental and energy purposes<\/strong>. His participation in <strong>European projects<\/strong> has been closely tied to this expertise, with his group having participated or currently participating in <strong>seven European projects<\/strong>, including one <strong>international joint programming initiative<\/strong>.<\/p>\n<p>He was a <strong>founding partner and board member<\/strong>, representing UCLM, of the <strong>technology-based company CLM Hidr\u00f3geno<\/strong> (<em>Compa\u00f1\u00eda de Castilla-La Mancha de Hidr\u00f3geno, Biocombustibles y Pilas de Combustible<\/em>) for nearly six years. Within this framework, he contributed to the <strong>Strategic Deployment Plan for Hydrogen Technologies in Castilla-La Mancha<\/strong>, prepared for the <strong>Castilla-La Mancha Energy Agency (AGECAM)<\/strong> in 2008.<\/p>\n<p>He was also a <strong>founding partner of Garlicinsa<\/strong>, a company aimed at applying the results of the patent <strong>WO2008102036A1<\/strong> mentioned above.<\/p>\n<p>Currently, he <strong>co-directs the E3L Knowledge Transfer Unit<\/strong> at UCLM.<\/p>\n","protected":false},"excerpt":{"rendered":"<p>Topics Development of electrochemical processes for a cleaner environment Electrocoagulation of industrial wastes consisting of emulsions (cutting fluids\u2026) Electrocoagulation of industrial wastes consisting of suspensions (food industry,..) Electrocoagulation of industrial wastes polluted with dyes. Removal of Arsenic by Electrocoagulation Removal of Phosphates by Electrocoagulation Conductive-diamond electrolysis of industrial wastes (for refractory pollutants within a range &hellip; <a href=\"https:\/\/blog.uclm.es\/manuelrodrigo\/ready-to-transfer\/\" class=\"more-link\">Seguir leyendo <span class=\"screen-reader-text\">7. Ready to transfer<\/span> <span class=\"meta-nav\">&rarr;<\/span><\/a><\/p>\n","protected":false},"author":213,"featured_media":0,"parent":0,"menu_order":0,"comment_status":"closed","ping_status":"open","template":"","meta":{"footnotes":""},"class_list":["post-30","page","type-page","status-publish","hentry"],"_links":{"self":[{"href":"https:\/\/blog.uclm.es\/manuelrodrigo\/wp-json\/wp\/v2\/pages\/30","targetHints":{"allow":["GET"]}}],"collection":[{"href":"https:\/\/blog.uclm.es\/manuelrodrigo\/wp-json\/wp\/v2\/pages"}],"about":[{"href":"https:\/\/blog.uclm.es\/manuelrodrigo\/wp-json\/wp\/v2\/types\/page"}],"author":[{"embeddable":true,"href":"https:\/\/blog.uclm.es\/manuelrodrigo\/wp-json\/wp\/v2\/users\/213"}],"replies":[{"embeddable":true,"href":"https:\/\/blog.uclm.es\/manuelrodrigo\/wp-json\/wp\/v2\/comments?post=30"}],"version-history":[{"count":1,"href":"https:\/\/blog.uclm.es\/manuelrodrigo\/wp-json\/wp\/v2\/pages\/30\/revisions"}],"predecessor-version":[{"id":264,"href":"https:\/\/blog.uclm.es\/manuelrodrigo\/wp-json\/wp\/v2\/pages\/30\/revisions\/264"}],"wp:attachment":[{"href":"https:\/\/blog.uclm.es\/manuelrodrigo\/wp-json\/wp\/v2\/media?parent=30"}],"curies":[{"name":"wp","href":"https:\/\/api.w.org\/{rel}","templated":true}]}}