{"id":96,"date":"2017-08-31T16:24:10","date_gmt":"2017-08-31T15:24:10","guid":{"rendered":"http:\/\/blog.uclm.es\/manuelroblizo\/?page_id=96"},"modified":"2024-06-01T15:39:36","modified_gmt":"2024-06-01T15:39:36","slug":"contactar","status":"publish","type":"page","link":"https:\/\/blog.uclm.es\/manuelroblizo\/contactar\/","title":{"rendered":"Contactar"},"content":{"rendered":"<p>Puedes contactar conmigo escribiendo al correo electr\u00f3nico Manuel.Roblizo@uclm.es,\u00a0 llamando al n\u00famero 967 59 92 00 (extensi\u00f3n 2734) o, a trav\u00e9s de Teams, en el +34 926 05 33 92. \u00a1Gracias por tu inter\u00e9s!<\/p>\n","protected":false},"excerpt":{"rendered":"<p>Puedes contactar conmigo escribiendo al correo electr\u00f3nico Manuel.Roblizo@uclm.es,\u00a0 llamando al n\u00famero 967 59 92 00 (extensi\u00f3n 2734) o, a trav\u00e9s de Teams, en el +34 926 05 33 92. \u00a1Gracias por tu inter\u00e9s!<\/p>\n","protected":false},"author":352,"featured_media":0,"parent":0,"menu_order":0,"comment_status":"closed","ping_status":"closed","template":"","meta":{"footnotes":""},"class_list":["post-96","page","type-page","status-publish","hentry"],"_links":{"self":[{"href":"https:\/\/blog.uclm.es\/manuelroblizo\/wp-json\/wp\/v2\/pages\/96","targetHints":{"allow":["GET"]}}],"collection":[{"href":"https:\/\/blog.uclm.es\/manuelroblizo\/wp-json\/wp\/v2\/pages"}],"about":[{"href":"https:\/\/blog.uclm.es\/manuelroblizo\/wp-json\/wp\/v2\/types\/page"}],"author":[{"embeddable":true,"href":"https:\/\/blog.uclm.es\/manuelroblizo\/wp-json\/wp\/v2\/users\/352"}],"replies":[{"embeddable":true,"href":"https:\/\/blog.uclm.es\/manuelroblizo\/wp-json\/wp\/v2\/comments?post=96"}],"version-history":[{"count":2,"href":"https:\/\/blog.uclm.es\/manuelroblizo\/wp-json\/wp\/v2\/pages\/96\/revisions"}],"predecessor-version":[{"id":496,"href":"https:\/\/blog.uclm.es\/manuelroblizo\/wp-json\/wp\/v2\/pages\/96\/revisions\/496"}],"wp:attachment":[{"href":"https:\/\/blog.uclm.es\/manuelroblizo\/wp-json\/wp\/v2\/media?parent=96"}],"curies":[{"name":"wp","href":"https:\/\/api.w.org\/{rel}","templated":true}]}}