{"id":159,"date":"2017-09-02T20:07:09","date_gmt":"2017-09-02T19:07:09","guid":{"rendered":"http:\/\/blog.uclm.es\/manuelroblizo\/?page_id=159"},"modified":"2024-05-20T17:51:03","modified_gmt":"2024-05-20T17:51:03","slug":"nacionales","status":"publish","type":"page","link":"https:\/\/blog.uclm.es\/manuelroblizo\/nacionales\/","title":{"rendered":"Nacionales"},"content":{"rendered":"<p><strong><a href=\"https:\/\/web.ua.es\/va\/ice\/redes-innovaestic2017\/documentos\/llibre-d-actes-xarxes-innovaestic-2017.pdf\">El Entorno Virtual de Aprendizaje (EVA) como herramienta did\u00e1ctica para la ense\u00f1anza de <i>Sociology of Education<\/i> con metodolog\u00eda CLIL <\/a><\/strong><\/p>\n<div>Los d\u00edas 1 y 2 de junio de 2017 particip\u00e9, como en tantas otras ediciones, en las <em>XV Jornadas\u00a0<\/em><em>de Redes de Investigaci\u00f3n en Docencia Universitaria- REDES 2017 y I Workshop Internacional de Innovaci\u00f3n en <\/em><em>Ense\u00f1anza Superior y TIC- INNOVAESTIC 2017\u00a0<\/em>que organiza la Universidad de Alicante.<\/div>\n<p><img loading=\"lazy\" decoding=\"async\" class=\"alignnone size-medium wp-image-170\" src=\"https:\/\/blog.uclm.es\/manuelroblizo\/wp-content\/uploads\/sites\/224\/2017\/09\/IMG-20170612-WA0004-300x190.jpg\" alt=\"\" width=\"300\" height=\"190\" srcset=\"https:\/\/blog.uclm.es\/manuelroblizo\/wp-content\/uploads\/sites\/224\/2017\/09\/IMG-20170612-WA0004-300x190.jpg 300w, https:\/\/blog.uclm.es\/manuelroblizo\/wp-content\/uploads\/sites\/224\/2017\/09\/IMG-20170612-WA0004.jpg 750w\" sizes=\"auto, (max-width: 300px) 100vw, 300px\" \/><\/p>\n<p>La cita de cada a\u00f1o con las <em>Xarxes <\/em>en la UA resulta ineludible. Es un encuentro en el que\u00a0<em>profes\u00a0<\/em>universitarios aprendemos unos de otros a partir de lo que hacemos en las aulas. Ahora, adem\u00e1s, se orienta de manera especial hacia el tema de las TIC, sobre el que vamos tratando de hacer alguna cosilla con otros compa\u00f1eros de la UCLM.\u00a0 Esperamos, siempre, con muchas ganas, el encuentro de <em>Redes<\/em> en Alicante.<\/p>\n<p><strong>Los Congresos y Encuentros Intercongresuales de la Federaci\u00f3n Espa\u00f1ola de Sociolog\u00eda (FES<\/strong>)<\/p>\n<p>Las distintas actividades organizadas por la Federaci\u00f3n Espa\u00f1ola de Sociolog\u00eda son unos foros de much\u00edsima utilidad para intercambiar y dar a conocer los resultados de nuestros trabajos de investigaci\u00f3n a nuestros colegas. Y, adem\u00e1s, son\u00a0 lugar y <em>excusa<\/em>, para encuentros en los que convergen lo profesional y lo humano, lo que permite trascender las limitaciones comunicativas y rutinas de correos y pantallas. Mi \u00faltima participaci\u00f3n como ponente tuvo lugar el 26 de enero del a\u00f1o 2023 en el <em>Encuentro Intercongresual de Sociolog\u00eda de las Emociones\u00a0<\/em>que, bajo el t\u00edtulo \u00abEmociones e im\u00e1genes\u00bb, tuvo lugar en la Universidad de Alicante. La profesora de Est\u00e9tica Ruth Sanjuan y yo mismo presentamos la ponencia \u00ab\u00bfQu\u00e9 esperamos de las im\u00e1genes? Im\u00e1genes e-mocionantes\u00bb.<\/p>\n\n\n<figure class=\"wp-block-image\"><img loading=\"lazy\" decoding=\"async\" width=\"553\" height=\"98\" src=\"https:\/\/blog.uclm.es\/manuelroblizo\/wp-content\/uploads\/sites\/224\/2024\/05\/Certificado-Ponencia-MANUEL-J.jpg\" alt=\"\" class=\"wp-image-455\" srcset=\"https:\/\/blog.uclm.es\/manuelroblizo\/wp-content\/uploads\/sites\/224\/2024\/05\/Certificado-Ponencia-MANUEL-J.jpg 553w, https:\/\/blog.uclm.es\/manuelroblizo\/wp-content\/uploads\/sites\/224\/2024\/05\/Certificado-Ponencia-MANUEL-J-300x53.jpg 300w\" sizes=\"auto, (max-width: 553px) 100vw, 553px\" \/><\/figure>\n\n\n\n<p><\/p>\n\n\n\n<figure class=\"wp-block-image size-large\"><img loading=\"lazy\" decoding=\"async\" width=\"1024\" height=\"576\" src=\"https:\/\/blog.uclm.es\/manuelroblizo\/wp-content\/uploads\/sites\/224\/2024\/05\/Ruth-en-Alicante-1024x576.jpg\" alt=\"\" class=\"wp-image-462\" srcset=\"https:\/\/blog.uclm.es\/manuelroblizo\/wp-content\/uploads\/sites\/224\/2024\/05\/Ruth-en-Alicante-1024x576.jpg 1024w, https:\/\/blog.uclm.es\/manuelroblizo\/wp-content\/uploads\/sites\/224\/2024\/05\/Ruth-en-Alicante-300x169.jpg 300w, https:\/\/blog.uclm.es\/manuelroblizo\/wp-content\/uploads\/sites\/224\/2024\/05\/Ruth-en-Alicante-768x432.jpg 768w, https:\/\/blog.uclm.es\/manuelroblizo\/wp-content\/uploads\/sites\/224\/2024\/05\/Ruth-en-Alicante-1536x864.jpg 1536w, https:\/\/blog.uclm.es\/manuelroblizo\/wp-content\/uploads\/sites\/224\/2024\/05\/Ruth-en-Alicante.jpg 1634w\" sizes=\"auto, (max-width: 767px) 89vw, (max-width: 1000px) 54vw, (max-width: 1071px) 543px, 580px\" \/><\/figure>\n\n\n\n<p><\/p>\n\n\n\n<p><\/p>\n\n\n\n<p><\/p>\n\n\n\n<p><strong>Congresos de Ingenier\u00eda y Filosof\u00eda, organizados en Gij\u00f3n por la Universidad de Oviedo a trav\u00e9s de MediaLab_<\/strong><\/p>\n\n\n\n<figure class=\"wp-block-image size-full is-resized\"><img loading=\"lazy\" decoding=\"async\" width=\"720\" height=\"505\" src=\"https:\/\/blog.uclm.es\/manuelroblizo\/wp-content\/uploads\/sites\/224\/2024\/05\/IF-5.0.jpg\" alt=\"\" class=\"wp-image-465\" style=\"width:675px;height:auto\" srcset=\"https:\/\/blog.uclm.es\/manuelroblizo\/wp-content\/uploads\/sites\/224\/2024\/05\/IF-5.0.jpg 720w, https:\/\/blog.uclm.es\/manuelroblizo\/wp-content\/uploads\/sites\/224\/2024\/05\/IF-5.0-300x210.jpg 300w\" sizes=\"auto, (max-width: 720px) 100vw, 720px\" \/><\/figure>\n\n\n\n<p><\/p>\n\n\n\n<p>En la edici\u00f3n de 2023 particip\u00e9 con una comunicaci\u00f3n titulada <em>Postverdad, verdad y tecnolog\u00eda<\/em>.  Como ocurre en otras ocasiones con los Congresos, en Gij\u00f3n disfrut\u00e9 much\u00edsimo con el intercambio de puntos de vista con los colegas, y tambi\u00e9n con unos magn\u00edficos paseos por la costa de la ciudad, en la que se enclava el <em>Elogio del horizonte<\/em>, de Chillida.<\/p>\n\n\n\n<p><\/p>\n\n\n<div class=\"wp-block-image\">\n<figure class=\"aligncenter size-full is-resized\"><img loading=\"lazy\" decoding=\"async\" width=\"517\" height=\"919\" src=\"https:\/\/blog.uclm.es\/manuelroblizo\/wp-content\/uploads\/sites\/224\/2024\/05\/De-camino-a-Gijon.jpg\" alt=\"\" class=\"wp-image-466\" style=\"width:398px;height:auto\" srcset=\"https:\/\/blog.uclm.es\/manuelroblizo\/wp-content\/uploads\/sites\/224\/2024\/05\/De-camino-a-Gijon.jpg 517w, https:\/\/blog.uclm.es\/manuelroblizo\/wp-content\/uploads\/sites\/224\/2024\/05\/De-camino-a-Gijon-169x300.jpg 169w\" sizes=\"auto, (max-width: 517px) 100vw, 517px\" \/><figcaption class=\"wp-element-caption\">De camino a Gij\u00f3n<\/figcaption><\/figure>\n<\/div>","protected":false},"excerpt":{"rendered":"<p>El Entorno Virtual de Aprendizaje (EVA) como herramienta did\u00e1ctica para la ense\u00f1anza de Sociology of Education con metodolog\u00eda CLIL Los d\u00edas 1 y 2 de junio de 2017 particip\u00e9, como en tantas otras ediciones, en las XV Jornadas\u00a0de Redes de Investigaci\u00f3n en Docencia Universitaria- REDES 2017 y I Workshop Internacional de Innovaci\u00f3n en Ense\u00f1anza Superior &hellip; <\/p>\n<p class=\"link-more\"><a href=\"https:\/\/blog.uclm.es\/manuelroblizo\/nacionales\/\" class=\"more-link\">Continuar leyendo<span class=\"screen-reader-text\"> \u00abNacionales\u00bb<\/span><\/a><\/p>\n","protected":false},"author":352,"featured_media":0,"parent":0,"menu_order":0,"comment_status":"closed","ping_status":"closed","template":"","meta":{"footnotes":""},"class_list":["post-159","page","type-page","status-publish","hentry"],"_links":{"self":[{"href":"https:\/\/blog.uclm.es\/manuelroblizo\/wp-json\/wp\/v2\/pages\/159","targetHints":{"allow":["GET"]}}],"collection":[{"href":"https:\/\/blog.uclm.es\/manuelroblizo\/wp-json\/wp\/v2\/pages"}],"about":[{"href":"https:\/\/blog.uclm.es\/manuelroblizo\/wp-json\/wp\/v2\/types\/page"}],"author":[{"embeddable":true,"href":"https:\/\/blog.uclm.es\/manuelroblizo\/wp-json\/wp\/v2\/users\/352"}],"replies":[{"embeddable":true,"href":"https:\/\/blog.uclm.es\/manuelroblizo\/wp-json\/wp\/v2\/comments?post=159"}],"version-history":[{"count":7,"href":"https:\/\/blog.uclm.es\/manuelroblizo\/wp-json\/wp\/v2\/pages\/159\/revisions"}],"predecessor-version":[{"id":470,"href":"https:\/\/blog.uclm.es\/manuelroblizo\/wp-json\/wp\/v2\/pages\/159\/revisions\/470"}],"wp:attachment":[{"href":"https:\/\/blog.uclm.es\/manuelroblizo\/wp-json\/wp\/v2\/media?parent=159"}],"curies":[{"name":"wp","href":"https:\/\/api.w.org\/{rel}","templated":true}]}}